{"version":"1.0","provider_name":"Festival International Du Film Pan Africain | Cannes","provider_url":"http:\/\/fifp.fr\/en","title":"Angelica - Festival International Du Film Pan Africain | Cannes","type":"rich","width":600,"height":338,"html":"<blockquote class=\"wp-embedded-content\" data-secret=\"vHSabCt7Gv\"><a href=\"http:\/\/fifp.fr\/en\/portfolio\/angelica\/\">Angelica<\/a><\/blockquote><iframe sandbox=\"allow-scripts\" security=\"restricted\" src=\"http:\/\/fifp.fr\/en\/portfolio\/angelica\/embed\/#?secret=vHSabCt7Gv\" width=\"600\" height=\"338\" title=\"&#8220;Angelica&#8221; &#8212; Festival International Du Film Pan Africain | Cannes\" data-secret=\"vHSabCt7Gv\" frameborder=\"0\" marginwidth=\"0\" marginheight=\"0\" scrolling=\"no\" class=\"wp-embedded-content\"><\/iframe><script type=\"text\/javascript\">\n\/* <![CDATA[ *\/\n\/*! This file is auto-generated *\/\n!function(d,l){\"use strict\";l.querySelector&&d.addEventListener&&\"undefined\"!=typeof URL&&(d.wp=d.wp||{},d.wp.receiveEmbedMessage||(d.wp.receiveEmbedMessage=function(e){var t=e.data;if((t||t.secret||t.message||t.value)&&!\/[^a-zA-Z0-9]\/.test(t.secret)){for(var s,r,n,a=l.querySelectorAll('iframe[data-secret=\"'+t.secret+'\"]'),o=l.querySelectorAll('blockquote[data-secret=\"'+t.secret+'\"]'),c=new RegExp(\"^https?:$\",\"i\"),i=0;i<o.length;i++)o[i].style.display=\"none\";for(i=0;i<a.length;i++)s=a[i],e.source===s.contentWindow&&(s.removeAttribute(\"style\"),\"height\"===t.message?(1e3<(r=parseInt(t.value,10))?r=1e3:~~r<200&&(r=200),s.height=r):\"link\"===t.message&&(r=new URL(s.getAttribute(\"src\")),n=new URL(t.value),c.test(n.protocol))&&n.host===r.host&&l.activeElement===s&&(d.top.location.href=t.value))}},d.addEventListener(\"message\",d.wp.receiveEmbedMessage,!1),l.addEventListener(\"DOMContentLoaded\",function(){for(var e,t,s=l.querySelectorAll(\"iframe.wp-embedded-content\"),r=0;r<s.length;r++)(t=(e=s[r]).getAttribute(\"data-secret\"))||(t=Math.random().toString(36).substring(2,12),e.src+=\"#?secret=\"+t,e.setAttribute(\"data-secret\",t)),e.contentWindow.postMessage({message:\"ready\",secret:t},\"*\")},!1)))}(window,document);\n\/\/# sourceURL=http:\/\/fifp.fr\/wp-includes\/js\/wp-embed.min.js\n\/* ]]> *\/\n<\/script>","thumbnail_url":"https:\/\/i0.wp.com\/fifp.fr\/wp-content\/uploads\/2018\/03\/ANGELICA_ESPEJO_MUNECAS.jpg?fit=864%2C467&ssl=1","thumbnail_width":"864","thumbnail_height":"467","description":"ANGELICA, apr\u00e8s une longue absence de Porto Rico, y retourne lorsque son p\u00e8re, Wilfredo, subit une crise cardiaque. Le retour inattendu dans la maison o\u00f9 elle a grandi et la maladie de son p\u00e8re forcent Angelica \u00e0 reconsid\u00e9rer sa relation avec sa m\u00e8re. Cette derni\u00e8re ainsi que les autres membres de sa famille maternelle l\u2019ont toujours m\u00e9pris\u00e9e \u00e0 cause de la couleur noire de sa peau...  ANGELICA, after a long absence from Puerto Rico, returns there when her father, Wilfredo, suffers a heart attack. The unexpected return to the house where she grew up, plus her father\u2019s illness, force Angelica to re-evaluate her relationship with her mother, who has always disdained her because of her race, with some family members who are clearly racist, and with her partner in New York, who travels to Puerto Rico in an attempt to recapture her."}

ANGELICA, après une longue absence de Porto Rico, y retourne lorsque son père, Wilfredo, subit une crise cardiaque. Le retour inattendu dans la maison où elle a grandi et la maladie de son père forcent Angelica à reconsidérer sa relation avec sa mère. Cette dernière ainsi que les autres membres de sa famille maternelle l’ont toujours méprisée à cause de la couleur noire de sa peau...  ANGELICA, after a long absence from Puerto Rico, returns there when her father, Wilfredo, suffers a heart attack. The unexpected return to the house where she grew up, plus her father’s illness, force Angelica to re-evaluate her relationship with her mother, who has always disdained her because of her race, with some family members who are clearly racist, and with her partner in New York, who travels to Puerto Rico in an attempt to recapture her.
