{"version":"1.0","provider_name":"Festival International Du Film Pan Africain | Cannes","provider_url":"https:\/\/fifp.fr\/en","title":"'63 Boycott - Festival International Du Film Pan Africain | Cannes","type":"rich","width":600,"height":338,"html":"<blockquote class=\"wp-embedded-content\" data-secret=\"h7uqX9saT1\"><a href=\"https:\/\/fifp.fr\/en\/portfolio\/63-boycott\/\">&rsquo;63 Boycott<\/a><\/blockquote><iframe sandbox=\"allow-scripts\" security=\"restricted\" src=\"https:\/\/fifp.fr\/en\/portfolio\/63-boycott\/embed\/#?secret=h7uqX9saT1\" width=\"600\" height=\"338\" title=\"&#8220;&rsquo;63 Boycott&#8221; &#8212; Festival International Du Film Pan Africain | Cannes\" data-secret=\"h7uqX9saT1\" frameborder=\"0\" marginwidth=\"0\" marginheight=\"0\" scrolling=\"no\" class=\"wp-embedded-content\"><\/iframe><script type=\"text\/javascript\">\n\/* <![CDATA[ *\/\n\/*! This file is auto-generated *\/\n!function(d,l){\"use strict\";l.querySelector&&d.addEventListener&&\"undefined\"!=typeof URL&&(d.wp=d.wp||{},d.wp.receiveEmbedMessage||(d.wp.receiveEmbedMessage=function(e){var t=e.data;if((t||t.secret||t.message||t.value)&&!\/[^a-zA-Z0-9]\/.test(t.secret)){for(var s,r,n,a=l.querySelectorAll('iframe[data-secret=\"'+t.secret+'\"]'),o=l.querySelectorAll('blockquote[data-secret=\"'+t.secret+'\"]'),c=new RegExp(\"^https?:$\",\"i\"),i=0;i<o.length;i++)o[i].style.display=\"none\";for(i=0;i<a.length;i++)s=a[i],e.source===s.contentWindow&&(s.removeAttribute(\"style\"),\"height\"===t.message?(1e3<(r=parseInt(t.value,10))?r=1e3:~~r<200&&(r=200),s.height=r):\"link\"===t.message&&(r=new URL(s.getAttribute(\"src\")),n=new URL(t.value),c.test(n.protocol))&&n.host===r.host&&l.activeElement===s&&(d.top.location.href=t.value))}},d.addEventListener(\"message\",d.wp.receiveEmbedMessage,!1),l.addEventListener(\"DOMContentLoaded\",function(){for(var e,t,s=l.querySelectorAll(\"iframe.wp-embedded-content\"),r=0;r<s.length;r++)(t=(e=s[r]).getAttribute(\"data-secret\"))||(t=Math.random().toString(36).substring(2,12),e.src+=\"#?secret=\"+t,e.setAttribute(\"data-secret\",t)),e.contentWindow.postMessage({message:\"ready\",secret:t},\"*\")},!1)))}(window,document);\n\/\/# sourceURL=https:\/\/fifp.fr\/wp-includes\/js\/wp-embed.min.js\n\/* ]]> *\/\n<\/script>","description":"En 1963, 250 000 \u00e9tudiants ont boycott\u00e9 les \u00e9coles publiques de Chicago pour protester contre la s\u00e9gr\u00e9gation raciale. Des images in\u00e9dites de 16 mm du boycott sont combin\u00e9es avec les id\u00e9es des participants originaux et des manifestants d'aujourd'hui contre les fermetures d'\u00e9coles. 63 Boycott relie l'histoire oubli\u00e9e de l'une des plus grandes manifestations des droits civils du Nord aux questions contemporaines li\u00e9es \u00e0 la race, \u00e0 l'\u00e9ducation et \u00e0 l'activisme des jeunes.  In 1963, 250,000 students boycotted the Chicago Public Schools to protest racial segregation. Unseen 16mm footage of the boycott is combined with insights from the original participants and present-day protesters against school closings. \u201963 Boycott connects the forgotten story of one of the largest northern civil rights demonstrations to contemporary issues around race, education, and youth activism."}

En 1963, 250 000 étudiants ont boycotté les écoles publiques de Chicago pour protester contre la ségrégation raciale. Des images inédites de 16 mm du boycott sont combinées avec les idées des participants originaux et des manifestants d'aujourd'hui contre les fermetures d'écoles. 63 Boycott relie l'histoire oubliée de l'une des plus grandes manifestations des droits civils du Nord aux questions contemporaines liées à la race, à l'éducation et à l'activisme des jeunes.  In 1963, 250,000 students boycotted the Chicago Public Schools to protest racial segregation. Unseen 16mm footage of the boycott is combined with insights from the original participants and present-day protesters against school closings. ’63 Boycott connects the forgotten story of one of the largest northern civil rights demonstrations to contemporary issues around race, education, and youth activism.
