{"version":"1.0","provider_name":"Festival International Du Film Pan Africain | Cannes","provider_url":"https:\/\/fifp.fr\/en","title":"MAIK DARAH - Festival International Du Film Pan Africain | Cannes","type":"rich","width":600,"height":338,"html":"<blockquote class=\"wp-embedded-content\" data-secret=\"Fzu09v5SMm\"><a href=\"https:\/\/fifp.fr\/en\/portfolio\/maik-darah\/\">MAIK DARAH<\/a><\/blockquote><iframe sandbox=\"allow-scripts\" security=\"restricted\" src=\"https:\/\/fifp.fr\/en\/portfolio\/maik-darah\/embed\/#?secret=Fzu09v5SMm\" width=\"600\" height=\"338\" title=\"&#8220;MAIK DARAH&#8221; &#8212; Festival International Du Film Pan Africain | Cannes\" data-secret=\"Fzu09v5SMm\" frameborder=\"0\" marginwidth=\"0\" marginheight=\"0\" scrolling=\"no\" class=\"wp-embedded-content\"><\/iframe><script type=\"text\/javascript\">\n\/* <![CDATA[ *\/\n\/*! This file is auto-generated *\/\n!function(d,l){\"use strict\";l.querySelector&&d.addEventListener&&\"undefined\"!=typeof URL&&(d.wp=d.wp||{},d.wp.receiveEmbedMessage||(d.wp.receiveEmbedMessage=function(e){var t=e.data;if((t||t.secret||t.message||t.value)&&!\/[^a-zA-Z0-9]\/.test(t.secret)){for(var s,r,n,a=l.querySelectorAll('iframe[data-secret=\"'+t.secret+'\"]'),o=l.querySelectorAll('blockquote[data-secret=\"'+t.secret+'\"]'),c=new RegExp(\"^https?:$\",\"i\"),i=0;i<o.length;i++)o[i].style.display=\"none\";for(i=0;i<a.length;i++)s=a[i],e.source===s.contentWindow&&(s.removeAttribute(\"style\"),\"height\"===t.message?(1e3<(r=parseInt(t.value,10))?r=1e3:~~r<200&&(r=200),s.height=r):\"link\"===t.message&&(r=new URL(s.getAttribute(\"src\")),n=new URL(t.value),c.test(n.protocol))&&n.host===r.host&&l.activeElement===s&&(d.top.location.href=t.value))}},d.addEventListener(\"message\",d.wp.receiveEmbedMessage,!1),l.addEventListener(\"DOMContentLoaded\",function(){for(var e,t,s=l.querySelectorAll(\"iframe.wp-embedded-content\"),r=0;r<s.length;r++)(t=(e=s[r]).getAttribute(\"data-secret\"))||(t=Math.random().toString(36).substring(2,12),e.src+=\"#?secret=\"+t,e.setAttribute(\"data-secret\",t)),e.contentWindow.postMessage({message:\"ready\",secret:t},\"*\")},!1)))}(window,document);\n\/\/# sourceURL=https:\/\/fifp.fr\/wp-includes\/js\/wp-embed.min.js\n\/* ]]> *\/\n<\/script>","description":"N\u00e9e d\u2019une m\u00e8re fran\u00e7aise et d\u2019un p\u00e8re togolais elle joue entre 9 et 12 ans dans des op\u00e9rettes au th\u00e9\u00e2tre du Ch\u00e2telet. Puis elle entre \u00e0 l\u2019\u00e9cole de la danse de l\u2019Op\u00e9ra de Paris, de 12 \u00e0 15 ans. \u00c0 15 ans, elle prend des cours de th\u00e9\u00e2tre. Baccalaur\u00e9at \u00e0 mi-temps, tournages, th\u00e9\u00e2tre, cours de chant, de danse africaine, classique, de jazz et de claquettes. L\u2019un de ses premiers r\u00f4les fut dans le feuilleton Huit, \u00e7a suffit ! Son autre passion est la chanson. En 1996, elle est choisie par Sergine Boutrin (chor\u00e9graphe, styliste) pour participer \u00e0 la F\u00eate de la Libert\u00e9 en Guyane, \u00e0 Cayenne, dans le cadre de la comm\u00e9moration de l\u2019abolition de l\u2019esclavage. Elle a \u00e9galement pr\u00e9sent\u00e9 au Th\u00e9\u00e2tre 13, \u00e0 Paris, Caresses\u2026de la voix \u00e0 l\u2019\u00e2me, un spectacle musical dans lequel elle interpr\u00e9tait une douzaine de titres, accompagn\u00e9e par une pianiste et un violoncelliste. Son r\u00e9pertoire a \u00e9t\u00e9 \u00e9crit sp\u00e9cialement pour elle, \u00e0 l\u2019exception de quelques titres comme Avec le temps de L\u00e9o Ferr\u00e9 et un standard de Billie Holiday, Easy Living. Depuis on l\u2019a retrouv\u00e9 dans Kib\u00e9l\u00e9 en 2004. Enfin, elle interpr\u00e8te depuis le 9 mai 2008 la grande s\u0153ur du chanteur Jann Halexander dans le spectacle m\u00e9langeant th\u00e9\u00e2tre et chanson Rendez-vous secret et interpr\u00e8te notamment une de ses chansons phares Tous les dimanches, sur le th\u00e8me de la p\u00e9dophilie (elle s\u2019inspire de sa propre enfance). Elle revient en juin 2009 avec un album intitul\u00e9 Les plus belles chansons de Ma\u00efk Darah. Depuis le 24 ao\u00fbt 2009, elle est la voix-off de l\u2019\u00e9mission radio Camille Combal et son orchestre sur Virgin Radio de 17h \u00e0 20h\u2026."}

Née d’une mère française et d’un père togolais elle joue entre 9 et 12 ans dans des opérettes au théâtre du Châtelet. Puis elle entre à l’école de la danse de l’Opéra de Paris, de 12 à 15 ans. À 15 ans, elle prend des cours de théâtre. Baccalauréat à mi-temps, tournages, théâtre, cours de chant, de danse africaine, classique, de jazz et de claquettes. L’un de ses premiers rôles fut dans le feuilleton Huit, ça suffit ! Son autre passion est la chanson. En 1996, elle est choisie par Sergine Boutrin (chorégraphe, styliste) pour participer à la Fête de la Liberté en Guyane, à Cayenne, dans le cadre de la commémoration de l’abolition de l’esclavage. Elle a également présenté au Théâtre 13, à Paris, Caresses…de la voix à l’âme, un spectacle musical dans lequel elle interprétait une douzaine de titres, accompagnée par une pianiste et un violoncelliste. Son répertoire a été écrit spécialement pour elle, à l’exception de quelques titres comme Avec le temps de Léo Ferré et un standard de Billie Holiday, Easy Living. Depuis on l’a retrouvé dans Kibélé en 2004. Enfin, elle interprète depuis le 9 mai 2008 la grande sœur du chanteur Jann Halexander dans le spectacle mélangeant théâtre et chanson Rendez-vous secret et interprète notamment une de ses chansons phares Tous les dimanches, sur le thème de la pédophilie (elle s’inspire de sa propre enfance). Elle revient en juin 2009 avec un album intitulé Les plus belles chansons de Maïk Darah. Depuis le 24 août 2009, elle est la voix-off de l’émission radio Camille Combal et son orchestre sur Virgin Radio de 17h à 20h….
