{"version":"1.0","provider_name":"Festival International Du Film Pan Africain | Cannes","provider_url":"https:\/\/fifp.fr\/en","title":"La place de l\u2019artiste dans la soci\u00e9t\u00e9 - The Artist in Society: Talking with Hershell West - Festival International Du Film Pan Africain | Cannes","type":"rich","width":600,"height":338,"html":"<blockquote class=\"wp-embedded-content\" data-secret=\"7Or4TcOkJ5\"><a href=\"https:\/\/fifp.fr\/en\/portfolio\/the-artist-in-society-talking-with-hershell-west\/\">La place de l\u2019artiste dans la soci\u00e9t\u00e9 &#8211; The Artist in Society: Talking with Hershell West<\/a><\/blockquote><iframe sandbox=\"allow-scripts\" security=\"restricted\" src=\"https:\/\/fifp.fr\/en\/portfolio\/the-artist-in-society-talking-with-hershell-west\/embed\/#?secret=7Or4TcOkJ5\" width=\"600\" height=\"338\" title=\"&#8220;La place de l\u2019artiste dans la soci\u00e9t\u00e9 &#8211; The Artist in Society: Talking with Hershell West&#8221; &#8212; Festival International Du Film Pan Africain | Cannes\" data-secret=\"7Or4TcOkJ5\" frameborder=\"0\" marginwidth=\"0\" marginheight=\"0\" scrolling=\"no\" class=\"wp-embedded-content\"><\/iframe><script type=\"text\/javascript\">\n\/* <![CDATA[ *\/\n\/*! This file is auto-generated *\/\n!function(d,l){\"use strict\";l.querySelector&&d.addEventListener&&\"undefined\"!=typeof URL&&(d.wp=d.wp||{},d.wp.receiveEmbedMessage||(d.wp.receiveEmbedMessage=function(e){var t=e.data;if((t||t.secret||t.message||t.value)&&!\/[^a-zA-Z0-9]\/.test(t.secret)){for(var s,r,n,a=l.querySelectorAll('iframe[data-secret=\"'+t.secret+'\"]'),o=l.querySelectorAll('blockquote[data-secret=\"'+t.secret+'\"]'),c=new RegExp(\"^https?:$\",\"i\"),i=0;i<o.length;i++)o[i].style.display=\"none\";for(i=0;i<a.length;i++)s=a[i],e.source===s.contentWindow&&(s.removeAttribute(\"style\"),\"height\"===t.message?(1e3<(r=parseInt(t.value,10))?r=1e3:~~r<200&&(r=200),s.height=r):\"link\"===t.message&&(r=new URL(s.getAttribute(\"src\")),n=new URL(t.value),c.test(n.protocol))&&n.host===r.host&&l.activeElement===s&&(d.top.location.href=t.value))}},d.addEventListener(\"message\",d.wp.receiveEmbedMessage,!1),l.addEventListener(\"DOMContentLoaded\",function(){for(var e,t,s=l.querySelectorAll(\"iframe.wp-embedded-content\"),r=0;r<s.length;r++)(t=(e=s[r]).getAttribute(\"data-secret\"))||(t=Math.random().toString(36).substring(2,12),e.src+=\"#?secret=\"+t,e.setAttribute(\"data-secret\",t)),e.contentWindow.postMessage({message:\"ready\",secret:t},\"*\")},!1)))}(window,document);\n\/\/# sourceURL=https:\/\/fifp.fr\/wp-includes\/js\/wp-embed.min.js\n\/* ]]> *\/\n<\/script>","description":"Un homme noir \u00e9lev\u00e9 dans le sud rural pendant les jours avant la fin de s\u00e9gr\u00e9gation dont ni la famille de l'Ouest Hershell, ni sa communaut\u00e9, ni la grande soci\u00e9t\u00e9 ne s\u2019attendaient \u00e0 ce qu'il devienne un artiste professionnel. En d\u00e9fiant ses esp\u00e9rances, il a triomph\u00e9 dans son domaine. Dans ce documentaire, nous examinons son art et les fa\u00e7ons dont les artistes contribuent \u00e0 la soci\u00e9t\u00e9 par leurs cr\u00e9ations artistiques et par leur enseignement et le plaidoyer pour les arts.  A black man brought up in the rural south in the days before the end of segregation, neither Hershell West's family nor his community, nor the larger society expected him to become a professional artist. Defying these expectations, he triumphed over the odds and in this documentary, we examine both his art and the ways in which artists contribute to society - through their artistic creations, and also through their teaching, and advocacy for the arts."}

La place de l’artiste dans la société - The Artist in Society: Talking with Hershell West - Festival International Du Film Pan Africain | Cannes

<blockquote class="wp-embedded-content" data-secret="7Or4TcOkJ5"><a href="https://fifp.fr/en/portfolio/the-artist-in-society-talking-with-hershell-west/">La place de l’artiste dans la société &#8211; The Artist in Society: Talking with Hershell West</a></blockquote><iframe sandbox="allow-scripts" security="restricted" src="https://fifp.fr/en/portfolio/the-artist-in-society-talking-with-hershell-west/embed/#?secret=7Or4TcOkJ5" width="600" height="338" title="&#8220;La place de l’artiste dans la société &#8211; The Artist in Society: Talking with Hershell West&#8221; &#8212; Festival International Du Film Pan Africain | Cannes" data-secret="7Or4TcOkJ5" frameborder="0" marginwidth="0" marginheight="0" scrolling="no" class="wp-embedded-content"></iframe><script type="text/javascript">
/* <![CDATA[ */
/*! This file is auto-generated */
!function(d,l){"use strict";l.querySelector&&d.addEventListener&&"undefined"!=typeof URL&&(d.wp=d.wp||{},d.wp.receiveEmbedMessage||(d.wp.receiveEmbedMessage=function(e){var t=e.data;if((t||t.secret||t.message||t.value)&&!/[^a-zA-Z0-9]/.test(t.secret)){for(var s,r,n,a=l.querySelectorAll('iframe[data-secret="'+t.secret+'"]'),o=l.querySelectorAll('blockquote[data-secret="'+t.secret+'"]'),c=new RegExp("^https?:$","i"),i=0;i<o.length;i++)o[i].style.display="none";for(i=0;i<a.length;i++)s=a[i],e.source===s.contentWindow&&(s.removeAttribute("style"),"height"===t.message?(1e3<(r=parseInt(t.value,10))?r=1e3:~~r<200&&(r=200),s.height=r):"link"===t.message&&(r=new URL(s.getAttribute("src")),n=new URL(t.value),c.test(n.protocol))&&n.host===r.host&&l.activeElement===s&&(d.top.location.href=t.value))}},d.addEventListener("message",d.wp.receiveEmbedMessage,!1),l.addEventListener("DOMContentLoaded",function(){for(var e,t,s=l.querySelectorAll("iframe.wp-embedded-content"),r=0;r<s.length;r++)(t=(e=s[r]).getAttribute("data-secret"))||(t=Math.random().toString(36).substring(2,12),e.src+="#?secret="+t,e.setAttribute("data-secret",t)),e.contentWindow.postMessage({message:"ready",secret:t},"*")},!1)))}(window,document);
//# sourceURL=https://fifp.fr/wp-includes/js/wp-embed.min.js
/* ]]> */
</script>

Un homme noir élevé dans le sud rural pendant les jours avant la fin de ségrégation dont ni la famille de l'Ouest Hershell, ni sa communauté, ni la grande société ne s’attendaient à ce qu'il devienne un artiste professionnel. En défiant ses espérances, il a triomphé dans son domaine. Dans ce documentaire, nous examinons son art et les façons dont les artistes contribuent à la société par leurs créations artistiques et par leur enseignement et le plaidoyer pour les arts.  A black man brought up in the rural south in the days before the end of segregation, neither Hershell West's family nor his community, nor the larger society expected him to become a professional artist. Defying these expectations, he triumphed over the odds and in this documentary, we examine both his art and the ways in which artists contribute to society - through their artistic creations, and also through their teaching, and advocacy for the arts.
