{"id":110713,"date":"2022-09-25T19:17:17","date_gmt":"2022-09-25T17:17:17","guid":{"rendered":"https:\/\/fifp.fr\/?post_type=mec-events&#038;p=110713"},"modified":"2022-09-25T19:17:17","modified_gmt":"2022-09-25T17:17:17","slug":"le-trafic-des-ossements-humains","status":"publish","type":"mec-events","link":"https:\/\/fifp.fr\/en\/events\/le-trafic-des-ossements-humains\/","title":{"rendered":"LE TRAFIC DES OSSEMENTS HUMAINS"},"content":{"rendered":"<p>R\u00e9alisateur(trice)\/Director: Kandonou Emakpondewou Fran\u00e7ois<br \/>\nDur\u00e9e\/length: 01:10:0 0<br \/>\nGenre: Long m\u00e9trage, Documentaire\/Feature, Documentary<br \/>\nOrigin: Togo<br \/>\nLangue\/Language: Fran\u00e7ais\/French<br \/>\nAnn\u00e9e\/Year: 2022<\/p>\n<p>Synopsis (FR) : Le myst\u00e8re du trafic des ossements humains rituels mystiques ou r\u00e9ligieux ? Bible en fait r\u00e9f\u00e9rence \u201cGen\u00e8se \u00e0 Apocalypse&#8230;.\u201d. Presque toutes les grandes religions en font usage, m\u00eame l\u2019\u00c9glise Catholique. Bien que la loi interdit et sanctionne cette pratique, elle reste d&rsquo;actualit\u00e9,<\/p>\n<p>Synopsis (EN): The mystery of the trafficking of human bones in Africa for mystical and ritual purposes is now solved. We discover suppliers, sellers, buyers and especially consumers of human bones. In the Bible from genesis to Revelation, human bones are used twenty-three times. Almost all major religions use it, even the Catholic Church. Although the law prohibits and sanctions this practice, human bones remain an indispensable material at a very high level of spirituality.<\/p>","protected":false},"excerpt":{"rendered":"<p>R\u00e9alisateur(trice)\/Director: Kandonou Emakpondewou Fran\u00e7ois Dur\u00e9e\/length: 01:10:0 0 Genre: Long m\u00e9trage, Documentaire\/Feature, Documentary Origin: Togo Langue\/Language: Fran\u00e7ais\/French Ann\u00e9e\/Year: 2022 Synopsis (FR) [&hellip;]<\/p>\n","protected":false},"author":2,"featured_media":110712,"comment_status":"closed","ping_status":"closed","template":"","tags":[],"mec_category":[377,381,382,384],"mec_speaker":[],"class_list":["post-110713","mec-events","type-mec-events","status-publish","has-post-thumbnail","hentry","mec_category-films-2022","mec_category-long-metrage-feature","mec_category-doc-films-2022","mec_category-selection-officielle-official-selection"],"yoast_head":"<!-- This site is optimized with the Yoast SEO plugin v27.3 - https:\/\/yoast.com\/product\/yoast-seo-wordpress\/ -->\n<title>LE TRAFIC DES OSSEMENTS HUMAINS - Festival International Du Film Pan Africain | Cannes<\/title>\n<meta name=\"robots\" content=\"index, follow, max-snippet:-1, max-image-preview:large, max-video-preview:-1\" \/>\n<link rel=\"canonical\" href=\"https:\/\/fifp.fr\/en\/events\/le-trafic-des-ossements-humains\/\" \/>\n<meta property=\"og:locale\" content=\"en_US\" \/>\n<meta property=\"og:type\" content=\"article\" \/>\n<meta property=\"og:title\" content=\"LE TRAFIC DES OSSEMENTS HUMAINS - Festival International Du Film Pan Africain | Cannes\" \/>\n<meta property=\"og:description\" content=\"R\u00e9alisateur(trice)\/Director: Kandonou Emakpondewou Fran\u00e7ois Dur\u00e9e\/length: 01:10:0 0 Genre: Long m\u00e9trage, Documentaire\/Feature, Documentary Origin: Togo Langue\/Language: Fran\u00e7ais\/French Ann\u00e9e\/Year: 2022 Synopsis (FR) [&hellip;]\" \/>\n<meta property=\"og:url\" content=\"https:\/\/fifp.fr\/en\/events\/le-trafic-des-ossements-humains\/\" \/>\n<meta property=\"og:site_name\" content=\"Festival International Du Film Pan Africain | Cannes\" \/>\n<meta property=\"og:image\" content=\"https:\/\/fifp.fr\/wp-content\/uploads\/2022\/09\/Miramar-Ecran-Scene-Photos_20-scaled-e1664126202129.jpg\" \/>\n\t<meta property=\"og:image:width\" content=\"2560\" \/>\n\t<meta property=\"og:image:height\" content=\"1280\" \/>\n\t<meta property=\"og:image:type\" content=\"image\/jpeg\" \/>\n<meta name=\"twitter:card\" content=\"summary_large_image\" \/>\n<meta name=\"twitter:label1\" content=\"Est. reading time\" \/>\n\t<meta name=\"twitter:data1\" content=\"1 minute\" \/>\n<script type=\"application\/ld+json\" class=\"yoast-schema-graph\">{\"@context\":\"https:\\\/\\\/schema.org\",\"@graph\":[{\"@type\":\"WebPage\",\"@id\":\"https:\\\/\\\/fifp.fr\\\/events\\\/le-trafic-des-ossements-humains\\\/\",\"url\":\"https:\\\/\\\/fifp.fr\\\/events\\\/le-trafic-des-ossements-humains\\\/\",\"name\":\"LE TRAFIC DES OSSEMENTS HUMAINS - Festival International Du Film Pan Africain | Cannes\",\"isPartOf\":{\"@id\":\"https:\\\/\\\/fifp.fr\\\/#website\"},\"primaryImageOfPage\":{\"@id\":\"https:\\\/\\\/fifp.fr\\\/events\\\/le-trafic-des-ossements-humains\\\/#primaryimage\"},\"image\":{\"@id\":\"https:\\\/\\\/fifp.fr\\\/events\\\/le-trafic-des-ossements-humains\\\/#primaryimage\"},\"thumbnailUrl\":\"https:\\\/\\\/fifp.fr\\\/wp-content\\\/uploads\\\/2022\\\/09\\\/Miramar-Ecran-Scene-Photos_20-scaled-e1664126202129.jpg\",\"datePublished\":\"2022-09-25T17:17:17+00:00\",\"breadcrumb\":{\"@id\":\"https:\\\/\\\/fifp.fr\\\/events\\\/le-trafic-des-ossements-humains\\\/#breadcrumb\"},\"inLanguage\":\"en-US\",\"potentialAction\":[{\"@type\":\"ReadAction\",\"target\":[\"https:\\\/\\\/fifp.fr\\\/events\\\/le-trafic-des-ossements-humains\\\/\"]}]},{\"@type\":\"ImageObject\",\"inLanguage\":\"en-US\",\"@id\":\"https:\\\/\\\/fifp.fr\\\/events\\\/le-trafic-des-ossements-humains\\\/#primaryimage\",\"url\":\"https:\\\/\\\/fifp.fr\\\/wp-content\\\/uploads\\\/2022\\\/09\\\/Miramar-Ecran-Scene-Photos_20-scaled-e1664126202129.jpg\",\"contentUrl\":\"https:\\\/\\\/fifp.fr\\\/wp-content\\\/uploads\\\/2022\\\/09\\\/Miramar-Ecran-Scene-Photos_20-scaled-e1664126202129.jpg\",\"width\":2560,\"height\":1280},{\"@type\":\"BreadcrumbList\",\"@id\":\"https:\\\/\\\/fifp.fr\\\/events\\\/le-trafic-des-ossements-humains\\\/#breadcrumb\",\"itemListElement\":[{\"@type\":\"ListItem\",\"position\":1,\"name\":\"Festival Film Pan Africain De Cannes\",\"item\":\"https:\\\/\\\/fifp.fr\\\/\"},{\"@type\":\"ListItem\",\"position\":2,\"name\":\"\u00c9v\u00e9nements\",\"item\":\"https:\\\/\\\/fifp.fr\\\/events\\\/\"},{\"@type\":\"ListItem\",\"position\":3,\"name\":\"LE TRAFIC DES OSSEMENTS HUMAINS\"}]},{\"@type\":\"WebSite\",\"@id\":\"https:\\\/\\\/fifp.fr\\\/#website\",\"url\":\"https:\\\/\\\/fifp.fr\\\/\",\"name\":\"Festival International Du Film Pan Africain | Cannes\",\"description\":\"Au Coeur Du CInema &amp; Des Arts Pan Africain\",\"potentialAction\":[{\"@type\":\"SearchAction\",\"target\":{\"@type\":\"EntryPoint\",\"urlTemplate\":\"https:\\\/\\\/fifp.fr\\\/?s={search_term_string}\"},\"query-input\":{\"@type\":\"PropertyValueSpecification\",\"valueRequired\":true,\"valueName\":\"search_term_string\"}}],\"inLanguage\":\"en-US\"}]}<\/script>\n<!-- \/ Yoast SEO plugin. -->","yoast_head_json":{"title":"LE TRAFIC DES OSSEMENTS HUMAINS - Festival International Du Film Pan Africain | Cannes","robots":{"index":"index","follow":"follow","max-snippet":"max-snippet:-1","max-image-preview":"max-image-preview:large","max-video-preview":"max-video-preview:-1"},"canonical":"https:\/\/fifp.fr\/en\/events\/le-trafic-des-ossements-humains\/","og_locale":"en_US","og_type":"article","og_title":"LE TRAFIC DES OSSEMENTS HUMAINS - Festival International Du Film Pan Africain | Cannes","og_description":"R\u00e9alisateur(trice)\/Director: Kandonou Emakpondewou Fran\u00e7ois Dur\u00e9e\/length: 01:10:0 0 Genre: Long m\u00e9trage, Documentaire\/Feature, Documentary Origin: Togo Langue\/Language: Fran\u00e7ais\/French Ann\u00e9e\/Year: 2022 Synopsis (FR) [&hellip;]","og_url":"https:\/\/fifp.fr\/en\/events\/le-trafic-des-ossements-humains\/","og_site_name":"Festival International Du Film Pan Africain | Cannes","og_image":[{"width":2560,"height":1280,"url":"https:\/\/fifp.fr\/wp-content\/uploads\/2022\/09\/Miramar-Ecran-Scene-Photos_20-scaled-e1664126202129.jpg","type":"image\/jpeg"}],"twitter_card":"summary_large_image","twitter_misc":{"Est. reading time":"1 minute"},"schema":{"@context":"https:\/\/schema.org","@graph":[{"@type":"WebPage","@id":"https:\/\/fifp.fr\/events\/le-trafic-des-ossements-humains\/","url":"https:\/\/fifp.fr\/events\/le-trafic-des-ossements-humains\/","name":"LE TRAFIC DES OSSEMENTS HUMAINS - Festival International Du Film Pan Africain | Cannes","isPartOf":{"@id":"https:\/\/fifp.fr\/#website"},"primaryImageOfPage":{"@id":"https:\/\/fifp.fr\/events\/le-trafic-des-ossements-humains\/#primaryimage"},"image":{"@id":"https:\/\/fifp.fr\/events\/le-trafic-des-ossements-humains\/#primaryimage"},"thumbnailUrl":"https:\/\/fifp.fr\/wp-content\/uploads\/2022\/09\/Miramar-Ecran-Scene-Photos_20-scaled-e1664126202129.jpg","datePublished":"2022-09-25T17:17:17+00:00","breadcrumb":{"@id":"https:\/\/fifp.fr\/events\/le-trafic-des-ossements-humains\/#breadcrumb"},"inLanguage":"en-US","potentialAction":[{"@type":"ReadAction","target":["https:\/\/fifp.fr\/events\/le-trafic-des-ossements-humains\/"]}]},{"@type":"ImageObject","inLanguage":"en-US","@id":"https:\/\/fifp.fr\/events\/le-trafic-des-ossements-humains\/#primaryimage","url":"https:\/\/fifp.fr\/wp-content\/uploads\/2022\/09\/Miramar-Ecran-Scene-Photos_20-scaled-e1664126202129.jpg","contentUrl":"https:\/\/fifp.fr\/wp-content\/uploads\/2022\/09\/Miramar-Ecran-Scene-Photos_20-scaled-e1664126202129.jpg","width":2560,"height":1280},{"@type":"BreadcrumbList","@id":"https:\/\/fifp.fr\/events\/le-trafic-des-ossements-humains\/#breadcrumb","itemListElement":[{"@type":"ListItem","position":1,"name":"Festival Film Pan Africain De Cannes","item":"https:\/\/fifp.fr\/"},{"@type":"ListItem","position":2,"name":"\u00c9v\u00e9nements","item":"https:\/\/fifp.fr\/events\/"},{"@type":"ListItem","position":3,"name":"LE TRAFIC DES OSSEMENTS HUMAINS"}]},{"@type":"WebSite","@id":"https:\/\/fifp.fr\/#website","url":"https:\/\/fifp.fr\/","name":"Festival International Du Film Pan Africain | Cannes","description":"Au Coeur Du CInema &amp; Des Arts Pan Africain","potentialAction":[{"@type":"SearchAction","target":{"@type":"EntryPoint","urlTemplate":"https:\/\/fifp.fr\/?s={search_term_string}"},"query-input":{"@type":"PropertyValueSpecification","valueRequired":true,"valueName":"search_term_string"}}],"inLanguage":"en-US"}]}},"_links":{"self":[{"href":"https:\/\/fifp.fr\/en\/wp-json\/wp\/v2\/mec-events\/110713","targetHints":{"allow":["GET"]}}],"collection":[{"href":"https:\/\/fifp.fr\/en\/wp-json\/wp\/v2\/mec-events"}],"about":[{"href":"https:\/\/fifp.fr\/en\/wp-json\/wp\/v2\/types\/mec-events"}],"author":[{"embeddable":true,"href":"https:\/\/fifp.fr\/en\/wp-json\/wp\/v2\/users\/2"}],"replies":[{"embeddable":true,"href":"https:\/\/fifp.fr\/en\/wp-json\/wp\/v2\/comments?post=110713"}],"wp:featuredmedia":[{"embeddable":true,"href":"https:\/\/fifp.fr\/en\/wp-json\/wp\/v2\/media\/110712"}],"wp:attachment":[{"href":"https:\/\/fifp.fr\/en\/wp-json\/wp\/v2\/media?parent=110713"}],"wp:term":[{"taxonomy":"post_tag","embeddable":true,"href":"https:\/\/fifp.fr\/en\/wp-json\/wp\/v2\/tags?post=110713"},{"taxonomy":"mec_category","embeddable":true,"href":"https:\/\/fifp.fr\/en\/wp-json\/wp\/v2\/mec_category?post=110713"},{"taxonomy":"mec_speaker","embeddable":true,"href":"https:\/\/fifp.fr\/en\/wp-json\/wp\/v2\/mec_speaker?post=110713"}],"curies":[{"name":"wp","href":"https:\/\/api.w.org\/{rel}","templated":true}]}}

<p>Réalisateur(trice)/Director: Kandonou Emakpondewou François<br />
Durée/length: 01:10:0 0<br />
Genre: Long métrage, Documentaire/Feature, Documentary<br />
Origin: Togo<br />
Langue/Language: Français/French<br />
Année/Year: 2022</p>
<p>Synopsis (FR) : Le mystère du trafic des ossements humains rituels mystiques ou réligieux ? Bible en fait référence “Genèse à Apocalypse&#8230;.”. Presque toutes les grandes religions en font usage, même l’Église Catholique. Bien que la loi interdit et sanctionne cette pratique, elle reste d&rsquo;actualité,</p>
<p>Synopsis (EN): The mystery of the trafficking of human bones in Africa for mystical and ritual purposes is now solved. We discover suppliers, sellers, buyers and especially consumers of human bones. In the Bible from genesis to Revelation, human bones are used twenty-three times. Almost all major religions use it, even the Catholic Church. Although the law prohibits and sanctions this practice, human bones remain an indispensable material at a very high level of spirituality.</p>

<p>Réalisateur(trice)/Director: Kandonou Emakpondewou François Durée/length: 01:10:0 0 Genre: Long métrage, Documentaire/Feature, Documentary Origin: Togo Langue/Language: Français/French Année/Year: 2022 Synopsis (FR) [&hellip;]</p>

<!-- This site is optimized with the Yoast SEO plugin v27.3 - https://yoast.com/product/yoast-seo-wordpress/ -->
<title>LE TRAFIC DES OSSEMENTS HUMAINS - Festival International Du Film Pan Africain | Cannes</title>
<meta name="robots" content="index, follow, max-snippet:-1, max-image-preview:large, max-video-preview:-1" />
<link rel="canonical" href="https://fifp.fr/en/events/le-trafic-des-ossements-humains/" />
<meta property="og:locale" content="en_US" />
<meta property="og:type" content="article" />
<meta property="og:title" content="LE TRAFIC DES OSSEMENTS HUMAINS - Festival International Du Film Pan Africain | Cannes" />
<meta property="og:description" content="Réalisateur(trice)/Director: Kandonou Emakpondewou François Durée/length: 01:10:0 0 Genre: Long métrage, Documentaire/Feature, Documentary Origin: Togo Langue/Language: Français/French Année/Year: 2022 Synopsis (FR) [&hellip;]" />
<meta property="og:url" content="https://fifp.fr/en/events/le-trafic-des-ossements-humains/" />
<meta property="og:site_name" content="Festival International Du Film Pan Africain | Cannes" />
<meta property="og:image" content="https://fifp.fr/wp-content/uploads/2022/09/Miramar-Ecran-Scene-Photos_20-scaled-e1664126202129.jpg" />
	<meta property="og:image:width" content="2560" />
	<meta property="og:image:height" content="1280" />
	<meta property="og:image:type" content="image/jpeg" />
<meta name="twitter:card" content="summary_large_image" />
<meta name="twitter:label1" content="Est. reading time" />
	<meta name="twitter:data1" content="1 minute" />
<script type="application/ld+json" class="yoast-schema-graph">{"@context":"https:\/\/schema.org","@graph":[{"@type":"WebPage","@id":"https:\/\/fifp.fr\/events\/le-trafic-des-ossements-humains\/","url":"https:\/\/fifp.fr\/events\/le-trafic-des-ossements-humains\/","name":"LE TRAFIC DES OSSEMENTS HUMAINS - Festival International Du Film Pan Africain | Cannes","isPartOf":{"@id":"https:\/\/fifp.fr\/#website"},"primaryImageOfPage":{"@id":"https:\/\/fifp.fr\/events\/le-trafic-des-ossements-humains\/#primaryimage"},"image":{"@id":"https:\/\/fifp.fr\/events\/le-trafic-des-ossements-humains\/#primaryimage"},"thumbnailUrl":"https:\/\/fifp.fr\/wp-content\/uploads\/2022\/09\/Miramar-Ecran-Scene-Photos_20-scaled-e1664126202129.jpg","datePublished":"2022-09-25T17:17:17+00:00","breadcrumb":{"@id":"https:\/\/fifp.fr\/events\/le-trafic-des-ossements-humains\/#breadcrumb"},"inLanguage":"en-US","potentialAction":[{"@type":"ReadAction","target":["https:\/\/fifp.fr\/events\/le-trafic-des-ossements-humains\/"]}]},{"@type":"ImageObject","inLanguage":"en-US","@id":"https:\/\/fifp.fr\/events\/le-trafic-des-ossements-humains\/#primaryimage","url":"https:\/\/fifp.fr\/wp-content\/uploads\/2022\/09\/Miramar-Ecran-Scene-Photos_20-scaled-e1664126202129.jpg","contentUrl":"https:\/\/fifp.fr\/wp-content\/uploads\/2022\/09\/Miramar-Ecran-Scene-Photos_20-scaled-e1664126202129.jpg","width":2560,"height":1280},{"@type":"BreadcrumbList","@id":"https:\/\/fifp.fr\/events\/le-trafic-des-ossements-humains\/#breadcrumb","itemListElement":[{"@type":"ListItem","position":1,"name":"Festival Film Pan Africain De Cannes","item":"https:\/\/fifp.fr\/"},{"@type":"ListItem","position":2,"name":"Événements","item":"https:\/\/fifp.fr\/events\/"},{"@type":"ListItem","position":3,"name":"LE TRAFIC DES OSSEMENTS HUMAINS"}]},{"@type":"WebSite","@id":"https:\/\/fifp.fr\/#website","url":"https:\/\/fifp.fr\/","name":"Festival International Du Film Pan Africain | Cannes","description":"Au Coeur Du CInema &amp; Des Arts Pan Africain","potentialAction":[{"@type":"SearchAction","target":{"@type":"EntryPoint","urlTemplate":"https:\/\/fifp.fr\/?s={search_term_string}"},"query-input":{"@type":"PropertyValueSpecification","valueRequired":true,"valueName":"search_term_string"}}],"inLanguage":"en-US"}]}</script>
<!-- / Yoast SEO plugin. -->

Réalisateur(trice)/Director: Kandonou Emakpondewou François Durée/length: 01:10:0 0 Genre: Long métrage, Documentaire/Feature, Documentary Origin: Togo Langue/Language: Français/French Année/Year: 2022 Synopsis (FR) [&hellip;]

Événements
