{"id":110717,"date":"2022-09-25T19:39:48","date_gmt":"2022-09-25T17:39:48","guid":{"rendered":"https:\/\/fifp.fr\/?post_type=mec-events&#038;p=110717"},"modified":"2022-09-25T19:40:31","modified_gmt":"2022-09-25T17:40:31","slug":"la-vallee-du-feu","status":"publish","type":"mec-events","link":"https:\/\/fifp.fr\/en\/events\/la-vallee-du-feu\/","title":{"rendered":"LA VALL\u00c9E DU FEU"},"content":{"rendered":"<p>R\u00e9alisateur(trice)\/Director: Christian Perez Alvarez<br \/>\nDur\u00e9e\/length: 00:19:00<br \/>\nGenre: Court m\u00e9trage, documentaire\/Short, documentary<br \/>\nOrigin: Peru, France<br \/>\nAnn\u00e9e\/Year: 2022<\/p>\n<p>Synopsis (FR) : Un p\u00e8re et son fils font une merveilleuse aventure sportive dans les Andes pour d\u00e9couvrir la beaut\u00e9 de la montagne. Au cours de leur aventure, ils trouvent les raisons de notre existence et cr\u00e9ent une complicit\u00e9 vitale entre les deux.<\/p>\n<p>Synopsis (EN) (EL VALLE DEL FUEGO) : In the Andes, a father and his son make a fabulous sports adventure to discover the beauty of the mountain but also find the reason for our existence and create a vital complicity between both.<\/p>","protected":false},"excerpt":{"rendered":"<p>R\u00e9alisateur(trice)\/Director: Christian Perez Alvarez Dur\u00e9e\/length: 00:19:00 Genre: Court m\u00e9trage, documentaire\/Short, documentary Origin: Peru, France Ann\u00e9e\/Year: 2022 Synopsis (FR) : Un [&hellip;]<\/p>\n","protected":false},"author":2,"featured_media":110718,"comment_status":"closed","ping_status":"closed","template":"","tags":[],"mec_category":[377,382,383,384],"mec_speaker":[],"class_list":["post-110717","mec-events","type-mec-events","status-publish","has-post-thumbnail","hentry","mec_category-films-2022","mec_category-doc-films-2022","mec_category-court-metrage-short-film-films-2022","mec_category-selection-officielle-official-selection"],"yoast_head":"<!-- This site is optimized with the Yoast SEO plugin v27.3 - https:\/\/yoast.com\/product\/yoast-seo-wordpress\/ -->\n<title>LA VALL\u00c9E DU FEU - Festival International Du Film Pan Africain | Cannes<\/title>\n<meta name=\"robots\" content=\"index, follow, max-snippet:-1, max-image-preview:large, max-video-preview:-1\" \/>\n<link rel=\"canonical\" href=\"https:\/\/fifp.fr\/en\/events\/la-vallee-du-feu\/\" \/>\n<meta property=\"og:locale\" content=\"en_US\" \/>\n<meta property=\"og:type\" content=\"article\" \/>\n<meta property=\"og:title\" content=\"LA VALL\u00c9E DU FEU - Festival International Du Film Pan Africain | Cannes\" \/>\n<meta property=\"og:description\" content=\"R\u00e9alisateur(trice)\/Director: Christian Perez Alvarez Dur\u00e9e\/length: 00:19:00 Genre: Court m\u00e9trage, documentaire\/Short, documentary Origin: Peru, France Ann\u00e9e\/Year: 2022 Synopsis (FR) : Un [&hellip;]\" \/>\n<meta property=\"og:url\" content=\"https:\/\/fifp.fr\/en\/events\/la-vallee-du-feu\/\" \/>\n<meta property=\"og:site_name\" content=\"Festival International Du Film Pan Africain | Cannes\" \/>\n<meta property=\"article:modified_time\" content=\"2022-09-25T17:40:31+00:00\" \/>\n<meta property=\"og:image\" content=\"https:\/\/fifp.fr\/wp-content\/uploads\/2022\/09\/Miramar-Ecran-Scene-Photos_17-scaled-e1664127558664.jpg\" \/>\n\t<meta property=\"og:image:width\" content=\"2560\" \/>\n\t<meta property=\"og:image:height\" content=\"1222\" \/>\n\t<meta property=\"og:image:type\" content=\"image\/jpeg\" \/>\n<meta name=\"twitter:card\" content=\"summary_large_image\" \/>\n<meta name=\"twitter:label1\" content=\"Est. reading time\" \/>\n\t<meta name=\"twitter:data1\" content=\"1 minute\" \/>\n<script type=\"application\/ld+json\" class=\"yoast-schema-graph\">{\"@context\":\"https:\\\/\\\/schema.org\",\"@graph\":[{\"@type\":\"WebPage\",\"@id\":\"https:\\\/\\\/fifp.fr\\\/events\\\/la-vallee-du-feu\\\/\",\"url\":\"https:\\\/\\\/fifp.fr\\\/events\\\/la-vallee-du-feu\\\/\",\"name\":\"LA VALL\u00c9E DU FEU - Festival International Du Film Pan Africain | Cannes\",\"isPartOf\":{\"@id\":\"https:\\\/\\\/fifp.fr\\\/#website\"},\"primaryImageOfPage\":{\"@id\":\"https:\\\/\\\/fifp.fr\\\/events\\\/la-vallee-du-feu\\\/#primaryimage\"},\"image\":{\"@id\":\"https:\\\/\\\/fifp.fr\\\/events\\\/la-vallee-du-feu\\\/#primaryimage\"},\"thumbnailUrl\":\"https:\\\/\\\/fifp.fr\\\/wp-content\\\/uploads\\\/2022\\\/09\\\/Miramar-Ecran-Scene-Photos_17-scaled-e1664127558664.jpg\",\"datePublished\":\"2022-09-25T17:39:48+00:00\",\"dateModified\":\"2022-09-25T17:40:31+00:00\",\"breadcrumb\":{\"@id\":\"https:\\\/\\\/fifp.fr\\\/events\\\/la-vallee-du-feu\\\/#breadcrumb\"},\"inLanguage\":\"en-US\",\"potentialAction\":[{\"@type\":\"ReadAction\",\"target\":[\"https:\\\/\\\/fifp.fr\\\/events\\\/la-vallee-du-feu\\\/\"]}]},{\"@type\":\"ImageObject\",\"inLanguage\":\"en-US\",\"@id\":\"https:\\\/\\\/fifp.fr\\\/events\\\/la-vallee-du-feu\\\/#primaryimage\",\"url\":\"https:\\\/\\\/fifp.fr\\\/wp-content\\\/uploads\\\/2022\\\/09\\\/Miramar-Ecran-Scene-Photos_17-scaled-e1664127558664.jpg\",\"contentUrl\":\"https:\\\/\\\/fifp.fr\\\/wp-content\\\/uploads\\\/2022\\\/09\\\/Miramar-Ecran-Scene-Photos_17-scaled-e1664127558664.jpg\",\"width\":2560,\"height\":1222},{\"@type\":\"BreadcrumbList\",\"@id\":\"https:\\\/\\\/fifp.fr\\\/events\\\/la-vallee-du-feu\\\/#breadcrumb\",\"itemListElement\":[{\"@type\":\"ListItem\",\"position\":1,\"name\":\"Festival Film Pan Africain De Cannes\",\"item\":\"https:\\\/\\\/fifp.fr\\\/\"},{\"@type\":\"ListItem\",\"position\":2,\"name\":\"\u00c9v\u00e9nements\",\"item\":\"https:\\\/\\\/fifp.fr\\\/events\\\/\"},{\"@type\":\"ListItem\",\"position\":3,\"name\":\"LA VALL\u00c9E DU FEU\"}]},{\"@type\":\"WebSite\",\"@id\":\"https:\\\/\\\/fifp.fr\\\/#website\",\"url\":\"https:\\\/\\\/fifp.fr\\\/\",\"name\":\"Festival International Du Film Pan Africain | Cannes\",\"description\":\"Au Coeur Du CInema &amp; Des Arts Pan Africain\",\"potentialAction\":[{\"@type\":\"SearchAction\",\"target\":{\"@type\":\"EntryPoint\",\"urlTemplate\":\"https:\\\/\\\/fifp.fr\\\/?s={search_term_string}\"},\"query-input\":{\"@type\":\"PropertyValueSpecification\",\"valueRequired\":true,\"valueName\":\"search_term_string\"}}],\"inLanguage\":\"en-US\"}]}<\/script>\n<!-- \/ Yoast SEO plugin. -->","yoast_head_json":{"title":"LA VALL\u00c9E DU FEU - Festival International Du Film Pan Africain | Cannes","robots":{"index":"index","follow":"follow","max-snippet":"max-snippet:-1","max-image-preview":"max-image-preview:large","max-video-preview":"max-video-preview:-1"},"canonical":"https:\/\/fifp.fr\/en\/events\/la-vallee-du-feu\/","og_locale":"en_US","og_type":"article","og_title":"LA VALL\u00c9E DU FEU - Festival International Du Film Pan Africain | Cannes","og_description":"R\u00e9alisateur(trice)\/Director: Christian Perez Alvarez Dur\u00e9e\/length: 00:19:00 Genre: Court m\u00e9trage, documentaire\/Short, documentary Origin: Peru, France Ann\u00e9e\/Year: 2022 Synopsis (FR) : Un [&hellip;]","og_url":"https:\/\/fifp.fr\/en\/events\/la-vallee-du-feu\/","og_site_name":"Festival International Du Film Pan Africain | Cannes","article_modified_time":"2022-09-25T17:40:31+00:00","og_image":[{"width":2560,"height":1222,"url":"https:\/\/fifp.fr\/wp-content\/uploads\/2022\/09\/Miramar-Ecran-Scene-Photos_17-scaled-e1664127558664.jpg","type":"image\/jpeg"}],"twitter_card":"summary_large_image","twitter_misc":{"Est. reading time":"1 minute"},"schema":{"@context":"https:\/\/schema.org","@graph":[{"@type":"WebPage","@id":"https:\/\/fifp.fr\/events\/la-vallee-du-feu\/","url":"https:\/\/fifp.fr\/events\/la-vallee-du-feu\/","name":"LA VALL\u00c9E DU FEU - Festival International Du Film Pan Africain | Cannes","isPartOf":{"@id":"https:\/\/fifp.fr\/#website"},"primaryImageOfPage":{"@id":"https:\/\/fifp.fr\/events\/la-vallee-du-feu\/#primaryimage"},"image":{"@id":"https:\/\/fifp.fr\/events\/la-vallee-du-feu\/#primaryimage"},"thumbnailUrl":"https:\/\/fifp.fr\/wp-content\/uploads\/2022\/09\/Miramar-Ecran-Scene-Photos_17-scaled-e1664127558664.jpg","datePublished":"2022-09-25T17:39:48+00:00","dateModified":"2022-09-25T17:40:31+00:00","breadcrumb":{"@id":"https:\/\/fifp.fr\/events\/la-vallee-du-feu\/#breadcrumb"},"inLanguage":"en-US","potentialAction":[{"@type":"ReadAction","target":["https:\/\/fifp.fr\/events\/la-vallee-du-feu\/"]}]},{"@type":"ImageObject","inLanguage":"en-US","@id":"https:\/\/fifp.fr\/events\/la-vallee-du-feu\/#primaryimage","url":"https:\/\/fifp.fr\/wp-content\/uploads\/2022\/09\/Miramar-Ecran-Scene-Photos_17-scaled-e1664127558664.jpg","contentUrl":"https:\/\/fifp.fr\/wp-content\/uploads\/2022\/09\/Miramar-Ecran-Scene-Photos_17-scaled-e1664127558664.jpg","width":2560,"height":1222},{"@type":"BreadcrumbList","@id":"https:\/\/fifp.fr\/events\/la-vallee-du-feu\/#breadcrumb","itemListElement":[{"@type":"ListItem","position":1,"name":"Festival Film Pan Africain De Cannes","item":"https:\/\/fifp.fr\/"},{"@type":"ListItem","position":2,"name":"\u00c9v\u00e9nements","item":"https:\/\/fifp.fr\/events\/"},{"@type":"ListItem","position":3,"name":"LA VALL\u00c9E DU FEU"}]},{"@type":"WebSite","@id":"https:\/\/fifp.fr\/#website","url":"https:\/\/fifp.fr\/","name":"Festival International Du Film Pan Africain | Cannes","description":"Au Coeur Du CInema &amp; Des Arts Pan Africain","potentialAction":[{"@type":"SearchAction","target":{"@type":"EntryPoint","urlTemplate":"https:\/\/fifp.fr\/?s={search_term_string}"},"query-input":{"@type":"PropertyValueSpecification","valueRequired":true,"valueName":"search_term_string"}}],"inLanguage":"en-US"}]}},"_links":{"self":[{"href":"https:\/\/fifp.fr\/en\/wp-json\/wp\/v2\/mec-events\/110717","targetHints":{"allow":["GET"]}}],"collection":[{"href":"https:\/\/fifp.fr\/en\/wp-json\/wp\/v2\/mec-events"}],"about":[{"href":"https:\/\/fifp.fr\/en\/wp-json\/wp\/v2\/types\/mec-events"}],"author":[{"embeddable":true,"href":"https:\/\/fifp.fr\/en\/wp-json\/wp\/v2\/users\/2"}],"replies":[{"embeddable":true,"href":"https:\/\/fifp.fr\/en\/wp-json\/wp\/v2\/comments?post=110717"}],"wp:featuredmedia":[{"embeddable":true,"href":"https:\/\/fifp.fr\/en\/wp-json\/wp\/v2\/media\/110718"}],"wp:attachment":[{"href":"https:\/\/fifp.fr\/en\/wp-json\/wp\/v2\/media?parent=110717"}],"wp:term":[{"taxonomy":"post_tag","embeddable":true,"href":"https:\/\/fifp.fr\/en\/wp-json\/wp\/v2\/tags?post=110717"},{"taxonomy":"mec_category","embeddable":true,"href":"https:\/\/fifp.fr\/en\/wp-json\/wp\/v2\/mec_category?post=110717"},{"taxonomy":"mec_speaker","embeddable":true,"href":"https:\/\/fifp.fr\/en\/wp-json\/wp\/v2\/mec_speaker?post=110717"}],"curies":[{"name":"wp","href":"https:\/\/api.w.org\/{rel}","templated":true}]}}

LA VALLÉE DU FEU

<p>Réalisateur(trice)/Director: Christian Perez Alvarez<br />
Durée/length: 00:19:00<br />
Genre: Court métrage, documentaire/Short, documentary<br />
Origin: Peru, France<br />
Année/Year: 2022</p>
<p>Synopsis (FR) : Un père et son fils font une merveilleuse aventure sportive dans les Andes pour découvrir la beauté de la montagne. Au cours de leur aventure, ils trouvent les raisons de notre existence et créent une complicité vitale entre les deux.</p>
<p>Synopsis (EN) (EL VALLE DEL FUEGO) : In the Andes, a father and his son make a fabulous sports adventure to discover the beauty of the mountain but also find the reason for our existence and create a vital complicity between both.</p>

<p>Réalisateur(trice)/Director: Christian Perez Alvarez Durée/length: 00:19:00 Genre: Court métrage, documentaire/Short, documentary Origin: Peru, France Année/Year: 2022 Synopsis (FR) : Un [&hellip;]</p>

<!-- This site is optimized with the Yoast SEO plugin v27.3 - https://yoast.com/product/yoast-seo-wordpress/ -->
<title>LA VALLÉE DU FEU - Festival International Du Film Pan Africain | Cannes</title>
<meta name="robots" content="index, follow, max-snippet:-1, max-image-preview:large, max-video-preview:-1" />
<link rel="canonical" href="https://fifp.fr/en/events/la-vallee-du-feu/" />
<meta property="og:locale" content="en_US" />
<meta property="og:type" content="article" />
<meta property="og:title" content="LA VALLÉE DU FEU - Festival International Du Film Pan Africain | Cannes" />
<meta property="og:description" content="Réalisateur(trice)/Director: Christian Perez Alvarez Durée/length: 00:19:00 Genre: Court métrage, documentaire/Short, documentary Origin: Peru, France Année/Year: 2022 Synopsis (FR) : Un [&hellip;]" />
<meta property="og:url" content="https://fifp.fr/en/events/la-vallee-du-feu/" />
<meta property="og:site_name" content="Festival International Du Film Pan Africain | Cannes" />
<meta property="article:modified_time" content="2022-09-25T17:40:31+00:00" />
<meta property="og:image" content="https://fifp.fr/wp-content/uploads/2022/09/Miramar-Ecran-Scene-Photos_17-scaled-e1664127558664.jpg" />
	<meta property="og:image:width" content="2560" />
	<meta property="og:image:height" content="1222" />
	<meta property="og:image:type" content="image/jpeg" />
<meta name="twitter:card" content="summary_large_image" />
<meta name="twitter:label1" content="Est. reading time" />
	<meta name="twitter:data1" content="1 minute" />
<script type="application/ld+json" class="yoast-schema-graph">{"@context":"https:\/\/schema.org","@graph":[{"@type":"WebPage","@id":"https:\/\/fifp.fr\/events\/la-vallee-du-feu\/","url":"https:\/\/fifp.fr\/events\/la-vallee-du-feu\/","name":"LA VALLÉE DU FEU - Festival International Du Film Pan Africain | Cannes","isPartOf":{"@id":"https:\/\/fifp.fr\/#website"},"primaryImageOfPage":{"@id":"https:\/\/fifp.fr\/events\/la-vallee-du-feu\/#primaryimage"},"image":{"@id":"https:\/\/fifp.fr\/events\/la-vallee-du-feu\/#primaryimage"},"thumbnailUrl":"https:\/\/fifp.fr\/wp-content\/uploads\/2022\/09\/Miramar-Ecran-Scene-Photos_17-scaled-e1664127558664.jpg","datePublished":"2022-09-25T17:39:48+00:00","dateModified":"2022-09-25T17:40:31+00:00","breadcrumb":{"@id":"https:\/\/fifp.fr\/events\/la-vallee-du-feu\/#breadcrumb"},"inLanguage":"en-US","potentialAction":[{"@type":"ReadAction","target":["https:\/\/fifp.fr\/events\/la-vallee-du-feu\/"]}]},{"@type":"ImageObject","inLanguage":"en-US","@id":"https:\/\/fifp.fr\/events\/la-vallee-du-feu\/#primaryimage","url":"https:\/\/fifp.fr\/wp-content\/uploads\/2022\/09\/Miramar-Ecran-Scene-Photos_17-scaled-e1664127558664.jpg","contentUrl":"https:\/\/fifp.fr\/wp-content\/uploads\/2022\/09\/Miramar-Ecran-Scene-Photos_17-scaled-e1664127558664.jpg","width":2560,"height":1222},{"@type":"BreadcrumbList","@id":"https:\/\/fifp.fr\/events\/la-vallee-du-feu\/#breadcrumb","itemListElement":[{"@type":"ListItem","position":1,"name":"Festival Film Pan Africain De Cannes","item":"https:\/\/fifp.fr\/"},{"@type":"ListItem","position":2,"name":"Événements","item":"https:\/\/fifp.fr\/events\/"},{"@type":"ListItem","position":3,"name":"LA VALLÉE DU FEU"}]},{"@type":"WebSite","@id":"https:\/\/fifp.fr\/#website","url":"https:\/\/fifp.fr\/","name":"Festival International Du Film Pan Africain | Cannes","description":"Au Coeur Du CInema &amp; Des Arts Pan Africain","potentialAction":[{"@type":"SearchAction","target":{"@type":"EntryPoint","urlTemplate":"https:\/\/fifp.fr\/?s={search_term_string}"},"query-input":{"@type":"PropertyValueSpecification","valueRequired":true,"valueName":"search_term_string"}}],"inLanguage":"en-US"}]}</script>
<!-- / Yoast SEO plugin. -->

LA VALLÉE DU FEU - Festival International Du Film Pan Africain | Cannes

Réalisateur(trice)/Director: Christian Perez Alvarez Durée/length: 00:19:00 Genre: Court métrage, documentaire/Short, documentary Origin: Peru, France Année/Year: 2022 Synopsis (FR) : Un [&hellip;]

Événements
