{"id":110765,"date":"2022-09-25T22:57:23","date_gmt":"2022-09-25T20:57:23","guid":{"rendered":"https:\/\/fifp.fr\/?post_type=mec-events&#038;p=110765"},"modified":"2022-09-25T23:12:12","modified_gmt":"2022-09-25T21:12:12","slug":"ici-sacheve-le-monde-connu","status":"publish","type":"mec-events","link":"https:\/\/fifp.fr\/en\/events\/ici-sacheve-le-monde-connu\/","title":{"rendered":"ICI S\u2019ACH\u00c8VE LE MONDE CONNU"},"content":{"rendered":"<div>\n<div>\n<p class=\"Standard\"><b><span lang=\"EN-CA\">Synopsis (FR) :<\/span><\/b><span lang=\"EN-CA\"> 1645. Guadeloupe. <\/span>Ib\u00e1tali, indig\u00e8ne Kalinago \u00e9pouse d&rsquo;un colon fran\u00e7ais, entra\u00eene Olaudah, captif africain en fuite, dans un p\u00e9riple o\u00f9 il peut perdre la libert\u00e9 et la vie. Elle est pr\u00eate \u00e0 le sacrifier pour sauver sa peau. Mais leurs blessures les rapprochent. Cela suffira-t-il pour qu\u2019ils deviennent autre chose que ce que la colonisation a d\u00e9cid\u00e9 qu\u2019ils seraient : une \u00ab Sauvage \u00bb \u00e0 exterminer, un \u00ab n\u00e8gre \u00bb \u00e0 esclavagiser ?<\/p>\n<\/div>\n<div>\n<p class=\"Standard\"><b><span lang=\"EN-CA\">Synopsis (EN):<\/span><\/b><span lang=\"EN-CA\"> <b>(HERE ENDS THE WORLD WE\u2019VE KNOWN)\u00a0<\/b> 1645. Guadeloupe, French West Indies. Ib\u00e1tali, a Native Kalinago (one of the Caribbean\u2019s first nations), is married to a French settler. She takes Olaudah, a Yoruba man, on a journey during which he could lose his freedom and above all, his life. She is willing to sacrifice him to save herself. But their wounds bring them closer. Will they manage to restore their humanity and escape their colonial fate: a \u201csavage\u201d destined to be exterminated, and a \u201cnigger\u201d destined to be enslaved?<\/span><\/p>\n<p>&nbsp;<\/p>\n<\/div>\n<\/div>\n<div>\n<p class=\"Standard\"><b>R\u00e9alisateur(trice)\/Director: <\/b>Anne-Sophie Nanki<\/p>\n<\/div>\n<div>\n<p class=\"Standard\"><b><span lang=\"EN-CA\">S\u00e9ance\/Screening: <\/span><\/b><span lang=\"EN-CA\">Le vendredi 21 octobre \u00e0 20h00\/Friday, October 21<sup>st<\/sup> at 8:00PM<\/span><\/p>\n<\/div>\n<div>\n<p class=\"Standard\"><b><span lang=\"EN-CA\">Dur\u00e9e\/length:<\/span><\/b><span lang=\"EN-CA\"> 00:25:00\u00a0\u00a0\u00a0\u00a0\u00a0\u00a0\u00a0 <\/span><\/p>\n<\/div>\n<div>\n<p class=\"Standard\"><b><span lang=\"EN-CA\">Genre:<\/span><\/b><span lang=\"EN-CA\"> Court-m\u00e9trage, fiction\/Short, fiction<\/span><\/p>\n<\/div>\n<div>\n<p class=\"Standard\"><b><span lang=\"EN-CA\">Origine :<\/span><\/b><span lang=\"EN-CA\"> France, Guadeloupe<\/span><\/p>\n<\/div>\n<div>\n<p class=\"Standard\"><b><span lang=\"EN-CA\">Ann\u00e9e\/Year:<\/span><\/b><span lang=\"EN-CA\"> 2021<\/span><\/p>\n<\/div>\n<div><\/div>\n<div>\n<p class=\"Standard\">\n<\/div>","protected":false},"excerpt":{"rendered":"<p>Synopsis (FR) : 1645. Guadeloupe. Ib\u00e1tali, indig\u00e8ne Kalinago \u00e9pouse d&rsquo;un colon fran\u00e7ais, entra\u00eene Olaudah, captif africain en fuite, dans un [&hellip;]<\/p>\n","protected":false},"author":2,"featured_media":110766,"comment_status":"closed","ping_status":"closed","template":"","tags":[],"mec_category":[377,383,384,385],"mec_speaker":[],"class_list":["post-110765","mec-events","type-mec-events","status-publish","has-post-thumbnail","hentry","mec_category-films-2022","mec_category-court-metrage-short-film-films-2022","mec_category-selection-officielle-official-selection","mec_category-fiction"],"yoast_head":"<!-- This site is optimized with the Yoast SEO plugin v27.3 - https:\/\/yoast.com\/product\/yoast-seo-wordpress\/ -->\n<title>ICI S\u2019ACH\u00c8VE LE MONDE CONNU - Festival International Du Film Pan Africain | Cannes<\/title>\n<meta name=\"robots\" content=\"index, follow, max-snippet:-1, max-image-preview:large, max-video-preview:-1\" \/>\n<link rel=\"canonical\" href=\"https:\/\/fifp.fr\/en\/events\/ici-sacheve-le-monde-connu\/\" \/>\n<meta property=\"og:locale\" content=\"en_US\" \/>\n<meta property=\"og:type\" content=\"article\" \/>\n<meta property=\"og:title\" content=\"ICI S\u2019ACH\u00c8VE LE MONDE CONNU - Festival International Du Film Pan Africain | Cannes\" \/>\n<meta property=\"og:description\" content=\"Synopsis (FR) : 1645. Guadeloupe. Ib\u00e1tali, indig\u00e8ne Kalinago \u00e9pouse d&rsquo;un colon fran\u00e7ais, entra\u00eene Olaudah, captif africain en fuite, dans un [&hellip;]\" \/>\n<meta property=\"og:url\" content=\"https:\/\/fifp.fr\/en\/events\/ici-sacheve-le-monde-connu\/\" \/>\n<meta property=\"og:site_name\" content=\"Festival International Du Film Pan Africain | Cannes\" \/>\n<meta property=\"article:modified_time\" content=\"2022-09-25T21:12:12+00:00\" \/>\n<meta property=\"og:image\" content=\"https:\/\/fifp.fr\/wp-content\/uploads\/2022\/09\/Miramar-Ecran-Scene-Photos_12-scaled-e1664139428631.jpg\" \/>\n\t<meta property=\"og:image:width\" content=\"2560\" \/>\n\t<meta property=\"og:image:height\" content=\"1222\" \/>\n\t<meta property=\"og:image:type\" content=\"image\/jpeg\" \/>\n<meta name=\"twitter:card\" content=\"summary_large_image\" \/>\n<meta name=\"twitter:label1\" content=\"Est. reading time\" \/>\n\t<meta name=\"twitter:data1\" content=\"1 minute\" \/>\n<script type=\"application\/ld+json\" class=\"yoast-schema-graph\">{\"@context\":\"https:\\\/\\\/schema.org\",\"@graph\":[{\"@type\":\"WebPage\",\"@id\":\"https:\\\/\\\/fifp.fr\\\/events\\\/ici-sacheve-le-monde-connu\\\/\",\"url\":\"https:\\\/\\\/fifp.fr\\\/events\\\/ici-sacheve-le-monde-connu\\\/\",\"name\":\"ICI S\u2019ACH\u00c8VE LE MONDE CONNU - Festival International Du Film Pan Africain | Cannes\",\"isPartOf\":{\"@id\":\"https:\\\/\\\/fifp.fr\\\/#website\"},\"primaryImageOfPage\":{\"@id\":\"https:\\\/\\\/fifp.fr\\\/events\\\/ici-sacheve-le-monde-connu\\\/#primaryimage\"},\"image\":{\"@id\":\"https:\\\/\\\/fifp.fr\\\/events\\\/ici-sacheve-le-monde-connu\\\/#primaryimage\"},\"thumbnailUrl\":\"https:\\\/\\\/fifp.fr\\\/wp-content\\\/uploads\\\/2022\\\/09\\\/Miramar-Ecran-Scene-Photos_12-scaled-e1664139428631.jpg\",\"datePublished\":\"2022-09-25T20:57:23+00:00\",\"dateModified\":\"2022-09-25T21:12:12+00:00\",\"breadcrumb\":{\"@id\":\"https:\\\/\\\/fifp.fr\\\/events\\\/ici-sacheve-le-monde-connu\\\/#breadcrumb\"},\"inLanguage\":\"en-US\",\"potentialAction\":[{\"@type\":\"ReadAction\",\"target\":[\"https:\\\/\\\/fifp.fr\\\/events\\\/ici-sacheve-le-monde-connu\\\/\"]}]},{\"@type\":\"ImageObject\",\"inLanguage\":\"en-US\",\"@id\":\"https:\\\/\\\/fifp.fr\\\/events\\\/ici-sacheve-le-monde-connu\\\/#primaryimage\",\"url\":\"https:\\\/\\\/fifp.fr\\\/wp-content\\\/uploads\\\/2022\\\/09\\\/Miramar-Ecran-Scene-Photos_12-scaled-e1664139428631.jpg\",\"contentUrl\":\"https:\\\/\\\/fifp.fr\\\/wp-content\\\/uploads\\\/2022\\\/09\\\/Miramar-Ecran-Scene-Photos_12-scaled-e1664139428631.jpg\",\"width\":2560,\"height\":1222},{\"@type\":\"BreadcrumbList\",\"@id\":\"https:\\\/\\\/fifp.fr\\\/events\\\/ici-sacheve-le-monde-connu\\\/#breadcrumb\",\"itemListElement\":[{\"@type\":\"ListItem\",\"position\":1,\"name\":\"Festival Film Pan Africain De Cannes\",\"item\":\"https:\\\/\\\/fifp.fr\\\/\"},{\"@type\":\"ListItem\",\"position\":2,\"name\":\"\u00c9v\u00e9nements\",\"item\":\"https:\\\/\\\/fifp.fr\\\/events\\\/\"},{\"@type\":\"ListItem\",\"position\":3,\"name\":\"ICI S\u2019ACH\u00c8VE LE MONDE CONNU\"}]},{\"@type\":\"WebSite\",\"@id\":\"https:\\\/\\\/fifp.fr\\\/#website\",\"url\":\"https:\\\/\\\/fifp.fr\\\/\",\"name\":\"Festival International Du Film Pan Africain | Cannes\",\"description\":\"Au Coeur Du CInema &amp; Des Arts Pan Africain\",\"potentialAction\":[{\"@type\":\"SearchAction\",\"target\":{\"@type\":\"EntryPoint\",\"urlTemplate\":\"https:\\\/\\\/fifp.fr\\\/?s={search_term_string}\"},\"query-input\":{\"@type\":\"PropertyValueSpecification\",\"valueRequired\":true,\"valueName\":\"search_term_string\"}}],\"inLanguage\":\"en-US\"}]}<\/script>\n<!-- \/ Yoast SEO plugin. -->","yoast_head_json":{"title":"ICI S\u2019ACH\u00c8VE LE MONDE CONNU - Festival International Du Film Pan Africain | Cannes","robots":{"index":"index","follow":"follow","max-snippet":"max-snippet:-1","max-image-preview":"max-image-preview:large","max-video-preview":"max-video-preview:-1"},"canonical":"https:\/\/fifp.fr\/en\/events\/ici-sacheve-le-monde-connu\/","og_locale":"en_US","og_type":"article","og_title":"ICI S\u2019ACH\u00c8VE LE MONDE CONNU - Festival International Du Film Pan Africain | Cannes","og_description":"Synopsis (FR) : 1645. Guadeloupe. Ib\u00e1tali, indig\u00e8ne Kalinago \u00e9pouse d&rsquo;un colon fran\u00e7ais, entra\u00eene Olaudah, captif africain en fuite, dans un [&hellip;]","og_url":"https:\/\/fifp.fr\/en\/events\/ici-sacheve-le-monde-connu\/","og_site_name":"Festival International Du Film Pan Africain | Cannes","article_modified_time":"2022-09-25T21:12:12+00:00","og_image":[{"width":2560,"height":1222,"url":"https:\/\/fifp.fr\/wp-content\/uploads\/2022\/09\/Miramar-Ecran-Scene-Photos_12-scaled-e1664139428631.jpg","type":"image\/jpeg"}],"twitter_card":"summary_large_image","twitter_misc":{"Est. reading time":"1 minute"},"schema":{"@context":"https:\/\/schema.org","@graph":[{"@type":"WebPage","@id":"https:\/\/fifp.fr\/events\/ici-sacheve-le-monde-connu\/","url":"https:\/\/fifp.fr\/events\/ici-sacheve-le-monde-connu\/","name":"ICI S\u2019ACH\u00c8VE LE MONDE CONNU - Festival International Du Film Pan Africain | Cannes","isPartOf":{"@id":"https:\/\/fifp.fr\/#website"},"primaryImageOfPage":{"@id":"https:\/\/fifp.fr\/events\/ici-sacheve-le-monde-connu\/#primaryimage"},"image":{"@id":"https:\/\/fifp.fr\/events\/ici-sacheve-le-monde-connu\/#primaryimage"},"thumbnailUrl":"https:\/\/fifp.fr\/wp-content\/uploads\/2022\/09\/Miramar-Ecran-Scene-Photos_12-scaled-e1664139428631.jpg","datePublished":"2022-09-25T20:57:23+00:00","dateModified":"2022-09-25T21:12:12+00:00","breadcrumb":{"@id":"https:\/\/fifp.fr\/events\/ici-sacheve-le-monde-connu\/#breadcrumb"},"inLanguage":"en-US","potentialAction":[{"@type":"ReadAction","target":["https:\/\/fifp.fr\/events\/ici-sacheve-le-monde-connu\/"]}]},{"@type":"ImageObject","inLanguage":"en-US","@id":"https:\/\/fifp.fr\/events\/ici-sacheve-le-monde-connu\/#primaryimage","url":"https:\/\/fifp.fr\/wp-content\/uploads\/2022\/09\/Miramar-Ecran-Scene-Photos_12-scaled-e1664139428631.jpg","contentUrl":"https:\/\/fifp.fr\/wp-content\/uploads\/2022\/09\/Miramar-Ecran-Scene-Photos_12-scaled-e1664139428631.jpg","width":2560,"height":1222},{"@type":"BreadcrumbList","@id":"https:\/\/fifp.fr\/events\/ici-sacheve-le-monde-connu\/#breadcrumb","itemListElement":[{"@type":"ListItem","position":1,"name":"Festival Film Pan Africain De Cannes","item":"https:\/\/fifp.fr\/"},{"@type":"ListItem","position":2,"name":"\u00c9v\u00e9nements","item":"https:\/\/fifp.fr\/events\/"},{"@type":"ListItem","position":3,"name":"ICI S\u2019ACH\u00c8VE LE MONDE CONNU"}]},{"@type":"WebSite","@id":"https:\/\/fifp.fr\/#website","url":"https:\/\/fifp.fr\/","name":"Festival International Du Film Pan Africain | Cannes","description":"Au Coeur Du CInema &amp; Des Arts Pan Africain","potentialAction":[{"@type":"SearchAction","target":{"@type":"EntryPoint","urlTemplate":"https:\/\/fifp.fr\/?s={search_term_string}"},"query-input":{"@type":"PropertyValueSpecification","valueRequired":true,"valueName":"search_term_string"}}],"inLanguage":"en-US"}]}},"_links":{"self":[{"href":"https:\/\/fifp.fr\/en\/wp-json\/wp\/v2\/mec-events\/110765","targetHints":{"allow":["GET"]}}],"collection":[{"href":"https:\/\/fifp.fr\/en\/wp-json\/wp\/v2\/mec-events"}],"about":[{"href":"https:\/\/fifp.fr\/en\/wp-json\/wp\/v2\/types\/mec-events"}],"author":[{"embeddable":true,"href":"https:\/\/fifp.fr\/en\/wp-json\/wp\/v2\/users\/2"}],"replies":[{"embeddable":true,"href":"https:\/\/fifp.fr\/en\/wp-json\/wp\/v2\/comments?post=110765"}],"wp:featuredmedia":[{"embeddable":true,"href":"https:\/\/fifp.fr\/en\/wp-json\/wp\/v2\/media\/110766"}],"wp:attachment":[{"href":"https:\/\/fifp.fr\/en\/wp-json\/wp\/v2\/media?parent=110765"}],"wp:term":[{"taxonomy":"post_tag","embeddable":true,"href":"https:\/\/fifp.fr\/en\/wp-json\/wp\/v2\/tags?post=110765"},{"taxonomy":"mec_category","embeddable":true,"href":"https:\/\/fifp.fr\/en\/wp-json\/wp\/v2\/mec_category?post=110765"},{"taxonomy":"mec_speaker","embeddable":true,"href":"https:\/\/fifp.fr\/en\/wp-json\/wp\/v2\/mec_speaker?post=110765"}],"curies":[{"name":"wp","href":"https:\/\/api.w.org\/{rel}","templated":true}]}}

ICI S’ACHÈVE LE MONDE CONNU

<div>
<div>
<p class="Standard"><b><span lang="EN-CA">Synopsis (FR) :</span></b><span lang="EN-CA"> 1645. Guadeloupe. </span>Ibátali, indigène Kalinago épouse d&rsquo;un colon français, entraîne Olaudah, captif africain en fuite, dans un périple où il peut perdre la liberté et la vie. Elle est prête à le sacrifier pour sauver sa peau. Mais leurs blessures les rapprochent. Cela suffira-t-il pour qu’ils deviennent autre chose que ce que la colonisation a décidé qu’ils seraient : une « Sauvage » à exterminer, un « nègre » à esclavagiser ?</p>
</div>
<div>
<p class="Standard"><b><span lang="EN-CA">Synopsis (EN):</span></b><span lang="EN-CA"> <b>(HERE ENDS THE WORLD WE’VE KNOWN) </b> 1645. Guadeloupe, French West Indies. Ibátali, a Native Kalinago (one of the Caribbean’s first nations), is married to a French settler. She takes Olaudah, a Yoruba man, on a journey during which he could lose his freedom and above all, his life. She is willing to sacrifice him to save herself. But their wounds bring them closer. Will they manage to restore their humanity and escape their colonial fate: a “savage” destined to be exterminated, and a “nigger” destined to be enslaved?</span></p>
<p>&nbsp;</p>
</div>
</div>
<div>
<p class="Standard"><b>Réalisateur(trice)/Director: </b>Anne-Sophie Nanki</p>
</div>
<div>
<p class="Standard"><b><span lang="EN-CA">Séance/Screening: </span></b><span lang="EN-CA">Le vendredi 21 octobre à 20h00/Friday, October 21<sup>st</sup> at 8:00PM</span></p>
</div>
<div>
<p class="Standard"><b><span lang="EN-CA">Durée/length:</span></b><span lang="EN-CA"> 00:25:00        </span></p>
</div>
<div>
<p class="Standard"><b><span lang="EN-CA">Genre:</span></b><span lang="EN-CA"> Court-métrage, fiction/Short, fiction</span></p>
</div>
<div>
<p class="Standard"><b><span lang="EN-CA">Origine :</span></b><span lang="EN-CA"> France, Guadeloupe</span></p>
</div>
<div>
<p class="Standard"><b><span lang="EN-CA">Année/Year:</span></b><span lang="EN-CA"> 2021</span></p>
</div>
<div></div>
<div>
<p class="Standard">
</div>

<p>Synopsis (FR) : 1645. Guadeloupe. Ibátali, indigène Kalinago épouse d&rsquo;un colon français, entraîne Olaudah, captif africain en fuite, dans un [&hellip;]</p>

<!-- This site is optimized with the Yoast SEO plugin v27.3 - https://yoast.com/product/yoast-seo-wordpress/ -->
<title>ICI S’ACHÈVE LE MONDE CONNU - Festival International Du Film Pan Africain | Cannes</title>
<meta name="robots" content="index, follow, max-snippet:-1, max-image-preview:large, max-video-preview:-1" />
<link rel="canonical" href="https://fifp.fr/en/events/ici-sacheve-le-monde-connu/" />
<meta property="og:locale" content="en_US" />
<meta property="og:type" content="article" />
<meta property="og:title" content="ICI S’ACHÈVE LE MONDE CONNU - Festival International Du Film Pan Africain | Cannes" />
<meta property="og:description" content="Synopsis (FR) : 1645. Guadeloupe. Ibátali, indigène Kalinago épouse d&rsquo;un colon français, entraîne Olaudah, captif africain en fuite, dans un [&hellip;]" />
<meta property="og:url" content="https://fifp.fr/en/events/ici-sacheve-le-monde-connu/" />
<meta property="og:site_name" content="Festival International Du Film Pan Africain | Cannes" />
<meta property="article:modified_time" content="2022-09-25T21:12:12+00:00" />
<meta property="og:image" content="https://fifp.fr/wp-content/uploads/2022/09/Miramar-Ecran-Scene-Photos_12-scaled-e1664139428631.jpg" />
	<meta property="og:image:width" content="2560" />
	<meta property="og:image:height" content="1222" />
	<meta property="og:image:type" content="image/jpeg" />
<meta name="twitter:card" content="summary_large_image" />
<meta name="twitter:label1" content="Est. reading time" />
	<meta name="twitter:data1" content="1 minute" />
<script type="application/ld+json" class="yoast-schema-graph">{"@context":"https:\/\/schema.org","@graph":[{"@type":"WebPage","@id":"https:\/\/fifp.fr\/events\/ici-sacheve-le-monde-connu\/","url":"https:\/\/fifp.fr\/events\/ici-sacheve-le-monde-connu\/","name":"ICI S’ACHÈVE LE MONDE CONNU - Festival International Du Film Pan Africain | Cannes","isPartOf":{"@id":"https:\/\/fifp.fr\/#website"},"primaryImageOfPage":{"@id":"https:\/\/fifp.fr\/events\/ici-sacheve-le-monde-connu\/#primaryimage"},"image":{"@id":"https:\/\/fifp.fr\/events\/ici-sacheve-le-monde-connu\/#primaryimage"},"thumbnailUrl":"https:\/\/fifp.fr\/wp-content\/uploads\/2022\/09\/Miramar-Ecran-Scene-Photos_12-scaled-e1664139428631.jpg","datePublished":"2022-09-25T20:57:23+00:00","dateModified":"2022-09-25T21:12:12+00:00","breadcrumb":{"@id":"https:\/\/fifp.fr\/events\/ici-sacheve-le-monde-connu\/#breadcrumb"},"inLanguage":"en-US","potentialAction":[{"@type":"ReadAction","target":["https:\/\/fifp.fr\/events\/ici-sacheve-le-monde-connu\/"]}]},{"@type":"ImageObject","inLanguage":"en-US","@id":"https:\/\/fifp.fr\/events\/ici-sacheve-le-monde-connu\/#primaryimage","url":"https:\/\/fifp.fr\/wp-content\/uploads\/2022\/09\/Miramar-Ecran-Scene-Photos_12-scaled-e1664139428631.jpg","contentUrl":"https:\/\/fifp.fr\/wp-content\/uploads\/2022\/09\/Miramar-Ecran-Scene-Photos_12-scaled-e1664139428631.jpg","width":2560,"height":1222},{"@type":"BreadcrumbList","@id":"https:\/\/fifp.fr\/events\/ici-sacheve-le-monde-connu\/#breadcrumb","itemListElement":[{"@type":"ListItem","position":1,"name":"Festival Film Pan Africain De Cannes","item":"https:\/\/fifp.fr\/"},{"@type":"ListItem","position":2,"name":"Événements","item":"https:\/\/fifp.fr\/events\/"},{"@type":"ListItem","position":3,"name":"ICI S’ACHÈVE LE MONDE CONNU"}]},{"@type":"WebSite","@id":"https:\/\/fifp.fr\/#website","url":"https:\/\/fifp.fr\/","name":"Festival International Du Film Pan Africain | Cannes","description":"Au Coeur Du CInema &amp; Des Arts Pan Africain","potentialAction":[{"@type":"SearchAction","target":{"@type":"EntryPoint","urlTemplate":"https:\/\/fifp.fr\/?s={search_term_string}"},"query-input":{"@type":"PropertyValueSpecification","valueRequired":true,"valueName":"search_term_string"}}],"inLanguage":"en-US"}]}</script>
<!-- / Yoast SEO plugin. -->

ICI S’ACHÈVE LE MONDE CONNU - Festival International Du Film Pan Africain | Cannes

Synopsis (FR) : 1645. Guadeloupe. Ibátali, indigène Kalinago épouse d&rsquo;un colon français, entraîne Olaudah, captif africain en fuite, dans un [&hellip;]

Événements
