{"id":110812,"date":"2022-09-25T23:32:33","date_gmt":"2022-09-25T21:32:33","guid":{"rendered":"https:\/\/fifp.fr\/?post_type=mec-events&#038;p=110812"},"modified":"2022-09-25T23:32:51","modified_gmt":"2022-09-25T21:32:51","slug":"la-beaute-noire","status":"publish","type":"mec-events","link":"https:\/\/fifp.fr\/en\/events\/la-beaute-noire\/","title":{"rendered":"LA BEAUT\u00c9 NOIRE"},"content":{"rendered":"<div>\n<p>Synopsis (FR) : En 1973, Eunice Johnson, la fondatrice des magazines Ebony et Jet, constate un probl\u00e8me : les femmes noires doivent m\u00e9langer elles-m\u00eames leur fond de teint afin de trouver une couleur assortie \u00e0 leur peau. Pour r\u00e9soudre le probl\u00e8me, Johnson a lanc\u00e9 Fashion Fair, la premi\u00e8re entreprise nationale de cosm\u00e9tiques enti\u00e8rement ax\u00e9e sur les femmes noires.<br \/>\nCe film suit l&rsquo;actuelle PDG de Fashion Fair Desiree Rogers et la pr\u00e9sidente Cheryl Mayberry McKissack.<\/p>\n<p>Synopsis (EN): <span lang=\"EN-CA\">\u00a0(THE BEAUTY OF BLACKNESS)\u00a0<\/span>\u00a0In 1973, Eunice Johnson, the founder of Ebony and Jet, noticed a problem: Black women had to mix their own foundation in order to find a color that matched their skin. To tackle the problem, Johnson launched Fashion Fair, the first national cosmetics company that focused entirely on Black women. The brand triggered a renaissance in style amongst Black women and the global cosmetics industry took notice. Now Fashion Fair is staging its comeback as a black-owned business in a new era defined by massive cultural shifts and increased competition. This film follows current Fashion Fair CEO Desiree Rogers and President Cheryl Mayberry McKissack as they chart a path as Black women entrepreneurs at the helm of a revived, iconic brand.<\/p>\n<p class=\"Standard\">\n<\/div>\n<div>\n<p class=\"Standard\"><b><span lang=\"EN-CA\">R\u00e9alisateur(trice)\/Director: <\/span><\/b><span lang=\"EN-CA\">Tiffany Johnson<\/span><\/p>\n<\/div>\n<div>\n<p class=\"Standard\"><b><span lang=\"EN-CA\">S\u00e9ance\/Screening: <\/span><\/b><span lang=\"EN-CA\">Le samedi 22 octobre \u00e0 11h00\/Saturday, October 22<sup>nd<\/sup> at 11:00AM<\/span><\/p>\n<\/div>\n<div>\n<p class=\"Standard\"><b>Dur\u00e9e\/length:<\/b> 01:10:00<\/p>\n<\/div>\n<div>\n<p class=\"Standard\"><b>Genre:<\/b> Long-m\u00e9trage, documentaire \/Feature, documentary<\/p>\n<\/div>\n<div>\n<p class=\"Standard\"><b>Origine :<\/b> \u00c9tats-Unis\/United States<\/p>\n<\/div>\n<div>\n<p class=\"Standard\"><b>Ann\u00e9e\/Year:<\/b> 2021<\/p>\n<\/div>","protected":false},"excerpt":{"rendered":"<p>Synopsis (FR) : En 1973, Eunice Johnson, la fondatrice des magazines Ebony et Jet, constate un probl\u00e8me : les femmes [&hellip;]<\/p>\n","protected":false},"author":2,"featured_media":110819,"comment_status":"closed","ping_status":"closed","template":"","tags":[],"mec_category":[377,381,382,384],"mec_speaker":[],"class_list":["post-110812","mec-events","type-mec-events","status-publish","has-post-thumbnail","hentry","mec_category-films-2022","mec_category-long-metrage-feature","mec_category-doc-films-2022","mec_category-selection-officielle-official-selection"],"yoast_head":"<!-- This site is optimized with the Yoast SEO plugin v27.3 - https:\/\/yoast.com\/product\/yoast-seo-wordpress\/ -->\n<title>LA BEAUT\u00c9 NOIRE - Festival International Du Film Pan Africain | Cannes<\/title>\n<meta name=\"robots\" content=\"index, follow, max-snippet:-1, max-image-preview:large, max-video-preview:-1\" \/>\n<link rel=\"canonical\" href=\"https:\/\/fifp.fr\/en\/events\/la-beaute-noire\/\" \/>\n<meta property=\"og:locale\" content=\"en_US\" \/>\n<meta property=\"og:type\" content=\"article\" \/>\n<meta property=\"og:title\" content=\"LA BEAUT\u00c9 NOIRE - Festival International Du Film Pan Africain | Cannes\" \/>\n<meta property=\"og:description\" content=\"Synopsis (FR) : En 1973, Eunice Johnson, la fondatrice des magazines Ebony et Jet, constate un probl\u00e8me : les femmes [&hellip;]\" \/>\n<meta property=\"og:url\" content=\"https:\/\/fifp.fr\/en\/events\/la-beaute-noire\/\" \/>\n<meta property=\"og:site_name\" content=\"Festival International Du Film Pan Africain | Cannes\" \/>\n<meta property=\"article:modified_time\" content=\"2022-09-25T21:32:51+00:00\" \/>\n<meta property=\"og:image\" content=\"https:\/\/fifp.fr\/wp-content\/uploads\/2022\/09\/Capture-decran-2022-09-25-a-23.31.52.png\" \/>\n\t<meta property=\"og:image:width\" content=\"2194\" \/>\n\t<meta property=\"og:image:height\" content=\"1044\" \/>\n\t<meta property=\"og:image:type\" content=\"image\/png\" \/>\n<meta name=\"twitter:card\" content=\"summary_large_image\" \/>\n<meta name=\"twitter:label1\" content=\"Est. reading time\" \/>\n\t<meta name=\"twitter:data1\" content=\"2 minutes\" \/>\n<script type=\"application\/ld+json\" class=\"yoast-schema-graph\">{\"@context\":\"https:\\\/\\\/schema.org\",\"@graph\":[{\"@type\":\"WebPage\",\"@id\":\"https:\\\/\\\/fifp.fr\\\/events\\\/la-beaute-noire\\\/\",\"url\":\"https:\\\/\\\/fifp.fr\\\/events\\\/la-beaute-noire\\\/\",\"name\":\"LA BEAUT\u00c9 NOIRE - Festival International Du Film Pan Africain | Cannes\",\"isPartOf\":{\"@id\":\"https:\\\/\\\/fifp.fr\\\/#website\"},\"primaryImageOfPage\":{\"@id\":\"https:\\\/\\\/fifp.fr\\\/events\\\/la-beaute-noire\\\/#primaryimage\"},\"image\":{\"@id\":\"https:\\\/\\\/fifp.fr\\\/events\\\/la-beaute-noire\\\/#primaryimage\"},\"thumbnailUrl\":\"https:\\\/\\\/fifp.fr\\\/wp-content\\\/uploads\\\/2022\\\/09\\\/Capture-decran-2022-09-25-a-23.31.52.png\",\"datePublished\":\"2022-09-25T21:32:33+00:00\",\"dateModified\":\"2022-09-25T21:32:51+00:00\",\"breadcrumb\":{\"@id\":\"https:\\\/\\\/fifp.fr\\\/events\\\/la-beaute-noire\\\/#breadcrumb\"},\"inLanguage\":\"en-US\",\"potentialAction\":[{\"@type\":\"ReadAction\",\"target\":[\"https:\\\/\\\/fifp.fr\\\/events\\\/la-beaute-noire\\\/\"]}]},{\"@type\":\"ImageObject\",\"inLanguage\":\"en-US\",\"@id\":\"https:\\\/\\\/fifp.fr\\\/events\\\/la-beaute-noire\\\/#primaryimage\",\"url\":\"https:\\\/\\\/fifp.fr\\\/wp-content\\\/uploads\\\/2022\\\/09\\\/Capture-decran-2022-09-25-a-23.31.52.png\",\"contentUrl\":\"https:\\\/\\\/fifp.fr\\\/wp-content\\\/uploads\\\/2022\\\/09\\\/Capture-decran-2022-09-25-a-23.31.52.png\",\"width\":2194,\"height\":1044},{\"@type\":\"BreadcrumbList\",\"@id\":\"https:\\\/\\\/fifp.fr\\\/events\\\/la-beaute-noire\\\/#breadcrumb\",\"itemListElement\":[{\"@type\":\"ListItem\",\"position\":1,\"name\":\"Festival Film Pan Africain De Cannes\",\"item\":\"https:\\\/\\\/fifp.fr\\\/\"},{\"@type\":\"ListItem\",\"position\":2,\"name\":\"\u00c9v\u00e9nements\",\"item\":\"https:\\\/\\\/fifp.fr\\\/events\\\/\"},{\"@type\":\"ListItem\",\"position\":3,\"name\":\"LA BEAUT\u00c9 NOIRE\"}]},{\"@type\":\"WebSite\",\"@id\":\"https:\\\/\\\/fifp.fr\\\/#website\",\"url\":\"https:\\\/\\\/fifp.fr\\\/\",\"name\":\"Festival International Du Film Pan Africain | Cannes\",\"description\":\"Au Coeur Du CInema &amp; Des Arts Pan Africain\",\"potentialAction\":[{\"@type\":\"SearchAction\",\"target\":{\"@type\":\"EntryPoint\",\"urlTemplate\":\"https:\\\/\\\/fifp.fr\\\/?s={search_term_string}\"},\"query-input\":{\"@type\":\"PropertyValueSpecification\",\"valueRequired\":true,\"valueName\":\"search_term_string\"}}],\"inLanguage\":\"en-US\"}]}<\/script>\n<!-- \/ Yoast SEO plugin. -->","yoast_head_json":{"title":"LA BEAUT\u00c9 NOIRE - Festival International Du Film Pan Africain | Cannes","robots":{"index":"index","follow":"follow","max-snippet":"max-snippet:-1","max-image-preview":"max-image-preview:large","max-video-preview":"max-video-preview:-1"},"canonical":"https:\/\/fifp.fr\/en\/events\/la-beaute-noire\/","og_locale":"en_US","og_type":"article","og_title":"LA BEAUT\u00c9 NOIRE - Festival International Du Film Pan Africain | Cannes","og_description":"Synopsis (FR) : En 1973, Eunice Johnson, la fondatrice des magazines Ebony et Jet, constate un probl\u00e8me : les femmes [&hellip;]","og_url":"https:\/\/fifp.fr\/en\/events\/la-beaute-noire\/","og_site_name":"Festival International Du Film Pan Africain | Cannes","article_modified_time":"2022-09-25T21:32:51+00:00","og_image":[{"width":2194,"height":1044,"url":"https:\/\/fifp.fr\/wp-content\/uploads\/2022\/09\/Capture-decran-2022-09-25-a-23.31.52.png","type":"image\/png"}],"twitter_card":"summary_large_image","twitter_misc":{"Est. reading time":"2 minutes"},"schema":{"@context":"https:\/\/schema.org","@graph":[{"@type":"WebPage","@id":"https:\/\/fifp.fr\/events\/la-beaute-noire\/","url":"https:\/\/fifp.fr\/events\/la-beaute-noire\/","name":"LA BEAUT\u00c9 NOIRE - Festival International Du Film Pan Africain | Cannes","isPartOf":{"@id":"https:\/\/fifp.fr\/#website"},"primaryImageOfPage":{"@id":"https:\/\/fifp.fr\/events\/la-beaute-noire\/#primaryimage"},"image":{"@id":"https:\/\/fifp.fr\/events\/la-beaute-noire\/#primaryimage"},"thumbnailUrl":"https:\/\/fifp.fr\/wp-content\/uploads\/2022\/09\/Capture-decran-2022-09-25-a-23.31.52.png","datePublished":"2022-09-25T21:32:33+00:00","dateModified":"2022-09-25T21:32:51+00:00","breadcrumb":{"@id":"https:\/\/fifp.fr\/events\/la-beaute-noire\/#breadcrumb"},"inLanguage":"en-US","potentialAction":[{"@type":"ReadAction","target":["https:\/\/fifp.fr\/events\/la-beaute-noire\/"]}]},{"@type":"ImageObject","inLanguage":"en-US","@id":"https:\/\/fifp.fr\/events\/la-beaute-noire\/#primaryimage","url":"https:\/\/fifp.fr\/wp-content\/uploads\/2022\/09\/Capture-decran-2022-09-25-a-23.31.52.png","contentUrl":"https:\/\/fifp.fr\/wp-content\/uploads\/2022\/09\/Capture-decran-2022-09-25-a-23.31.52.png","width":2194,"height":1044},{"@type":"BreadcrumbList","@id":"https:\/\/fifp.fr\/events\/la-beaute-noire\/#breadcrumb","itemListElement":[{"@type":"ListItem","position":1,"name":"Festival Film Pan Africain De Cannes","item":"https:\/\/fifp.fr\/"},{"@type":"ListItem","position":2,"name":"\u00c9v\u00e9nements","item":"https:\/\/fifp.fr\/events\/"},{"@type":"ListItem","position":3,"name":"LA BEAUT\u00c9 NOIRE"}]},{"@type":"WebSite","@id":"https:\/\/fifp.fr\/#website","url":"https:\/\/fifp.fr\/","name":"Festival International Du Film Pan Africain | Cannes","description":"Au Coeur Du CInema &amp; Des Arts Pan Africain","potentialAction":[{"@type":"SearchAction","target":{"@type":"EntryPoint","urlTemplate":"https:\/\/fifp.fr\/?s={search_term_string}"},"query-input":{"@type":"PropertyValueSpecification","valueRequired":true,"valueName":"search_term_string"}}],"inLanguage":"en-US"}]}},"_links":{"self":[{"href":"https:\/\/fifp.fr\/en\/wp-json\/wp\/v2\/mec-events\/110812","targetHints":{"allow":["GET"]}}],"collection":[{"href":"https:\/\/fifp.fr\/en\/wp-json\/wp\/v2\/mec-events"}],"about":[{"href":"https:\/\/fifp.fr\/en\/wp-json\/wp\/v2\/types\/mec-events"}],"author":[{"embeddable":true,"href":"https:\/\/fifp.fr\/en\/wp-json\/wp\/v2\/users\/2"}],"replies":[{"embeddable":true,"href":"https:\/\/fifp.fr\/en\/wp-json\/wp\/v2\/comments?post=110812"}],"wp:featuredmedia":[{"embeddable":true,"href":"https:\/\/fifp.fr\/en\/wp-json\/wp\/v2\/media\/110819"}],"wp:attachment":[{"href":"https:\/\/fifp.fr\/en\/wp-json\/wp\/v2\/media?parent=110812"}],"wp:term":[{"taxonomy":"post_tag","embeddable":true,"href":"https:\/\/fifp.fr\/en\/wp-json\/wp\/v2\/tags?post=110812"},{"taxonomy":"mec_category","embeddable":true,"href":"https:\/\/fifp.fr\/en\/wp-json\/wp\/v2\/mec_category?post=110812"},{"taxonomy":"mec_speaker","embeddable":true,"href":"https:\/\/fifp.fr\/en\/wp-json\/wp\/v2\/mec_speaker?post=110812"}],"curies":[{"name":"wp","href":"https:\/\/api.w.org\/{rel}","templated":true}]}}

LA BEAUTÉ NOIRE

<div>
<p>Synopsis (FR) : En 1973, Eunice Johnson, la fondatrice des magazines Ebony et Jet, constate un problème : les femmes noires doivent mélanger elles-mêmes leur fond de teint afin de trouver une couleur assortie à leur peau. Pour résoudre le problème, Johnson a lancé Fashion Fair, la première entreprise nationale de cosmétiques entièrement axée sur les femmes noires.<br />
Ce film suit l&rsquo;actuelle PDG de Fashion Fair Desiree Rogers et la présidente Cheryl Mayberry McKissack.</p>
<p>Synopsis (EN): <span lang="EN-CA"> (THE BEAUTY OF BLACKNESS) </span> In 1973, Eunice Johnson, the founder of Ebony and Jet, noticed a problem: Black women had to mix their own foundation in order to find a color that matched their skin. To tackle the problem, Johnson launched Fashion Fair, the first national cosmetics company that focused entirely on Black women. The brand triggered a renaissance in style amongst Black women and the global cosmetics industry took notice. Now Fashion Fair is staging its comeback as a black-owned business in a new era defined by massive cultural shifts and increased competition. This film follows current Fashion Fair CEO Desiree Rogers and President Cheryl Mayberry McKissack as they chart a path as Black women entrepreneurs at the helm of a revived, iconic brand.</p>
<p class="Standard">
</div>
<div>
<p class="Standard"><b><span lang="EN-CA">Réalisateur(trice)/Director: </span></b><span lang="EN-CA">Tiffany Johnson</span></p>
</div>
<div>
<p class="Standard"><b><span lang="EN-CA">Séance/Screening: </span></b><span lang="EN-CA">Le samedi 22 octobre à 11h00/Saturday, October 22<sup>nd</sup> at 11:00AM</span></p>
</div>
<div>
<p class="Standard"><b>Durée/length:</b> 01:10:00</p>
</div>
<div>
<p class="Standard"><b>Genre:</b> Long-métrage, documentaire /Feature, documentary</p>
</div>
<div>
<p class="Standard"><b>Origine :</b> États-Unis/United States</p>
</div>
<div>
<p class="Standard"><b>Année/Year:</b> 2021</p>
</div>

<p>Synopsis (FR) : En 1973, Eunice Johnson, la fondatrice des magazines Ebony et Jet, constate un problème : les femmes [&hellip;]</p>

<!-- This site is optimized with the Yoast SEO plugin v27.3 - https://yoast.com/product/yoast-seo-wordpress/ -->
<title>LA BEAUTÉ NOIRE - Festival International Du Film Pan Africain | Cannes</title>
<meta name="robots" content="index, follow, max-snippet:-1, max-image-preview:large, max-video-preview:-1" />
<link rel="canonical" href="https://fifp.fr/en/events/la-beaute-noire/" />
<meta property="og:locale" content="en_US" />
<meta property="og:type" content="article" />
<meta property="og:title" content="LA BEAUTÉ NOIRE - Festival International Du Film Pan Africain | Cannes" />
<meta property="og:description" content="Synopsis (FR) : En 1973, Eunice Johnson, la fondatrice des magazines Ebony et Jet, constate un problème : les femmes [&hellip;]" />
<meta property="og:url" content="https://fifp.fr/en/events/la-beaute-noire/" />
<meta property="og:site_name" content="Festival International Du Film Pan Africain | Cannes" />
<meta property="article:modified_time" content="2022-09-25T21:32:51+00:00" />
<meta property="og:image" content="https://fifp.fr/wp-content/uploads/2022/09/Capture-decran-2022-09-25-a-23.31.52.png" />
	<meta property="og:image:width" content="2194" />
	<meta property="og:image:height" content="1044" />
	<meta property="og:image:type" content="image/png" />
<meta name="twitter:card" content="summary_large_image" />
<meta name="twitter:label1" content="Est. reading time" />
	<meta name="twitter:data1" content="2 minutes" />
<script type="application/ld+json" class="yoast-schema-graph">{"@context":"https:\/\/schema.org","@graph":[{"@type":"WebPage","@id":"https:\/\/fifp.fr\/events\/la-beaute-noire\/","url":"https:\/\/fifp.fr\/events\/la-beaute-noire\/","name":"LA BEAUTÉ NOIRE - Festival International Du Film Pan Africain | Cannes","isPartOf":{"@id":"https:\/\/fifp.fr\/#website"},"primaryImageOfPage":{"@id":"https:\/\/fifp.fr\/events\/la-beaute-noire\/#primaryimage"},"image":{"@id":"https:\/\/fifp.fr\/events\/la-beaute-noire\/#primaryimage"},"thumbnailUrl":"https:\/\/fifp.fr\/wp-content\/uploads\/2022\/09\/Capture-decran-2022-09-25-a-23.31.52.png","datePublished":"2022-09-25T21:32:33+00:00","dateModified":"2022-09-25T21:32:51+00:00","breadcrumb":{"@id":"https:\/\/fifp.fr\/events\/la-beaute-noire\/#breadcrumb"},"inLanguage":"en-US","potentialAction":[{"@type":"ReadAction","target":["https:\/\/fifp.fr\/events\/la-beaute-noire\/"]}]},{"@type":"ImageObject","inLanguage":"en-US","@id":"https:\/\/fifp.fr\/events\/la-beaute-noire\/#primaryimage","url":"https:\/\/fifp.fr\/wp-content\/uploads\/2022\/09\/Capture-decran-2022-09-25-a-23.31.52.png","contentUrl":"https:\/\/fifp.fr\/wp-content\/uploads\/2022\/09\/Capture-decran-2022-09-25-a-23.31.52.png","width":2194,"height":1044},{"@type":"BreadcrumbList","@id":"https:\/\/fifp.fr\/events\/la-beaute-noire\/#breadcrumb","itemListElement":[{"@type":"ListItem","position":1,"name":"Festival Film Pan Africain De Cannes","item":"https:\/\/fifp.fr\/"},{"@type":"ListItem","position":2,"name":"Événements","item":"https:\/\/fifp.fr\/events\/"},{"@type":"ListItem","position":3,"name":"LA BEAUTÉ NOIRE"}]},{"@type":"WebSite","@id":"https:\/\/fifp.fr\/#website","url":"https:\/\/fifp.fr\/","name":"Festival International Du Film Pan Africain | Cannes","description":"Au Coeur Du CInema &amp; Des Arts Pan Africain","potentialAction":[{"@type":"SearchAction","target":{"@type":"EntryPoint","urlTemplate":"https:\/\/fifp.fr\/?s={search_term_string}"},"query-input":{"@type":"PropertyValueSpecification","valueRequired":true,"valueName":"search_term_string"}}],"inLanguage":"en-US"}]}</script>
<!-- / Yoast SEO plugin. -->

LA BEAUTÉ NOIRE - Festival International Du Film Pan Africain | Cannes

Synopsis (FR) : En 1973, Eunice Johnson, la fondatrice des magazines Ebony et Jet, constate un problème : les femmes [&hellip;]

Événements
