{"id":110841,"date":"2022-09-25T23:48:35","date_gmt":"2022-09-25T21:48:35","guid":{"rendered":"https:\/\/fifp.fr\/?post_type=mec-events&#038;p=110841"},"modified":"2022-09-25T23:48:35","modified_gmt":"2022-09-25T21:48:35","slug":"les-femmes-de-la-libie-un-message-despoir","status":"publish","type":"mec-events","link":"https:\/\/fifp.fr\/en\/events\/les-femmes-de-la-libie-un-message-despoir\/","title":{"rendered":"LES FEMMES DE LA LIBIE, UN MESSAGE D\u2019ESPOIR"},"content":{"rendered":"<div>\n<div>\n<p class=\"Standard\"><b>Synopsis (FR) :<\/b> Le dicton \u00ab\u00a0les femmes sont l&rsquo;\u00e9pine dorsale de la soci\u00e9t\u00e9\u00a0\u00bb est certainement vrai pour la plus ancienne r\u00e9publique d&rsquo;Afrique. C&rsquo;est un endroit o\u00f9 les femmes sont une force impressionnante derri\u00e8re le changement et un moteur majeur du d\u00e9veloppement, de l&rsquo;\u00e9ducation et d&rsquo;une paix durable. Le 20e anniversaire de la fin de la deuxi\u00e8me guerre civile au Lib\u00e9ria approche \u00e0 grands pas, et c&rsquo;est en grande partie gr\u00e2ce aux militantes que la paix a \u00e9t\u00e9 maintenue. Dans le cadre du projet actuel de Rediscover Liberia \u00ab\u00a0Women of Liberia\u00a0\u00bb, nous avons invit\u00e9 des femmes lib\u00e9riennes inspirantes \u00e0 parler de leur chemin vers le succ\u00e8s. Tout en r\u00e9fl\u00e9chissant \u00e0 leur avenir et \u00e0 leur h\u00e9ritage, on leur a demand\u00e9 de partager un message d&rsquo;espoir aux filles et aux femmes, voici ce qu&rsquo;elles avaient \u00e0 dire\u2026<\/p>\n<\/div>\n<div>\n<p class=\"Standard\"><b><span lang=\"EN-CA\">Synopsis (EN):<\/span><\/b><span lang=\"EN-CA\"> <b>\u00a0(WOMEN OF LIBERIA, A MESSAGE OF HOPE)\u00a0<\/b>The saying \u201cwomen are the backbone of society\u201d certainly holds true for Africa\u2019s oldest republic. It is a place where women are an impressive force behind change and a major driver of development, education, and long lasting peace. The 20th anniversary to the end of the second civil war in Liberia is around the corner, and it is grossly thanks to female activists that peace has been sustained. As part of Rediscover Liberia\u2019s current project \u201cWomen of Liberia\u201d, we invited inspirational Liberian women to talk about their road to success. Whilst contemplating their future and thinking about their legacy, they were asked to share a message of hope to girls and women, here\u2019s what they had to say\u2026<\/span><\/p>\n<p>&nbsp;<\/p>\n<\/div>\n<\/div>\n<div>\n<p class=\"Standard\"><b>R\u00e9alisateur(trice)\/Director: <\/b>Sarah Evans<\/p>\n<\/div>\n<div>\n<p class=\"Standard\"><b>S\u00e9ance\/Screening: <\/b>Le samedi 22 octobre \u00e0 15h40\/Saturday, October 22<sup>nd<\/sup> at 3:40PM<\/p>\n<\/div>\n<div>\n<p class=\"Standard\"><b>Dur\u00e9e\/length:<\/b> 00:06:04<\/p>\n<\/div>\n<div>\n<p class=\"Standard\"><b>Genre:<\/b> Court-m\u00e9trage, documentaire \/Short, documentary<\/p>\n<\/div>\n<div>\n<p class=\"Standard\"><b>Origine :<\/b> Libie\/Liberia<\/p>\n<\/div>\n<div>\n<p class=\"Standard\"><b>Ann\u00e9e\/Year:<\/b> 2022<\/p>\n<\/div>\n<div>\n<p class=\"Standard\"><b>\u00a0<\/b><\/p>\n<\/div>\n<div><\/div>\n<div>\n<p class=\"Standard\">\n<\/div>","protected":false},"excerpt":{"rendered":"<p>Synopsis (FR) : Le dicton \u00ab\u00a0les femmes sont l&rsquo;\u00e9pine dorsale de la soci\u00e9t\u00e9\u00a0\u00bb est certainement vrai pour la plus ancienne [&hellip;]<\/p>\n","protected":false},"author":2,"featured_media":110848,"comment_status":"closed","ping_status":"closed","template":"","tags":[],"mec_category":[377,382,383,384],"mec_speaker":[],"class_list":["post-110841","mec-events","type-mec-events","status-publish","has-post-thumbnail","hentry","mec_category-films-2022","mec_category-doc-films-2022","mec_category-court-metrage-short-film-films-2022","mec_category-selection-officielle-official-selection"],"yoast_head":"<!-- This site is optimized with the Yoast SEO plugin v27.3 - https:\/\/yoast.com\/product\/yoast-seo-wordpress\/ -->\n<title>LES FEMMES DE LA LIBIE, UN MESSAGE D\u2019ESPOIR - Festival International Du Film Pan Africain | Cannes<\/title>\n<meta name=\"robots\" content=\"index, follow, max-snippet:-1, max-image-preview:large, max-video-preview:-1\" \/>\n<link rel=\"canonical\" href=\"https:\/\/fifp.fr\/en\/events\/les-femmes-de-la-libie-un-message-despoir\/\" \/>\n<meta property=\"og:locale\" content=\"en_US\" \/>\n<meta property=\"og:type\" content=\"article\" \/>\n<meta property=\"og:title\" content=\"LES FEMMES DE LA LIBIE, UN MESSAGE D\u2019ESPOIR - Festival International Du Film Pan Africain | Cannes\" \/>\n<meta property=\"og:description\" content=\"Synopsis (FR) : Le dicton \u00ab\u00a0les femmes sont l&rsquo;\u00e9pine dorsale de la soci\u00e9t\u00e9\u00a0\u00bb est certainement vrai pour la plus ancienne [&hellip;]\" \/>\n<meta property=\"og:url\" content=\"https:\/\/fifp.fr\/en\/events\/les-femmes-de-la-libie-un-message-despoir\/\" \/>\n<meta property=\"og:site_name\" content=\"Festival International Du Film Pan Africain | Cannes\" \/>\n<meta property=\"og:image\" content=\"https:\/\/fifp.fr\/wp-content\/uploads\/2022\/09\/Capture-decran-2022-09-25-a-23.47.32-1200x575.png\" \/>\n\t<meta property=\"og:image:width\" content=\"1200\" \/>\n\t<meta property=\"og:image:height\" content=\"575\" \/>\n\t<meta property=\"og:image:type\" content=\"image\/png\" \/>\n<meta name=\"twitter:card\" content=\"summary_large_image\" \/>\n<meta name=\"twitter:label1\" content=\"Est. reading time\" \/>\n\t<meta name=\"twitter:data1\" content=\"2 minutes\" \/>\n<script type=\"application\/ld+json\" class=\"yoast-schema-graph\">{\"@context\":\"https:\\\/\\\/schema.org\",\"@graph\":[{\"@type\":\"WebPage\",\"@id\":\"https:\\\/\\\/fifp.fr\\\/events\\\/les-femmes-de-la-libie-un-message-despoir\\\/\",\"url\":\"https:\\\/\\\/fifp.fr\\\/events\\\/les-femmes-de-la-libie-un-message-despoir\\\/\",\"name\":\"LES FEMMES DE LA LIBIE, UN MESSAGE D\u2019ESPOIR - Festival International Du Film Pan Africain | Cannes\",\"isPartOf\":{\"@id\":\"https:\\\/\\\/fifp.fr\\\/#website\"},\"primaryImageOfPage\":{\"@id\":\"https:\\\/\\\/fifp.fr\\\/events\\\/les-femmes-de-la-libie-un-message-despoir\\\/#primaryimage\"},\"image\":{\"@id\":\"https:\\\/\\\/fifp.fr\\\/events\\\/les-femmes-de-la-libie-un-message-despoir\\\/#primaryimage\"},\"thumbnailUrl\":\"https:\\\/\\\/fifp.fr\\\/wp-content\\\/uploads\\\/2022\\\/09\\\/Capture-decran-2022-09-25-a-23.47.32.png\",\"datePublished\":\"2022-09-25T21:48:35+00:00\",\"breadcrumb\":{\"@id\":\"https:\\\/\\\/fifp.fr\\\/events\\\/les-femmes-de-la-libie-un-message-despoir\\\/#breadcrumb\"},\"inLanguage\":\"en-US\",\"potentialAction\":[{\"@type\":\"ReadAction\",\"target\":[\"https:\\\/\\\/fifp.fr\\\/events\\\/les-femmes-de-la-libie-un-message-despoir\\\/\"]}]},{\"@type\":\"ImageObject\",\"inLanguage\":\"en-US\",\"@id\":\"https:\\\/\\\/fifp.fr\\\/events\\\/les-femmes-de-la-libie-un-message-despoir\\\/#primaryimage\",\"url\":\"https:\\\/\\\/fifp.fr\\\/wp-content\\\/uploads\\\/2022\\\/09\\\/Capture-decran-2022-09-25-a-23.47.32.png\",\"contentUrl\":\"https:\\\/\\\/fifp.fr\\\/wp-content\\\/uploads\\\/2022\\\/09\\\/Capture-decran-2022-09-25-a-23.47.32.png\",\"width\":2140,\"height\":1026},{\"@type\":\"BreadcrumbList\",\"@id\":\"https:\\\/\\\/fifp.fr\\\/events\\\/les-femmes-de-la-libie-un-message-despoir\\\/#breadcrumb\",\"itemListElement\":[{\"@type\":\"ListItem\",\"position\":1,\"name\":\"Festival Film Pan Africain De Cannes\",\"item\":\"https:\\\/\\\/fifp.fr\\\/\"},{\"@type\":\"ListItem\",\"position\":2,\"name\":\"\u00c9v\u00e9nements\",\"item\":\"https:\\\/\\\/fifp.fr\\\/events\\\/\"},{\"@type\":\"ListItem\",\"position\":3,\"name\":\"LES FEMMES DE LA LIBIE, UN MESSAGE D\u2019ESPOIR\"}]},{\"@type\":\"WebSite\",\"@id\":\"https:\\\/\\\/fifp.fr\\\/#website\",\"url\":\"https:\\\/\\\/fifp.fr\\\/\",\"name\":\"Festival International Du Film Pan Africain | Cannes\",\"description\":\"Au Coeur Du CInema &amp; Des Arts Pan Africain\",\"potentialAction\":[{\"@type\":\"SearchAction\",\"target\":{\"@type\":\"EntryPoint\",\"urlTemplate\":\"https:\\\/\\\/fifp.fr\\\/?s={search_term_string}\"},\"query-input\":{\"@type\":\"PropertyValueSpecification\",\"valueRequired\":true,\"valueName\":\"search_term_string\"}}],\"inLanguage\":\"en-US\"}]}<\/script>\n<!-- \/ Yoast SEO plugin. -->","yoast_head_json":{"title":"LES FEMMES DE LA LIBIE, UN MESSAGE D\u2019ESPOIR - Festival International Du Film Pan Africain | Cannes","robots":{"index":"index","follow":"follow","max-snippet":"max-snippet:-1","max-image-preview":"max-image-preview:large","max-video-preview":"max-video-preview:-1"},"canonical":"https:\/\/fifp.fr\/en\/events\/les-femmes-de-la-libie-un-message-despoir\/","og_locale":"en_US","og_type":"article","og_title":"LES FEMMES DE LA LIBIE, UN MESSAGE D\u2019ESPOIR - Festival International Du Film Pan Africain | Cannes","og_description":"Synopsis (FR) : Le dicton \u00ab\u00a0les femmes sont l&rsquo;\u00e9pine dorsale de la soci\u00e9t\u00e9\u00a0\u00bb est certainement vrai pour la plus ancienne [&hellip;]","og_url":"https:\/\/fifp.fr\/en\/events\/les-femmes-de-la-libie-un-message-despoir\/","og_site_name":"Festival International Du Film Pan Africain | Cannes","og_image":[{"width":1200,"height":575,"url":"https:\/\/fifp.fr\/wp-content\/uploads\/2022\/09\/Capture-decran-2022-09-25-a-23.47.32-1200x575.png","type":"image\/png"}],"twitter_card":"summary_large_image","twitter_misc":{"Est. reading time":"2 minutes"},"schema":{"@context":"https:\/\/schema.org","@graph":[{"@type":"WebPage","@id":"https:\/\/fifp.fr\/events\/les-femmes-de-la-libie-un-message-despoir\/","url":"https:\/\/fifp.fr\/events\/les-femmes-de-la-libie-un-message-despoir\/","name":"LES FEMMES DE LA LIBIE, UN MESSAGE D\u2019ESPOIR - Festival International Du Film Pan Africain | Cannes","isPartOf":{"@id":"https:\/\/fifp.fr\/#website"},"primaryImageOfPage":{"@id":"https:\/\/fifp.fr\/events\/les-femmes-de-la-libie-un-message-despoir\/#primaryimage"},"image":{"@id":"https:\/\/fifp.fr\/events\/les-femmes-de-la-libie-un-message-despoir\/#primaryimage"},"thumbnailUrl":"https:\/\/fifp.fr\/wp-content\/uploads\/2022\/09\/Capture-decran-2022-09-25-a-23.47.32.png","datePublished":"2022-09-25T21:48:35+00:00","breadcrumb":{"@id":"https:\/\/fifp.fr\/events\/les-femmes-de-la-libie-un-message-despoir\/#breadcrumb"},"inLanguage":"en-US","potentialAction":[{"@type":"ReadAction","target":["https:\/\/fifp.fr\/events\/les-femmes-de-la-libie-un-message-despoir\/"]}]},{"@type":"ImageObject","inLanguage":"en-US","@id":"https:\/\/fifp.fr\/events\/les-femmes-de-la-libie-un-message-despoir\/#primaryimage","url":"https:\/\/fifp.fr\/wp-content\/uploads\/2022\/09\/Capture-decran-2022-09-25-a-23.47.32.png","contentUrl":"https:\/\/fifp.fr\/wp-content\/uploads\/2022\/09\/Capture-decran-2022-09-25-a-23.47.32.png","width":2140,"height":1026},{"@type":"BreadcrumbList","@id":"https:\/\/fifp.fr\/events\/les-femmes-de-la-libie-un-message-despoir\/#breadcrumb","itemListElement":[{"@type":"ListItem","position":1,"name":"Festival Film Pan Africain De Cannes","item":"https:\/\/fifp.fr\/"},{"@type":"ListItem","position":2,"name":"\u00c9v\u00e9nements","item":"https:\/\/fifp.fr\/events\/"},{"@type":"ListItem","position":3,"name":"LES FEMMES DE LA LIBIE, UN MESSAGE D\u2019ESPOIR"}]},{"@type":"WebSite","@id":"https:\/\/fifp.fr\/#website","url":"https:\/\/fifp.fr\/","name":"Festival International Du Film Pan Africain | Cannes","description":"Au Coeur Du CInema &amp; Des Arts Pan Africain","potentialAction":[{"@type":"SearchAction","target":{"@type":"EntryPoint","urlTemplate":"https:\/\/fifp.fr\/?s={search_term_string}"},"query-input":{"@type":"PropertyValueSpecification","valueRequired":true,"valueName":"search_term_string"}}],"inLanguage":"en-US"}]}},"_links":{"self":[{"href":"https:\/\/fifp.fr\/en\/wp-json\/wp\/v2\/mec-events\/110841","targetHints":{"allow":["GET"]}}],"collection":[{"href":"https:\/\/fifp.fr\/en\/wp-json\/wp\/v2\/mec-events"}],"about":[{"href":"https:\/\/fifp.fr\/en\/wp-json\/wp\/v2\/types\/mec-events"}],"author":[{"embeddable":true,"href":"https:\/\/fifp.fr\/en\/wp-json\/wp\/v2\/users\/2"}],"replies":[{"embeddable":true,"href":"https:\/\/fifp.fr\/en\/wp-json\/wp\/v2\/comments?post=110841"}],"wp:featuredmedia":[{"embeddable":true,"href":"https:\/\/fifp.fr\/en\/wp-json\/wp\/v2\/media\/110848"}],"wp:attachment":[{"href":"https:\/\/fifp.fr\/en\/wp-json\/wp\/v2\/media?parent=110841"}],"wp:term":[{"taxonomy":"post_tag","embeddable":true,"href":"https:\/\/fifp.fr\/en\/wp-json\/wp\/v2\/tags?post=110841"},{"taxonomy":"mec_category","embeddable":true,"href":"https:\/\/fifp.fr\/en\/wp-json\/wp\/v2\/mec_category?post=110841"},{"taxonomy":"mec_speaker","embeddable":true,"href":"https:\/\/fifp.fr\/en\/wp-json\/wp\/v2\/mec_speaker?post=110841"}],"curies":[{"name":"wp","href":"https:\/\/api.w.org\/{rel}","templated":true}]}}

<div>
<div>
<p class="Standard"><b>Synopsis (FR) :</b> Le dicton « les femmes sont l&rsquo;épine dorsale de la société » est certainement vrai pour la plus ancienne république d&rsquo;Afrique. C&rsquo;est un endroit où les femmes sont une force impressionnante derrière le changement et un moteur majeur du développement, de l&rsquo;éducation et d&rsquo;une paix durable. Le 20e anniversaire de la fin de la deuxième guerre civile au Libéria approche à grands pas, et c&rsquo;est en grande partie grâce aux militantes que la paix a été maintenue. Dans le cadre du projet actuel de Rediscover Liberia « Women of Liberia », nous avons invité des femmes libériennes inspirantes à parler de leur chemin vers le succès. Tout en réfléchissant à leur avenir et à leur héritage, on leur a demandé de partager un message d&rsquo;espoir aux filles et aux femmes, voici ce qu&rsquo;elles avaient à dire…</p>
</div>
<div>
<p class="Standard"><b><span lang="EN-CA">Synopsis (EN):</span></b><span lang="EN-CA"> <b> (WOMEN OF LIBERIA, A MESSAGE OF HOPE) </b>The saying “women are the backbone of society” certainly holds true for Africa’s oldest republic. It is a place where women are an impressive force behind change and a major driver of development, education, and long lasting peace. The 20th anniversary to the end of the second civil war in Liberia is around the corner, and it is grossly thanks to female activists that peace has been sustained. As part of Rediscover Liberia’s current project “Women of Liberia”, we invited inspirational Liberian women to talk about their road to success. Whilst contemplating their future and thinking about their legacy, they were asked to share a message of hope to girls and women, here’s what they had to say…</span></p>
<p>&nbsp;</p>
</div>
</div>
<div>
<p class="Standard"><b>Réalisateur(trice)/Director: </b>Sarah Evans</p>
</div>
<div>
<p class="Standard"><b>Séance/Screening: </b>Le samedi 22 octobre à 15h40/Saturday, October 22<sup>nd</sup> at 3:40PM</p>
</div>
<div>
<p class="Standard"><b>Durée/length:</b> 00:06:04</p>
</div>
<div>
<p class="Standard"><b>Genre:</b> Court-métrage, documentaire /Short, documentary</p>
</div>
<div>
<p class="Standard"><b>Origine :</b> Libie/Liberia</p>
</div>
<div>
<p class="Standard"><b>Année/Year:</b> 2022</p>
</div>
<div>
<p class="Standard"><b> </b></p>
</div>
<div></div>
<div>
<p class="Standard">
</div>

<p>Synopsis (FR) : Le dicton « les femmes sont l&rsquo;épine dorsale de la société » est certainement vrai pour la plus ancienne [&hellip;]</p>

<!-- This site is optimized with the Yoast SEO plugin v27.3 - https://yoast.com/product/yoast-seo-wordpress/ -->
<title>LES FEMMES DE LA LIBIE, UN MESSAGE D’ESPOIR - Festival International Du Film Pan Africain | Cannes</title>
<meta name="robots" content="index, follow, max-snippet:-1, max-image-preview:large, max-video-preview:-1" />
<link rel="canonical" href="https://fifp.fr/en/events/les-femmes-de-la-libie-un-message-despoir/" />
<meta property="og:locale" content="en_US" />
<meta property="og:type" content="article" />
<meta property="og:title" content="LES FEMMES DE LA LIBIE, UN MESSAGE D’ESPOIR - Festival International Du Film Pan Africain | Cannes" />
<meta property="og:description" content="Synopsis (FR) : Le dicton « les femmes sont l&rsquo;épine dorsale de la société » est certainement vrai pour la plus ancienne [&hellip;]" />
<meta property="og:url" content="https://fifp.fr/en/events/les-femmes-de-la-libie-un-message-despoir/" />
<meta property="og:site_name" content="Festival International Du Film Pan Africain | Cannes" />
<meta property="og:image" content="https://fifp.fr/wp-content/uploads/2022/09/Capture-decran-2022-09-25-a-23.47.32-1200x575.png" />
	<meta property="og:image:width" content="1200" />
	<meta property="og:image:height" content="575" />
	<meta property="og:image:type" content="image/png" />
<meta name="twitter:card" content="summary_large_image" />
<meta name="twitter:label1" content="Est. reading time" />
	<meta name="twitter:data1" content="2 minutes" />
<script type="application/ld+json" class="yoast-schema-graph">{"@context":"https:\/\/schema.org","@graph":[{"@type":"WebPage","@id":"https:\/\/fifp.fr\/events\/les-femmes-de-la-libie-un-message-despoir\/","url":"https:\/\/fifp.fr\/events\/les-femmes-de-la-libie-un-message-despoir\/","name":"LES FEMMES DE LA LIBIE, UN MESSAGE D’ESPOIR - Festival International Du Film Pan Africain | Cannes","isPartOf":{"@id":"https:\/\/fifp.fr\/#website"},"primaryImageOfPage":{"@id":"https:\/\/fifp.fr\/events\/les-femmes-de-la-libie-un-message-despoir\/#primaryimage"},"image":{"@id":"https:\/\/fifp.fr\/events\/les-femmes-de-la-libie-un-message-despoir\/#primaryimage"},"thumbnailUrl":"https:\/\/fifp.fr\/wp-content\/uploads\/2022\/09\/Capture-decran-2022-09-25-a-23.47.32.png","datePublished":"2022-09-25T21:48:35+00:00","breadcrumb":{"@id":"https:\/\/fifp.fr\/events\/les-femmes-de-la-libie-un-message-despoir\/#breadcrumb"},"inLanguage":"en-US","potentialAction":[{"@type":"ReadAction","target":["https:\/\/fifp.fr\/events\/les-femmes-de-la-libie-un-message-despoir\/"]}]},{"@type":"ImageObject","inLanguage":"en-US","@id":"https:\/\/fifp.fr\/events\/les-femmes-de-la-libie-un-message-despoir\/#primaryimage","url":"https:\/\/fifp.fr\/wp-content\/uploads\/2022\/09\/Capture-decran-2022-09-25-a-23.47.32.png","contentUrl":"https:\/\/fifp.fr\/wp-content\/uploads\/2022\/09\/Capture-decran-2022-09-25-a-23.47.32.png","width":2140,"height":1026},{"@type":"BreadcrumbList","@id":"https:\/\/fifp.fr\/events\/les-femmes-de-la-libie-un-message-despoir\/#breadcrumb","itemListElement":[{"@type":"ListItem","position":1,"name":"Festival Film Pan Africain De Cannes","item":"https:\/\/fifp.fr\/"},{"@type":"ListItem","position":2,"name":"Événements","item":"https:\/\/fifp.fr\/events\/"},{"@type":"ListItem","position":3,"name":"LES FEMMES DE LA LIBIE, UN MESSAGE D’ESPOIR"}]},{"@type":"WebSite","@id":"https:\/\/fifp.fr\/#website","url":"https:\/\/fifp.fr\/","name":"Festival International Du Film Pan Africain | Cannes","description":"Au Coeur Du CInema &amp; Des Arts Pan Africain","potentialAction":[{"@type":"SearchAction","target":{"@type":"EntryPoint","urlTemplate":"https:\/\/fifp.fr\/?s={search_term_string}"},"query-input":{"@type":"PropertyValueSpecification","valueRequired":true,"valueName":"search_term_string"}}],"inLanguage":"en-US"}]}</script>
<!-- / Yoast SEO plugin. -->

Synopsis (FR) : Le dicton « les femmes sont l&rsquo;épine dorsale de la société » est certainement vrai pour la plus ancienne [&hellip;]

Événements
