{"id":110869,"date":"2022-09-26T00:06:25","date_gmt":"2022-09-25T22:06:25","guid":{"rendered":"https:\/\/fifp.fr\/?post_type=mec-events&#038;p=110869"},"modified":"2022-09-26T00:06:50","modified_gmt":"2022-09-25T22:06:50","slug":"kutoo","status":"publish","type":"mec-events","link":"https:\/\/fifp.fr\/en\/events\/kutoo\/","title":{"rendered":"KUTOO"},"content":{"rendered":"<p>Synopsis (FR) : Louze est une com\u00e9dienne. A travers le th\u00e9\u00e2tre, elle se reconstruit peu \u00e0 peu des violences subies pendant son adolescence. Au moment ou cherche d\u00e9coller sa carri\u00e8re, elle accepte de jouer le r\u00f4le une femme agress\u00e9e dans une pi\u00e8ce. Cette interpretation va la replonger dans son horrible pass\u00e9. Que faire face \u00e0 son bourreau ?<\/p>\n<p>Synopsis (EN): Louze is an actress. Through the theater, she gradually rebuilds herself from the violence suffered during her adolescence. Looking for the role that will take off his career. She accepts the role of a woman assaulted out of a room. This will plunge her back into a horrible painful memory. All those scenes of violence. Faced with her executioner, the latter must face her demons and overcome her past.<\/p>\n<p>&nbsp;<\/p>\n<p>R\u00e9alisateur(trice)\/Director: Armel Darni\u00e8lys Mboumba Madingou<br \/>\nDur\u00e9e\/length: 00:22:01<br \/>\nGenre: Court m\u00e9trage, Fiction\/Short, Fiction<br \/>\nOrigine: Congo<br \/>\nAnn\u00e9e\/Year: 2020<\/p>\n<p>&nbsp;<\/p>","protected":false},"excerpt":{"rendered":"<p>Synopsis (FR) : Louze est une com\u00e9dienne. A travers le th\u00e9\u00e2tre, elle se reconstruit peu \u00e0 peu des violences subies [&hellip;]<\/p>\n","protected":false},"author":2,"featured_media":110870,"comment_status":"closed","ping_status":"closed","template":"","tags":[],"mec_category":[377,383,384,385],"mec_speaker":[],"class_list":["post-110869","mec-events","type-mec-events","status-publish","has-post-thumbnail","hentry","mec_category-films-2022","mec_category-court-metrage-short-film-films-2022","mec_category-selection-officielle-official-selection","mec_category-fiction"],"yoast_head":"<!-- This site is optimized with the Yoast SEO plugin v27.3 - https:\/\/yoast.com\/product\/yoast-seo-wordpress\/ -->\n<title>KUTOO - Festival International Du Film Pan Africain | Cannes<\/title>\n<meta name=\"robots\" content=\"index, follow, max-snippet:-1, max-image-preview:large, max-video-preview:-1\" \/>\n<link rel=\"canonical\" href=\"https:\/\/fifp.fr\/en\/events\/kutoo\/\" \/>\n<meta property=\"og:locale\" content=\"en_US\" \/>\n<meta property=\"og:type\" content=\"article\" \/>\n<meta property=\"og:title\" content=\"KUTOO - Festival International Du Film Pan Africain | Cannes\" \/>\n<meta property=\"og:description\" content=\"Synopsis (FR) : Louze est une com\u00e9dienne. A travers le th\u00e9\u00e2tre, elle se reconstruit peu \u00e0 peu des violences subies [&hellip;]\" \/>\n<meta property=\"og:url\" content=\"https:\/\/fifp.fr\/en\/events\/kutoo\/\" \/>\n<meta property=\"og:site_name\" content=\"Festival International Du Film Pan Africain | Cannes\" \/>\n<meta property=\"article:modified_time\" content=\"2022-09-25T22:06:50+00:00\" \/>\n<meta property=\"og:image\" content=\"https:\/\/fifp.fr\/wp-content\/uploads\/2022\/09\/Miramar-Ecran-Scene-Photos_15-scaled-e1664143512949.jpg\" \/>\n\t<meta property=\"og:image:width\" content=\"2560\" \/>\n\t<meta property=\"og:image:height\" content=\"1222\" \/>\n\t<meta property=\"og:image:type\" content=\"image\/jpeg\" \/>\n<meta name=\"twitter:card\" content=\"summary_large_image\" \/>\n<meta name=\"twitter:label1\" content=\"Est. reading time\" \/>\n\t<meta name=\"twitter:data1\" content=\"1 minute\" \/>\n<script type=\"application\/ld+json\" class=\"yoast-schema-graph\">{\"@context\":\"https:\\\/\\\/schema.org\",\"@graph\":[{\"@type\":\"WebPage\",\"@id\":\"https:\\\/\\\/fifp.fr\\\/events\\\/kutoo\\\/\",\"url\":\"https:\\\/\\\/fifp.fr\\\/events\\\/kutoo\\\/\",\"name\":\"KUTOO - Festival International Du Film Pan Africain | Cannes\",\"isPartOf\":{\"@id\":\"https:\\\/\\\/fifp.fr\\\/#website\"},\"primaryImageOfPage\":{\"@id\":\"https:\\\/\\\/fifp.fr\\\/events\\\/kutoo\\\/#primaryimage\"},\"image\":{\"@id\":\"https:\\\/\\\/fifp.fr\\\/events\\\/kutoo\\\/#primaryimage\"},\"thumbnailUrl\":\"https:\\\/\\\/fifp.fr\\\/wp-content\\\/uploads\\\/2022\\\/09\\\/Miramar-Ecran-Scene-Photos_15-scaled-e1664143512949.jpg\",\"datePublished\":\"2022-09-25T22:06:25+00:00\",\"dateModified\":\"2022-09-25T22:06:50+00:00\",\"breadcrumb\":{\"@id\":\"https:\\\/\\\/fifp.fr\\\/events\\\/kutoo\\\/#breadcrumb\"},\"inLanguage\":\"en-US\",\"potentialAction\":[{\"@type\":\"ReadAction\",\"target\":[\"https:\\\/\\\/fifp.fr\\\/events\\\/kutoo\\\/\"]}]},{\"@type\":\"ImageObject\",\"inLanguage\":\"en-US\",\"@id\":\"https:\\\/\\\/fifp.fr\\\/events\\\/kutoo\\\/#primaryimage\",\"url\":\"https:\\\/\\\/fifp.fr\\\/wp-content\\\/uploads\\\/2022\\\/09\\\/Miramar-Ecran-Scene-Photos_15-scaled-e1664143512949.jpg\",\"contentUrl\":\"https:\\\/\\\/fifp.fr\\\/wp-content\\\/uploads\\\/2022\\\/09\\\/Miramar-Ecran-Scene-Photos_15-scaled-e1664143512949.jpg\",\"width\":2560,\"height\":1222},{\"@type\":\"BreadcrumbList\",\"@id\":\"https:\\\/\\\/fifp.fr\\\/events\\\/kutoo\\\/#breadcrumb\",\"itemListElement\":[{\"@type\":\"ListItem\",\"position\":1,\"name\":\"Festival Film Pan Africain De Cannes\",\"item\":\"https:\\\/\\\/fifp.fr\\\/\"},{\"@type\":\"ListItem\",\"position\":2,\"name\":\"\u00c9v\u00e9nements\",\"item\":\"https:\\\/\\\/fifp.fr\\\/events\\\/\"},{\"@type\":\"ListItem\",\"position\":3,\"name\":\"KUTOO\"}]},{\"@type\":\"WebSite\",\"@id\":\"https:\\\/\\\/fifp.fr\\\/#website\",\"url\":\"https:\\\/\\\/fifp.fr\\\/\",\"name\":\"Festival International Du Film Pan Africain | Cannes\",\"description\":\"Au Coeur Du CInema &amp; Des Arts Pan Africain\",\"potentialAction\":[{\"@type\":\"SearchAction\",\"target\":{\"@type\":\"EntryPoint\",\"urlTemplate\":\"https:\\\/\\\/fifp.fr\\\/?s={search_term_string}\"},\"query-input\":{\"@type\":\"PropertyValueSpecification\",\"valueRequired\":true,\"valueName\":\"search_term_string\"}}],\"inLanguage\":\"en-US\"}]}<\/script>\n<!-- \/ Yoast SEO plugin. -->","yoast_head_json":{"title":"KUTOO - Festival International Du Film Pan Africain | Cannes","robots":{"index":"index","follow":"follow","max-snippet":"max-snippet:-1","max-image-preview":"max-image-preview:large","max-video-preview":"max-video-preview:-1"},"canonical":"https:\/\/fifp.fr\/en\/events\/kutoo\/","og_locale":"en_US","og_type":"article","og_title":"KUTOO - Festival International Du Film Pan Africain | Cannes","og_description":"Synopsis (FR) : Louze est une com\u00e9dienne. A travers le th\u00e9\u00e2tre, elle se reconstruit peu \u00e0 peu des violences subies [&hellip;]","og_url":"https:\/\/fifp.fr\/en\/events\/kutoo\/","og_site_name":"Festival International Du Film Pan Africain | Cannes","article_modified_time":"2022-09-25T22:06:50+00:00","og_image":[{"width":2560,"height":1222,"url":"https:\/\/fifp.fr\/wp-content\/uploads\/2022\/09\/Miramar-Ecran-Scene-Photos_15-scaled-e1664143512949.jpg","type":"image\/jpeg"}],"twitter_card":"summary_large_image","twitter_misc":{"Est. reading time":"1 minute"},"schema":{"@context":"https:\/\/schema.org","@graph":[{"@type":"WebPage","@id":"https:\/\/fifp.fr\/events\/kutoo\/","url":"https:\/\/fifp.fr\/events\/kutoo\/","name":"KUTOO - Festival International Du Film Pan Africain | Cannes","isPartOf":{"@id":"https:\/\/fifp.fr\/#website"},"primaryImageOfPage":{"@id":"https:\/\/fifp.fr\/events\/kutoo\/#primaryimage"},"image":{"@id":"https:\/\/fifp.fr\/events\/kutoo\/#primaryimage"},"thumbnailUrl":"https:\/\/fifp.fr\/wp-content\/uploads\/2022\/09\/Miramar-Ecran-Scene-Photos_15-scaled-e1664143512949.jpg","datePublished":"2022-09-25T22:06:25+00:00","dateModified":"2022-09-25T22:06:50+00:00","breadcrumb":{"@id":"https:\/\/fifp.fr\/events\/kutoo\/#breadcrumb"},"inLanguage":"en-US","potentialAction":[{"@type":"ReadAction","target":["https:\/\/fifp.fr\/events\/kutoo\/"]}]},{"@type":"ImageObject","inLanguage":"en-US","@id":"https:\/\/fifp.fr\/events\/kutoo\/#primaryimage","url":"https:\/\/fifp.fr\/wp-content\/uploads\/2022\/09\/Miramar-Ecran-Scene-Photos_15-scaled-e1664143512949.jpg","contentUrl":"https:\/\/fifp.fr\/wp-content\/uploads\/2022\/09\/Miramar-Ecran-Scene-Photos_15-scaled-e1664143512949.jpg","width":2560,"height":1222},{"@type":"BreadcrumbList","@id":"https:\/\/fifp.fr\/events\/kutoo\/#breadcrumb","itemListElement":[{"@type":"ListItem","position":1,"name":"Festival Film Pan Africain De Cannes","item":"https:\/\/fifp.fr\/"},{"@type":"ListItem","position":2,"name":"\u00c9v\u00e9nements","item":"https:\/\/fifp.fr\/events\/"},{"@type":"ListItem","position":3,"name":"KUTOO"}]},{"@type":"WebSite","@id":"https:\/\/fifp.fr\/#website","url":"https:\/\/fifp.fr\/","name":"Festival International Du Film Pan Africain | Cannes","description":"Au Coeur Du CInema &amp; Des Arts Pan Africain","potentialAction":[{"@type":"SearchAction","target":{"@type":"EntryPoint","urlTemplate":"https:\/\/fifp.fr\/?s={search_term_string}"},"query-input":{"@type":"PropertyValueSpecification","valueRequired":true,"valueName":"search_term_string"}}],"inLanguage":"en-US"}]}},"_links":{"self":[{"href":"https:\/\/fifp.fr\/en\/wp-json\/wp\/v2\/mec-events\/110869","targetHints":{"allow":["GET"]}}],"collection":[{"href":"https:\/\/fifp.fr\/en\/wp-json\/wp\/v2\/mec-events"}],"about":[{"href":"https:\/\/fifp.fr\/en\/wp-json\/wp\/v2\/types\/mec-events"}],"author":[{"embeddable":true,"href":"https:\/\/fifp.fr\/en\/wp-json\/wp\/v2\/users\/2"}],"replies":[{"embeddable":true,"href":"https:\/\/fifp.fr\/en\/wp-json\/wp\/v2\/comments?post=110869"}],"wp:featuredmedia":[{"embeddable":true,"href":"https:\/\/fifp.fr\/en\/wp-json\/wp\/v2\/media\/110870"}],"wp:attachment":[{"href":"https:\/\/fifp.fr\/en\/wp-json\/wp\/v2\/media?parent=110869"}],"wp:term":[{"taxonomy":"post_tag","embeddable":true,"href":"https:\/\/fifp.fr\/en\/wp-json\/wp\/v2\/tags?post=110869"},{"taxonomy":"mec_category","embeddable":true,"href":"https:\/\/fifp.fr\/en\/wp-json\/wp\/v2\/mec_category?post=110869"},{"taxonomy":"mec_speaker","embeddable":true,"href":"https:\/\/fifp.fr\/en\/wp-json\/wp\/v2\/mec_speaker?post=110869"}],"curies":[{"name":"wp","href":"https:\/\/api.w.org\/{rel}","templated":true}]}}

<p>Synopsis (FR) : Louze est une comédienne. A travers le théâtre, elle se reconstruit peu à peu des violences subies pendant son adolescence. Au moment ou cherche décoller sa carrière, elle accepte de jouer le rôle une femme agressée dans une pièce. Cette interpretation va la replonger dans son horrible passé. Que faire face à son bourreau ?</p>
<p>Synopsis (EN): Louze is an actress. Through the theater, she gradually rebuilds herself from the violence suffered during her adolescence. Looking for the role that will take off his career. She accepts the role of a woman assaulted out of a room. This will plunge her back into a horrible painful memory. All those scenes of violence. Faced with her executioner, the latter must face her demons and overcome her past.</p>
<p>&nbsp;</p>
<p>Réalisateur(trice)/Director: Armel Darnièlys Mboumba Madingou<br />
Durée/length: 00:22:01<br />
Genre: Court métrage, Fiction/Short, Fiction<br />
Origine: Congo<br />
Année/Year: 2020</p>
<p>&nbsp;</p>

<p>Synopsis (FR) : Louze est une comédienne. A travers le théâtre, elle se reconstruit peu à peu des violences subies [&hellip;]</p>

<!-- This site is optimized with the Yoast SEO plugin v27.3 - https://yoast.com/product/yoast-seo-wordpress/ -->
<title>KUTOO - Festival International Du Film Pan Africain | Cannes</title>
<meta name="robots" content="index, follow, max-snippet:-1, max-image-preview:large, max-video-preview:-1" />
<link rel="canonical" href="https://fifp.fr/en/events/kutoo/" />
<meta property="og:locale" content="en_US" />
<meta property="og:type" content="article" />
<meta property="og:title" content="KUTOO - Festival International Du Film Pan Africain | Cannes" />
<meta property="og:description" content="Synopsis (FR) : Louze est une comédienne. A travers le théâtre, elle se reconstruit peu à peu des violences subies [&hellip;]" />
<meta property="og:url" content="https://fifp.fr/en/events/kutoo/" />
<meta property="og:site_name" content="Festival International Du Film Pan Africain | Cannes" />
<meta property="article:modified_time" content="2022-09-25T22:06:50+00:00" />
<meta property="og:image" content="https://fifp.fr/wp-content/uploads/2022/09/Miramar-Ecran-Scene-Photos_15-scaled-e1664143512949.jpg" />
	<meta property="og:image:width" content="2560" />
	<meta property="og:image:height" content="1222" />
	<meta property="og:image:type" content="image/jpeg" />
<meta name="twitter:card" content="summary_large_image" />
<meta name="twitter:label1" content="Est. reading time" />
	<meta name="twitter:data1" content="1 minute" />
<script type="application/ld+json" class="yoast-schema-graph">{"@context":"https:\/\/schema.org","@graph":[{"@type":"WebPage","@id":"https:\/\/fifp.fr\/events\/kutoo\/","url":"https:\/\/fifp.fr\/events\/kutoo\/","name":"KUTOO - Festival International Du Film Pan Africain | Cannes","isPartOf":{"@id":"https:\/\/fifp.fr\/#website"},"primaryImageOfPage":{"@id":"https:\/\/fifp.fr\/events\/kutoo\/#primaryimage"},"image":{"@id":"https:\/\/fifp.fr\/events\/kutoo\/#primaryimage"},"thumbnailUrl":"https:\/\/fifp.fr\/wp-content\/uploads\/2022\/09\/Miramar-Ecran-Scene-Photos_15-scaled-e1664143512949.jpg","datePublished":"2022-09-25T22:06:25+00:00","dateModified":"2022-09-25T22:06:50+00:00","breadcrumb":{"@id":"https:\/\/fifp.fr\/events\/kutoo\/#breadcrumb"},"inLanguage":"en-US","potentialAction":[{"@type":"ReadAction","target":["https:\/\/fifp.fr\/events\/kutoo\/"]}]},{"@type":"ImageObject","inLanguage":"en-US","@id":"https:\/\/fifp.fr\/events\/kutoo\/#primaryimage","url":"https:\/\/fifp.fr\/wp-content\/uploads\/2022\/09\/Miramar-Ecran-Scene-Photos_15-scaled-e1664143512949.jpg","contentUrl":"https:\/\/fifp.fr\/wp-content\/uploads\/2022\/09\/Miramar-Ecran-Scene-Photos_15-scaled-e1664143512949.jpg","width":2560,"height":1222},{"@type":"BreadcrumbList","@id":"https:\/\/fifp.fr\/events\/kutoo\/#breadcrumb","itemListElement":[{"@type":"ListItem","position":1,"name":"Festival Film Pan Africain De Cannes","item":"https:\/\/fifp.fr\/"},{"@type":"ListItem","position":2,"name":"Événements","item":"https:\/\/fifp.fr\/events\/"},{"@type":"ListItem","position":3,"name":"KUTOO"}]},{"@type":"WebSite","@id":"https:\/\/fifp.fr\/#website","url":"https:\/\/fifp.fr\/","name":"Festival International Du Film Pan Africain | Cannes","description":"Au Coeur Du CInema &amp; Des Arts Pan Africain","potentialAction":[{"@type":"SearchAction","target":{"@type":"EntryPoint","urlTemplate":"https:\/\/fifp.fr\/?s={search_term_string}"},"query-input":{"@type":"PropertyValueSpecification","valueRequired":true,"valueName":"search_term_string"}}],"inLanguage":"en-US"}]}</script>
<!-- / Yoast SEO plugin. -->

Synopsis (FR) : Louze est une comédienne. A travers le théâtre, elle se reconstruit peu à peu des violences subies [&hellip;]

Événements
