{"id":110874,"date":"2022-09-26T00:14:01","date_gmt":"2022-09-25T22:14:01","guid":{"rendered":"https:\/\/fifp.fr\/?post_type=mec-events&#038;p=110874"},"modified":"2022-09-26T00:40:19","modified_gmt":"2022-09-25T22:40:19","slug":"le-mythe-de-la-femme-noir","status":"publish","type":"mec-events","link":"https:\/\/fifp.fr\/en\/events\/le-mythe-de-la-femme-noir\/","title":{"rendered":"LE MYTHE DE LA FEMME NOIR"},"content":{"rendered":"<p>Synopsis (FR) : Le film est une enqu\u00eate sur l&rsquo;image de la femme noire dans les soci\u00e9t\u00e9s occidentales, de la J\u00e9zabel hypersexuelle \u00e0 l&rsquo;aimable infirmi\u00e8re en passant par la \u00ab\u00a0bitch \u00bb insolente. Le film s&rsquo;efforce de briser \u00ab le mythe \u00bb\u00a0en pr\u00e9sentant un groupe diversifi\u00e9 de femmes et une richesse de r\u00e9alit\u00e9s rarement vues \u00e0 l&rsquo;\u00e9cran, le tout soutenu par des images d&rsquo;archives captivantes des ann\u00e9es 1800 \u00e0 nos jours.<\/p>\n<p>Synopsis (EN): The film takes a look at the portrayal of the Black woman in Western society, from the hypersexual Jezebel to the friendly nurse, and the insolent \u201cbitch\u201d. The film strives to break \u201cthe myth\u201d by showcasing a diverse case of women and a wealth of realities rarely seen on screen, all supported by captivating archival footage from the 1800\u2019s to the present day.<\/p>\n<p>R\u00e9alisateur(trice)\/Director: Ayana O\u2019Shun<br \/>\nDur\u00e9e\/length: 01:30:00<br \/>\nGenre: Long-m\u00e9trage, documentaire \/Feature, documentary<br \/>\nOrigine: Canada<br \/>\nAnn\u00e9e\/Year: 2022<\/p>\n<p>&nbsp;<\/p>","protected":false},"excerpt":{"rendered":"<p>Synopsis (FR) : Le film est une enqu\u00eate sur l&rsquo;image de la femme noire dans les soci\u00e9t\u00e9s occidentales, de la [&hellip;]<\/p>\n","protected":false},"author":2,"featured_media":110900,"comment_status":"closed","ping_status":"closed","template":"","tags":[],"mec_category":[377,381,382,384],"mec_speaker":[],"class_list":["post-110874","mec-events","type-mec-events","status-publish","has-post-thumbnail","hentry","mec_category-films-2022","mec_category-long-metrage-feature","mec_category-doc-films-2022","mec_category-selection-officielle-official-selection"],"yoast_head":"<!-- This site is optimized with the Yoast SEO plugin v27.3 - https:\/\/yoast.com\/product\/yoast-seo-wordpress\/ -->\n<title>LE MYTHE DE LA FEMME NOIR - Festival International Du Film Pan Africain | Cannes<\/title>\n<meta name=\"robots\" content=\"index, follow, max-snippet:-1, max-image-preview:large, max-video-preview:-1\" \/>\n<link rel=\"canonical\" href=\"https:\/\/fifp.fr\/en\/events\/le-mythe-de-la-femme-noir\/\" \/>\n<meta property=\"og:locale\" content=\"en_US\" \/>\n<meta property=\"og:type\" content=\"article\" \/>\n<meta property=\"og:title\" content=\"LE MYTHE DE LA FEMME NOIR - Festival International Du Film Pan Africain | Cannes\" \/>\n<meta property=\"og:description\" content=\"Synopsis (FR) : Le film est une enqu\u00eate sur l&rsquo;image de la femme noire dans les soci\u00e9t\u00e9s occidentales, de la [&hellip;]\" \/>\n<meta property=\"og:url\" content=\"https:\/\/fifp.fr\/en\/events\/le-mythe-de-la-femme-noir\/\" \/>\n<meta property=\"og:site_name\" content=\"Festival International Du Film Pan Africain | Cannes\" \/>\n<meta property=\"article:modified_time\" content=\"2022-09-25T22:40:19+00:00\" \/>\n<meta property=\"og:image\" content=\"https:\/\/fifp.fr\/wp-content\/uploads\/2022\/09\/Miramar-Ecran-Scene-Photos_19-scaled-e1664145606897.jpg\" \/>\n\t<meta property=\"og:image:width\" content=\"2560\" \/>\n\t<meta property=\"og:image:height\" content=\"1305\" \/>\n\t<meta property=\"og:image:type\" content=\"image\/jpeg\" \/>\n<meta name=\"twitter:card\" content=\"summary_large_image\" \/>\n<meta name=\"twitter:label1\" content=\"Est. reading time\" \/>\n\t<meta name=\"twitter:data1\" content=\"1 minute\" \/>\n<script type=\"application\/ld+json\" class=\"yoast-schema-graph\">{\"@context\":\"https:\\\/\\\/schema.org\",\"@graph\":[{\"@type\":\"WebPage\",\"@id\":\"https:\\\/\\\/fifp.fr\\\/events\\\/le-mythe-de-la-femme-noir\\\/\",\"url\":\"https:\\\/\\\/fifp.fr\\\/events\\\/le-mythe-de-la-femme-noir\\\/\",\"name\":\"LE MYTHE DE LA FEMME NOIR - Festival International Du Film Pan Africain | Cannes\",\"isPartOf\":{\"@id\":\"https:\\\/\\\/fifp.fr\\\/#website\"},\"primaryImageOfPage\":{\"@id\":\"https:\\\/\\\/fifp.fr\\\/events\\\/le-mythe-de-la-femme-noir\\\/#primaryimage\"},\"image\":{\"@id\":\"https:\\\/\\\/fifp.fr\\\/events\\\/le-mythe-de-la-femme-noir\\\/#primaryimage\"},\"thumbnailUrl\":\"https:\\\/\\\/fifp.fr\\\/wp-content\\\/uploads\\\/2022\\\/09\\\/Miramar-Ecran-Scene-Photos_19-scaled-e1664145606897.jpg\",\"datePublished\":\"2022-09-25T22:14:01+00:00\",\"dateModified\":\"2022-09-25T22:40:19+00:00\",\"breadcrumb\":{\"@id\":\"https:\\\/\\\/fifp.fr\\\/events\\\/le-mythe-de-la-femme-noir\\\/#breadcrumb\"},\"inLanguage\":\"en-US\",\"potentialAction\":[{\"@type\":\"ReadAction\",\"target\":[\"https:\\\/\\\/fifp.fr\\\/events\\\/le-mythe-de-la-femme-noir\\\/\"]}]},{\"@type\":\"ImageObject\",\"inLanguage\":\"en-US\",\"@id\":\"https:\\\/\\\/fifp.fr\\\/events\\\/le-mythe-de-la-femme-noir\\\/#primaryimage\",\"url\":\"https:\\\/\\\/fifp.fr\\\/wp-content\\\/uploads\\\/2022\\\/09\\\/Miramar-Ecran-Scene-Photos_19-scaled-e1664145606897.jpg\",\"contentUrl\":\"https:\\\/\\\/fifp.fr\\\/wp-content\\\/uploads\\\/2022\\\/09\\\/Miramar-Ecran-Scene-Photos_19-scaled-e1664145606897.jpg\",\"width\":2560,\"height\":1305},{\"@type\":\"BreadcrumbList\",\"@id\":\"https:\\\/\\\/fifp.fr\\\/events\\\/le-mythe-de-la-femme-noir\\\/#breadcrumb\",\"itemListElement\":[{\"@type\":\"ListItem\",\"position\":1,\"name\":\"Festival Film Pan Africain De Cannes\",\"item\":\"https:\\\/\\\/fifp.fr\\\/\"},{\"@type\":\"ListItem\",\"position\":2,\"name\":\"\u00c9v\u00e9nements\",\"item\":\"https:\\\/\\\/fifp.fr\\\/events\\\/\"},{\"@type\":\"ListItem\",\"position\":3,\"name\":\"LE MYTHE DE LA FEMME NOIR\"}]},{\"@type\":\"WebSite\",\"@id\":\"https:\\\/\\\/fifp.fr\\\/#website\",\"url\":\"https:\\\/\\\/fifp.fr\\\/\",\"name\":\"Festival International Du Film Pan Africain | Cannes\",\"description\":\"Au Coeur Du CInema &amp; Des Arts Pan Africain\",\"potentialAction\":[{\"@type\":\"SearchAction\",\"target\":{\"@type\":\"EntryPoint\",\"urlTemplate\":\"https:\\\/\\\/fifp.fr\\\/?s={search_term_string}\"},\"query-input\":{\"@type\":\"PropertyValueSpecification\",\"valueRequired\":true,\"valueName\":\"search_term_string\"}}],\"inLanguage\":\"en-US\"}]}<\/script>\n<!-- \/ Yoast SEO plugin. -->","yoast_head_json":{"title":"LE MYTHE DE LA FEMME NOIR - Festival International Du Film Pan Africain | Cannes","robots":{"index":"index","follow":"follow","max-snippet":"max-snippet:-1","max-image-preview":"max-image-preview:large","max-video-preview":"max-video-preview:-1"},"canonical":"https:\/\/fifp.fr\/en\/events\/le-mythe-de-la-femme-noir\/","og_locale":"en_US","og_type":"article","og_title":"LE MYTHE DE LA FEMME NOIR - Festival International Du Film Pan Africain | Cannes","og_description":"Synopsis (FR) : Le film est une enqu\u00eate sur l&rsquo;image de la femme noire dans les soci\u00e9t\u00e9s occidentales, de la [&hellip;]","og_url":"https:\/\/fifp.fr\/en\/events\/le-mythe-de-la-femme-noir\/","og_site_name":"Festival International Du Film Pan Africain | Cannes","article_modified_time":"2022-09-25T22:40:19+00:00","og_image":[{"width":2560,"height":1305,"url":"https:\/\/fifp.fr\/wp-content\/uploads\/2022\/09\/Miramar-Ecran-Scene-Photos_19-scaled-e1664145606897.jpg","type":"image\/jpeg"}],"twitter_card":"summary_large_image","twitter_misc":{"Est. reading time":"1 minute"},"schema":{"@context":"https:\/\/schema.org","@graph":[{"@type":"WebPage","@id":"https:\/\/fifp.fr\/events\/le-mythe-de-la-femme-noir\/","url":"https:\/\/fifp.fr\/events\/le-mythe-de-la-femme-noir\/","name":"LE MYTHE DE LA FEMME NOIR - Festival International Du Film Pan Africain | Cannes","isPartOf":{"@id":"https:\/\/fifp.fr\/#website"},"primaryImageOfPage":{"@id":"https:\/\/fifp.fr\/events\/le-mythe-de-la-femme-noir\/#primaryimage"},"image":{"@id":"https:\/\/fifp.fr\/events\/le-mythe-de-la-femme-noir\/#primaryimage"},"thumbnailUrl":"https:\/\/fifp.fr\/wp-content\/uploads\/2022\/09\/Miramar-Ecran-Scene-Photos_19-scaled-e1664145606897.jpg","datePublished":"2022-09-25T22:14:01+00:00","dateModified":"2022-09-25T22:40:19+00:00","breadcrumb":{"@id":"https:\/\/fifp.fr\/events\/le-mythe-de-la-femme-noir\/#breadcrumb"},"inLanguage":"en-US","potentialAction":[{"@type":"ReadAction","target":["https:\/\/fifp.fr\/events\/le-mythe-de-la-femme-noir\/"]}]},{"@type":"ImageObject","inLanguage":"en-US","@id":"https:\/\/fifp.fr\/events\/le-mythe-de-la-femme-noir\/#primaryimage","url":"https:\/\/fifp.fr\/wp-content\/uploads\/2022\/09\/Miramar-Ecran-Scene-Photos_19-scaled-e1664145606897.jpg","contentUrl":"https:\/\/fifp.fr\/wp-content\/uploads\/2022\/09\/Miramar-Ecran-Scene-Photos_19-scaled-e1664145606897.jpg","width":2560,"height":1305},{"@type":"BreadcrumbList","@id":"https:\/\/fifp.fr\/events\/le-mythe-de-la-femme-noir\/#breadcrumb","itemListElement":[{"@type":"ListItem","position":1,"name":"Festival Film Pan Africain De Cannes","item":"https:\/\/fifp.fr\/"},{"@type":"ListItem","position":2,"name":"\u00c9v\u00e9nements","item":"https:\/\/fifp.fr\/events\/"},{"@type":"ListItem","position":3,"name":"LE MYTHE DE LA FEMME NOIR"}]},{"@type":"WebSite","@id":"https:\/\/fifp.fr\/#website","url":"https:\/\/fifp.fr\/","name":"Festival International Du Film Pan Africain | Cannes","description":"Au Coeur Du CInema &amp; Des Arts Pan Africain","potentialAction":[{"@type":"SearchAction","target":{"@type":"EntryPoint","urlTemplate":"https:\/\/fifp.fr\/?s={search_term_string}"},"query-input":{"@type":"PropertyValueSpecification","valueRequired":true,"valueName":"search_term_string"}}],"inLanguage":"en-US"}]}},"_links":{"self":[{"href":"https:\/\/fifp.fr\/en\/wp-json\/wp\/v2\/mec-events\/110874","targetHints":{"allow":["GET"]}}],"collection":[{"href":"https:\/\/fifp.fr\/en\/wp-json\/wp\/v2\/mec-events"}],"about":[{"href":"https:\/\/fifp.fr\/en\/wp-json\/wp\/v2\/types\/mec-events"}],"author":[{"embeddable":true,"href":"https:\/\/fifp.fr\/en\/wp-json\/wp\/v2\/users\/2"}],"replies":[{"embeddable":true,"href":"https:\/\/fifp.fr\/en\/wp-json\/wp\/v2\/comments?post=110874"}],"wp:featuredmedia":[{"embeddable":true,"href":"https:\/\/fifp.fr\/en\/wp-json\/wp\/v2\/media\/110900"}],"wp:attachment":[{"href":"https:\/\/fifp.fr\/en\/wp-json\/wp\/v2\/media?parent=110874"}],"wp:term":[{"taxonomy":"post_tag","embeddable":true,"href":"https:\/\/fifp.fr\/en\/wp-json\/wp\/v2\/tags?post=110874"},{"taxonomy":"mec_category","embeddable":true,"href":"https:\/\/fifp.fr\/en\/wp-json\/wp\/v2\/mec_category?post=110874"},{"taxonomy":"mec_speaker","embeddable":true,"href":"https:\/\/fifp.fr\/en\/wp-json\/wp\/v2\/mec_speaker?post=110874"}],"curies":[{"name":"wp","href":"https:\/\/api.w.org\/{rel}","templated":true}]}}

<p>Synopsis (FR) : Le film est une enquête sur l&rsquo;image de la femme noire dans les sociétés occidentales, de la Jézabel hypersexuelle à l&rsquo;aimable infirmière en passant par la « bitch » insolente. Le film s&rsquo;efforce de briser « le mythe » en présentant un groupe diversifié de femmes et une richesse de réalités rarement vues à l&rsquo;écran, le tout soutenu par des images d&rsquo;archives captivantes des années 1800 à nos jours.</p>
<p>Synopsis (EN): The film takes a look at the portrayal of the Black woman in Western society, from the hypersexual Jezebel to the friendly nurse, and the insolent “bitch”. The film strives to break “the myth” by showcasing a diverse case of women and a wealth of realities rarely seen on screen, all supported by captivating archival footage from the 1800’s to the present day.</p>
<p>Réalisateur(trice)/Director: Ayana O’Shun<br />
Durée/length: 01:30:00<br />
Genre: Long-métrage, documentaire /Feature, documentary<br />
Origine: Canada<br />
Année/Year: 2022</p>
<p>&nbsp;</p>

<p>Synopsis (FR) : Le film est une enquête sur l&rsquo;image de la femme noire dans les sociétés occidentales, de la [&hellip;]</p>

<!-- This site is optimized with the Yoast SEO plugin v27.3 - https://yoast.com/product/yoast-seo-wordpress/ -->
<title>LE MYTHE DE LA FEMME NOIR - Festival International Du Film Pan Africain | Cannes</title>
<meta name="robots" content="index, follow, max-snippet:-1, max-image-preview:large, max-video-preview:-1" />
<link rel="canonical" href="https://fifp.fr/en/events/le-mythe-de-la-femme-noir/" />
<meta property="og:locale" content="en_US" />
<meta property="og:type" content="article" />
<meta property="og:title" content="LE MYTHE DE LA FEMME NOIR - Festival International Du Film Pan Africain | Cannes" />
<meta property="og:description" content="Synopsis (FR) : Le film est une enquête sur l&rsquo;image de la femme noire dans les sociétés occidentales, de la [&hellip;]" />
<meta property="og:url" content="https://fifp.fr/en/events/le-mythe-de-la-femme-noir/" />
<meta property="og:site_name" content="Festival International Du Film Pan Africain | Cannes" />
<meta property="article:modified_time" content="2022-09-25T22:40:19+00:00" />
<meta property="og:image" content="https://fifp.fr/wp-content/uploads/2022/09/Miramar-Ecran-Scene-Photos_19-scaled-e1664145606897.jpg" />
	<meta property="og:image:width" content="2560" />
	<meta property="og:image:height" content="1305" />
	<meta property="og:image:type" content="image/jpeg" />
<meta name="twitter:card" content="summary_large_image" />
<meta name="twitter:label1" content="Est. reading time" />
	<meta name="twitter:data1" content="1 minute" />
<script type="application/ld+json" class="yoast-schema-graph">{"@context":"https:\/\/schema.org","@graph":[{"@type":"WebPage","@id":"https:\/\/fifp.fr\/events\/le-mythe-de-la-femme-noir\/","url":"https:\/\/fifp.fr\/events\/le-mythe-de-la-femme-noir\/","name":"LE MYTHE DE LA FEMME NOIR - Festival International Du Film Pan Africain | Cannes","isPartOf":{"@id":"https:\/\/fifp.fr\/#website"},"primaryImageOfPage":{"@id":"https:\/\/fifp.fr\/events\/le-mythe-de-la-femme-noir\/#primaryimage"},"image":{"@id":"https:\/\/fifp.fr\/events\/le-mythe-de-la-femme-noir\/#primaryimage"},"thumbnailUrl":"https:\/\/fifp.fr\/wp-content\/uploads\/2022\/09\/Miramar-Ecran-Scene-Photos_19-scaled-e1664145606897.jpg","datePublished":"2022-09-25T22:14:01+00:00","dateModified":"2022-09-25T22:40:19+00:00","breadcrumb":{"@id":"https:\/\/fifp.fr\/events\/le-mythe-de-la-femme-noir\/#breadcrumb"},"inLanguage":"en-US","potentialAction":[{"@type":"ReadAction","target":["https:\/\/fifp.fr\/events\/le-mythe-de-la-femme-noir\/"]}]},{"@type":"ImageObject","inLanguage":"en-US","@id":"https:\/\/fifp.fr\/events\/le-mythe-de-la-femme-noir\/#primaryimage","url":"https:\/\/fifp.fr\/wp-content\/uploads\/2022\/09\/Miramar-Ecran-Scene-Photos_19-scaled-e1664145606897.jpg","contentUrl":"https:\/\/fifp.fr\/wp-content\/uploads\/2022\/09\/Miramar-Ecran-Scene-Photos_19-scaled-e1664145606897.jpg","width":2560,"height":1305},{"@type":"BreadcrumbList","@id":"https:\/\/fifp.fr\/events\/le-mythe-de-la-femme-noir\/#breadcrumb","itemListElement":[{"@type":"ListItem","position":1,"name":"Festival Film Pan Africain De Cannes","item":"https:\/\/fifp.fr\/"},{"@type":"ListItem","position":2,"name":"Événements","item":"https:\/\/fifp.fr\/events\/"},{"@type":"ListItem","position":3,"name":"LE MYTHE DE LA FEMME NOIR"}]},{"@type":"WebSite","@id":"https:\/\/fifp.fr\/#website","url":"https:\/\/fifp.fr\/","name":"Festival International Du Film Pan Africain | Cannes","description":"Au Coeur Du CInema &amp; Des Arts Pan Africain","potentialAction":[{"@type":"SearchAction","target":{"@type":"EntryPoint","urlTemplate":"https:\/\/fifp.fr\/?s={search_term_string}"},"query-input":{"@type":"PropertyValueSpecification","valueRequired":true,"valueName":"search_term_string"}}],"inLanguage":"en-US"}]}</script>
<!-- / Yoast SEO plugin. -->

Synopsis (FR) : Le film est une enquête sur l&rsquo;image de la femme noire dans les sociétés occidentales, de la [&hellip;]

Événements
