{"id":110883,"date":"2022-09-26T00:26:24","date_gmt":"2022-09-25T22:26:24","guid":{"rendered":"https:\/\/fifp.fr\/?post_type=mec-events&#038;p=110883"},"modified":"2022-09-26T00:26:24","modified_gmt":"2022-09-25T22:26:24","slug":"pere-noir-le-film","status":"publish","type":"mec-events","link":"https:\/\/fifp.fr\/en\/events\/pere-noir-le-film\/","title":{"rendered":"P\u00c8RE NOIR, LE FILM"},"content":{"rendered":"<p>Synopsis (FR) : \u00catre artiste implique une grande responsabilit\u00e9. \u00catre capable de contr\u00f4ler le r\u00e9cit est encore plus important. Black Daddy est une narration pure du point de vue du p\u00e8re noir car elle est souvent n\u00e9glig\u00e9e et l&rsquo;hypoth\u00e8se est que le p\u00e8re noir est absent. Black Daddy: The Movie est un projet passionn\u00e9 couvrant un espace qui nous tient \u00e0 c\u0153ur; la paternit\u00e9 noire.<\/p>\n<p>Synopsis (EN): (BLACK DADDY, THE MOVIE) Being an artist comes with great responsibility. Being able to control the narrative is even more important. Black Daddy is unadulterated storytelling from the black father&rsquo;s point of view because it is often overlooked and the assumption is that black fathers are not involved in their children&rsquo;s lives. Black Daddy: The Movie is a passion project covering a space that is near to our hearts; black fatherhood.<\/p>\n<p>R\u00e9alisateur(trice)\/Director: Damon Jamal Taylor<br \/>\nDur\u00e9e\/length: 01:23:00<br \/>\nGenre: Long-m\u00e9trage, documentaire\/Feature, documentary<br \/>\nOrigine: \u00c9tats-Unis\/United States<br \/>\nAnn\u00e9e\/Year: 2021<\/p>\n<p>&nbsp;<\/p>","protected":false},"excerpt":{"rendered":"<p>Synopsis (FR) : \u00catre artiste implique une grande responsabilit\u00e9. \u00catre capable de contr\u00f4ler le r\u00e9cit est encore plus important. Black [&hellip;]<\/p>\n","protected":false},"author":2,"featured_media":110884,"comment_status":"closed","ping_status":"closed","template":"","tags":[],"mec_category":[377,381,382],"mec_speaker":[],"class_list":["post-110883","mec-events","type-mec-events","status-publish","has-post-thumbnail","hentry","mec_category-films-2022","mec_category-long-metrage-feature","mec_category-doc-films-2022"],"yoast_head":"<!-- This site is optimized with the Yoast SEO plugin v27.3 - https:\/\/yoast.com\/product\/yoast-seo-wordpress\/ -->\n<title>P\u00c8RE NOIR, LE FILM - Festival International Du Film Pan Africain | Cannes<\/title>\n<meta name=\"robots\" content=\"index, follow, max-snippet:-1, max-image-preview:large, max-video-preview:-1\" \/>\n<link rel=\"canonical\" href=\"https:\/\/fifp.fr\/en\/events\/pere-noir-le-film\/\" \/>\n<meta property=\"og:locale\" content=\"en_US\" \/>\n<meta property=\"og:type\" content=\"article\" \/>\n<meta property=\"og:title\" content=\"P\u00c8RE NOIR, LE FILM - Festival International Du Film Pan Africain | Cannes\" \/>\n<meta property=\"og:description\" content=\"Synopsis (FR) : \u00catre artiste implique une grande responsabilit\u00e9. \u00catre capable de contr\u00f4ler le r\u00e9cit est encore plus important. Black [&hellip;]\" \/>\n<meta property=\"og:url\" content=\"https:\/\/fifp.fr\/en\/events\/pere-noir-le-film\/\" \/>\n<meta property=\"og:site_name\" content=\"Festival International Du Film Pan Africain | Cannes\" \/>\n<meta property=\"og:image\" content=\"https:\/\/fifp.fr\/wp-content\/uploads\/2022\/09\/Miramar-Ecran-Scene-Photos_7-scaled-e1664144760141.jpg\" \/>\n\t<meta property=\"og:image:width\" content=\"2560\" \/>\n\t<meta property=\"og:image:height\" content=\"1222\" \/>\n\t<meta property=\"og:image:type\" content=\"image\/jpeg\" \/>\n<meta name=\"twitter:card\" content=\"summary_large_image\" \/>\n<meta name=\"twitter:label1\" content=\"Est. reading time\" \/>\n\t<meta name=\"twitter:data1\" content=\"1 minute\" \/>\n<script type=\"application\/ld+json\" class=\"yoast-schema-graph\">{\"@context\":\"https:\\\/\\\/schema.org\",\"@graph\":[{\"@type\":\"WebPage\",\"@id\":\"https:\\\/\\\/fifp.fr\\\/events\\\/pere-noir-le-film\\\/\",\"url\":\"https:\\\/\\\/fifp.fr\\\/events\\\/pere-noir-le-film\\\/\",\"name\":\"P\u00c8RE NOIR, LE FILM - Festival International Du Film Pan Africain | Cannes\",\"isPartOf\":{\"@id\":\"https:\\\/\\\/fifp.fr\\\/#website\"},\"primaryImageOfPage\":{\"@id\":\"https:\\\/\\\/fifp.fr\\\/events\\\/pere-noir-le-film\\\/#primaryimage\"},\"image\":{\"@id\":\"https:\\\/\\\/fifp.fr\\\/events\\\/pere-noir-le-film\\\/#primaryimage\"},\"thumbnailUrl\":\"https:\\\/\\\/fifp.fr\\\/wp-content\\\/uploads\\\/2022\\\/09\\\/Miramar-Ecran-Scene-Photos_7-scaled-e1664144760141.jpg\",\"datePublished\":\"2022-09-25T22:26:24+00:00\",\"breadcrumb\":{\"@id\":\"https:\\\/\\\/fifp.fr\\\/events\\\/pere-noir-le-film\\\/#breadcrumb\"},\"inLanguage\":\"en-US\",\"potentialAction\":[{\"@type\":\"ReadAction\",\"target\":[\"https:\\\/\\\/fifp.fr\\\/events\\\/pere-noir-le-film\\\/\"]}]},{\"@type\":\"ImageObject\",\"inLanguage\":\"en-US\",\"@id\":\"https:\\\/\\\/fifp.fr\\\/events\\\/pere-noir-le-film\\\/#primaryimage\",\"url\":\"https:\\\/\\\/fifp.fr\\\/wp-content\\\/uploads\\\/2022\\\/09\\\/Miramar-Ecran-Scene-Photos_7-scaled-e1664144760141.jpg\",\"contentUrl\":\"https:\\\/\\\/fifp.fr\\\/wp-content\\\/uploads\\\/2022\\\/09\\\/Miramar-Ecran-Scene-Photos_7-scaled-e1664144760141.jpg\",\"width\":2560,\"height\":1222},{\"@type\":\"BreadcrumbList\",\"@id\":\"https:\\\/\\\/fifp.fr\\\/events\\\/pere-noir-le-film\\\/#breadcrumb\",\"itemListElement\":[{\"@type\":\"ListItem\",\"position\":1,\"name\":\"Festival Film Pan Africain De Cannes\",\"item\":\"https:\\\/\\\/fifp.fr\\\/\"},{\"@type\":\"ListItem\",\"position\":2,\"name\":\"\u00c9v\u00e9nements\",\"item\":\"https:\\\/\\\/fifp.fr\\\/events\\\/\"},{\"@type\":\"ListItem\",\"position\":3,\"name\":\"P\u00c8RE NOIR, LE FILM\"}]},{\"@type\":\"WebSite\",\"@id\":\"https:\\\/\\\/fifp.fr\\\/#website\",\"url\":\"https:\\\/\\\/fifp.fr\\\/\",\"name\":\"Festival International Du Film Pan Africain | Cannes\",\"description\":\"Au Coeur Du CInema &amp; Des Arts Pan Africain\",\"potentialAction\":[{\"@type\":\"SearchAction\",\"target\":{\"@type\":\"EntryPoint\",\"urlTemplate\":\"https:\\\/\\\/fifp.fr\\\/?s={search_term_string}\"},\"query-input\":{\"@type\":\"PropertyValueSpecification\",\"valueRequired\":true,\"valueName\":\"search_term_string\"}}],\"inLanguage\":\"en-US\"}]}<\/script>\n<!-- \/ Yoast SEO plugin. -->","yoast_head_json":{"title":"P\u00c8RE NOIR, LE FILM - Festival International Du Film Pan Africain | Cannes","robots":{"index":"index","follow":"follow","max-snippet":"max-snippet:-1","max-image-preview":"max-image-preview:large","max-video-preview":"max-video-preview:-1"},"canonical":"https:\/\/fifp.fr\/en\/events\/pere-noir-le-film\/","og_locale":"en_US","og_type":"article","og_title":"P\u00c8RE NOIR, LE FILM - Festival International Du Film Pan Africain | Cannes","og_description":"Synopsis (FR) : \u00catre artiste implique une grande responsabilit\u00e9. \u00catre capable de contr\u00f4ler le r\u00e9cit est encore plus important. Black [&hellip;]","og_url":"https:\/\/fifp.fr\/en\/events\/pere-noir-le-film\/","og_site_name":"Festival International Du Film Pan Africain | Cannes","og_image":[{"width":2560,"height":1222,"url":"https:\/\/fifp.fr\/wp-content\/uploads\/2022\/09\/Miramar-Ecran-Scene-Photos_7-scaled-e1664144760141.jpg","type":"image\/jpeg"}],"twitter_card":"summary_large_image","twitter_misc":{"Est. reading time":"1 minute"},"schema":{"@context":"https:\/\/schema.org","@graph":[{"@type":"WebPage","@id":"https:\/\/fifp.fr\/events\/pere-noir-le-film\/","url":"https:\/\/fifp.fr\/events\/pere-noir-le-film\/","name":"P\u00c8RE NOIR, LE FILM - Festival International Du Film Pan Africain | Cannes","isPartOf":{"@id":"https:\/\/fifp.fr\/#website"},"primaryImageOfPage":{"@id":"https:\/\/fifp.fr\/events\/pere-noir-le-film\/#primaryimage"},"image":{"@id":"https:\/\/fifp.fr\/events\/pere-noir-le-film\/#primaryimage"},"thumbnailUrl":"https:\/\/fifp.fr\/wp-content\/uploads\/2022\/09\/Miramar-Ecran-Scene-Photos_7-scaled-e1664144760141.jpg","datePublished":"2022-09-25T22:26:24+00:00","breadcrumb":{"@id":"https:\/\/fifp.fr\/events\/pere-noir-le-film\/#breadcrumb"},"inLanguage":"en-US","potentialAction":[{"@type":"ReadAction","target":["https:\/\/fifp.fr\/events\/pere-noir-le-film\/"]}]},{"@type":"ImageObject","inLanguage":"en-US","@id":"https:\/\/fifp.fr\/events\/pere-noir-le-film\/#primaryimage","url":"https:\/\/fifp.fr\/wp-content\/uploads\/2022\/09\/Miramar-Ecran-Scene-Photos_7-scaled-e1664144760141.jpg","contentUrl":"https:\/\/fifp.fr\/wp-content\/uploads\/2022\/09\/Miramar-Ecran-Scene-Photos_7-scaled-e1664144760141.jpg","width":2560,"height":1222},{"@type":"BreadcrumbList","@id":"https:\/\/fifp.fr\/events\/pere-noir-le-film\/#breadcrumb","itemListElement":[{"@type":"ListItem","position":1,"name":"Festival Film Pan Africain De Cannes","item":"https:\/\/fifp.fr\/"},{"@type":"ListItem","position":2,"name":"\u00c9v\u00e9nements","item":"https:\/\/fifp.fr\/events\/"},{"@type":"ListItem","position":3,"name":"P\u00c8RE NOIR, LE FILM"}]},{"@type":"WebSite","@id":"https:\/\/fifp.fr\/#website","url":"https:\/\/fifp.fr\/","name":"Festival International Du Film Pan Africain | Cannes","description":"Au Coeur Du CInema &amp; Des Arts Pan Africain","potentialAction":[{"@type":"SearchAction","target":{"@type":"EntryPoint","urlTemplate":"https:\/\/fifp.fr\/?s={search_term_string}"},"query-input":{"@type":"PropertyValueSpecification","valueRequired":true,"valueName":"search_term_string"}}],"inLanguage":"en-US"}]}},"_links":{"self":[{"href":"https:\/\/fifp.fr\/en\/wp-json\/wp\/v2\/mec-events\/110883","targetHints":{"allow":["GET"]}}],"collection":[{"href":"https:\/\/fifp.fr\/en\/wp-json\/wp\/v2\/mec-events"}],"about":[{"href":"https:\/\/fifp.fr\/en\/wp-json\/wp\/v2\/types\/mec-events"}],"author":[{"embeddable":true,"href":"https:\/\/fifp.fr\/en\/wp-json\/wp\/v2\/users\/2"}],"replies":[{"embeddable":true,"href":"https:\/\/fifp.fr\/en\/wp-json\/wp\/v2\/comments?post=110883"}],"wp:featuredmedia":[{"embeddable":true,"href":"https:\/\/fifp.fr\/en\/wp-json\/wp\/v2\/media\/110884"}],"wp:attachment":[{"href":"https:\/\/fifp.fr\/en\/wp-json\/wp\/v2\/media?parent=110883"}],"wp:term":[{"taxonomy":"post_tag","embeddable":true,"href":"https:\/\/fifp.fr\/en\/wp-json\/wp\/v2\/tags?post=110883"},{"taxonomy":"mec_category","embeddable":true,"href":"https:\/\/fifp.fr\/en\/wp-json\/wp\/v2\/mec_category?post=110883"},{"taxonomy":"mec_speaker","embeddable":true,"href":"https:\/\/fifp.fr\/en\/wp-json\/wp\/v2\/mec_speaker?post=110883"}],"curies":[{"name":"wp","href":"https:\/\/api.w.org\/{rel}","templated":true}]}}

PÈRE NOIR, LE FILM

<p>Synopsis (FR) : Être artiste implique une grande responsabilité. Être capable de contrôler le récit est encore plus important. Black Daddy est une narration pure du point de vue du père noir car elle est souvent négligée et l&rsquo;hypothèse est que le père noir est absent. Black Daddy: The Movie est un projet passionné couvrant un espace qui nous tient à cœur; la paternité noire.</p>
<p>Synopsis (EN): (BLACK DADDY, THE MOVIE) Being an artist comes with great responsibility. Being able to control the narrative is even more important. Black Daddy is unadulterated storytelling from the black father&rsquo;s point of view because it is often overlooked and the assumption is that black fathers are not involved in their children&rsquo;s lives. Black Daddy: The Movie is a passion project covering a space that is near to our hearts; black fatherhood.</p>
<p>Réalisateur(trice)/Director: Damon Jamal Taylor<br />
Durée/length: 01:23:00<br />
Genre: Long-métrage, documentaire/Feature, documentary<br />
Origine: États-Unis/United States<br />
Année/Year: 2021</p>
<p>&nbsp;</p>

<p>Synopsis (FR) : Être artiste implique une grande responsabilité. Être capable de contrôler le récit est encore plus important. Black [&hellip;]</p>

<!-- This site is optimized with the Yoast SEO plugin v27.3 - https://yoast.com/product/yoast-seo-wordpress/ -->
<title>PÈRE NOIR, LE FILM - Festival International Du Film Pan Africain | Cannes</title>
<meta name="robots" content="index, follow, max-snippet:-1, max-image-preview:large, max-video-preview:-1" />
<link rel="canonical" href="https://fifp.fr/en/events/pere-noir-le-film/" />
<meta property="og:locale" content="en_US" />
<meta property="og:type" content="article" />
<meta property="og:title" content="PÈRE NOIR, LE FILM - Festival International Du Film Pan Africain | Cannes" />
<meta property="og:description" content="Synopsis (FR) : Être artiste implique une grande responsabilité. Être capable de contrôler le récit est encore plus important. Black [&hellip;]" />
<meta property="og:url" content="https://fifp.fr/en/events/pere-noir-le-film/" />
<meta property="og:site_name" content="Festival International Du Film Pan Africain | Cannes" />
<meta property="og:image" content="https://fifp.fr/wp-content/uploads/2022/09/Miramar-Ecran-Scene-Photos_7-scaled-e1664144760141.jpg" />
	<meta property="og:image:width" content="2560" />
	<meta property="og:image:height" content="1222" />
	<meta property="og:image:type" content="image/jpeg" />
<meta name="twitter:card" content="summary_large_image" />
<meta name="twitter:label1" content="Est. reading time" />
	<meta name="twitter:data1" content="1 minute" />
<script type="application/ld+json" class="yoast-schema-graph">{"@context":"https:\/\/schema.org","@graph":[{"@type":"WebPage","@id":"https:\/\/fifp.fr\/events\/pere-noir-le-film\/","url":"https:\/\/fifp.fr\/events\/pere-noir-le-film\/","name":"PÈRE NOIR, LE FILM - Festival International Du Film Pan Africain | Cannes","isPartOf":{"@id":"https:\/\/fifp.fr\/#website"},"primaryImageOfPage":{"@id":"https:\/\/fifp.fr\/events\/pere-noir-le-film\/#primaryimage"},"image":{"@id":"https:\/\/fifp.fr\/events\/pere-noir-le-film\/#primaryimage"},"thumbnailUrl":"https:\/\/fifp.fr\/wp-content\/uploads\/2022\/09\/Miramar-Ecran-Scene-Photos_7-scaled-e1664144760141.jpg","datePublished":"2022-09-25T22:26:24+00:00","breadcrumb":{"@id":"https:\/\/fifp.fr\/events\/pere-noir-le-film\/#breadcrumb"},"inLanguage":"en-US","potentialAction":[{"@type":"ReadAction","target":["https:\/\/fifp.fr\/events\/pere-noir-le-film\/"]}]},{"@type":"ImageObject","inLanguage":"en-US","@id":"https:\/\/fifp.fr\/events\/pere-noir-le-film\/#primaryimage","url":"https:\/\/fifp.fr\/wp-content\/uploads\/2022\/09\/Miramar-Ecran-Scene-Photos_7-scaled-e1664144760141.jpg","contentUrl":"https:\/\/fifp.fr\/wp-content\/uploads\/2022\/09\/Miramar-Ecran-Scene-Photos_7-scaled-e1664144760141.jpg","width":2560,"height":1222},{"@type":"BreadcrumbList","@id":"https:\/\/fifp.fr\/events\/pere-noir-le-film\/#breadcrumb","itemListElement":[{"@type":"ListItem","position":1,"name":"Festival Film Pan Africain De Cannes","item":"https:\/\/fifp.fr\/"},{"@type":"ListItem","position":2,"name":"Événements","item":"https:\/\/fifp.fr\/events\/"},{"@type":"ListItem","position":3,"name":"PÈRE NOIR, LE FILM"}]},{"@type":"WebSite","@id":"https:\/\/fifp.fr\/#website","url":"https:\/\/fifp.fr\/","name":"Festival International Du Film Pan Africain | Cannes","description":"Au Coeur Du CInema &amp; Des Arts Pan Africain","potentialAction":[{"@type":"SearchAction","target":{"@type":"EntryPoint","urlTemplate":"https:\/\/fifp.fr\/?s={search_term_string}"},"query-input":{"@type":"PropertyValueSpecification","valueRequired":true,"valueName":"search_term_string"}}],"inLanguage":"en-US"}]}</script>
<!-- / Yoast SEO plugin. -->

PÈRE NOIR, LE FILM - Festival International Du Film Pan Africain | Cannes

Synopsis (FR) : Être artiste implique une grande responsabilité. Être capable de contrôler le récit est encore plus important. Black [&hellip;]

Événements
