{"id":111495,"date":"2023-10-02T17:01:10","date_gmt":"2023-10-02T15:01:10","guid":{"rendered":"https:\/\/fifp.fr\/?post_type=mec-events&#038;p=111495"},"modified":"2023-10-02T17:01:10","modified_gmt":"2023-10-02T15:01:10","slug":"de-son-metre","status":"publish","type":"mec-events","link":"https:\/\/fifp.fr\/en\/events\/de-son-metre\/","title":{"rendered":"DE SON M\u00c8TRE (FROM HIS METER)"},"content":{"rendered":"<p><b>DE SON M\u00c8TRE (FROM HIS METER)<\/b><b> [S\u00e9lection officielle\/Official selection]<\/b><\/p>\n<p><b>R\u00e9alisateur(trice)\/Director: <\/b><span style=\"font-weight: 400;\">Black BenBres<\/span><\/p>\n<p><b>S\u00e9ance\/Screening: <\/b><span style=\"font-weight: 400;\">Le mercredi 18 octobre \u00e0 17h50\/Wednesday, October 18<\/span><span style=\"font-weight: 400;\">th<\/span><span style=\"font-weight: 400;\"> at 5:50PM<\/span><\/p>\n<p><b>Dur\u00e9e\/length:<\/b><span style=\"font-weight: 400;\"> 00:05:00<\/span><\/p>\n<p><b>Genre:<\/b><span style=\"font-weight: 400;\"> Court-m\u00e9trage, fiction\/Short, fiction<\/span><\/p>\n<p><b>Origin:<\/b><span style=\"font-weight: 400;\"> Guyane Fran\u00e7aise\/French Guiana<\/span><\/p>\n<p><b>Langue\/Language:<\/b><span style=\"font-weight: 400;\"> Fran\u00e7ais\/French<\/span><\/p>\n<p><b>Ann\u00e9e\/Year:<\/b><span style=\"font-weight: 400;\"> 2022<\/span><\/p>\n<p>&nbsp;<\/p>\n<p><b>Synopsis (FR) :<\/b> <span style=\"font-weight: 400;\">Steven COLLINS, est un athl\u00e8te de haut niveau de la discipline du deux cents m\u00e8tres. C&rsquo;est en pleine pr\u00e9paration physique que son coach personnel sera un appuie indispensable pour lui. Au sommet de son art, il n&rsquo;est pas au bout de ses surprises, quand la r\u00e9alit\u00e9 finit par le rattraper.<\/span><\/p>\n<p><b>Synopsis (EN):<\/b> <span style=\"font-weight: 400;\">Steven COLLINS, is a high-level two-hundred meter dash athlete. During his physical preparation, his coach becomes an undesirable source of pressure. At the top of his art, the reality of his daily life soon catches up with him.<\/span><\/p>\n","protected":false},"excerpt":{"rendered":"<p>DE SON M\u00c8TRE (FROM HIS METER) [S\u00e9lection officielle\/Official selection] R\u00e9alisateur(trice)\/Director: Black BenBres S\u00e9ance\/Screening: Le mercredi 18 octobre \u00e0 17h50\/Wednesday, October [&hellip;]<\/p>\n","protected":false},"author":13,"featured_media":111496,"comment_status":"closed","ping_status":"closed","template":"","tags":[],"mec_category":[391,392,395,397],"mec_speaker":[],"class_list":["post-111495","mec-events","type-mec-events","status-publish","has-post-thumbnail","hentry","mec_category-films-2023","mec_category-court-metrage-short-film-2023","mec_category-fiction-2023","mec_category-selection-officielle-official-selection-2023"],"yoast_head":"<!-- This site is optimized with the Yoast SEO plugin v27.3 - https:\/\/yoast.com\/product\/yoast-seo-wordpress\/ -->\n<title>DE SON M\u00c8TRE (FROM HIS METER) - Festival International Du Film Pan Africain | Cannes<\/title>\n<meta name=\"robots\" content=\"index, follow, max-snippet:-1, max-image-preview:large, max-video-preview:-1\" \/>\n<link rel=\"canonical\" href=\"https:\/\/fifp.fr\/en\/events\/de-son-metre\/\" \/>\n<meta property=\"og:locale\" content=\"en_US\" \/>\n<meta property=\"og:type\" content=\"article\" \/>\n<meta property=\"og:title\" content=\"DE SON M\u00c8TRE (FROM HIS METER) - Festival International Du Film Pan Africain | Cannes\" \/>\n<meta property=\"og:description\" content=\"DE SON M\u00c8TRE (FROM HIS METER) [S\u00e9lection officielle\/Official selection] R\u00e9alisateur(trice)\/Director: Black BenBres S\u00e9ance\/Screening: Le mercredi 18 octobre \u00e0 17h50\/Wednesday, October [&hellip;]\" \/>\n<meta property=\"og:url\" content=\"https:\/\/fifp.fr\/en\/events\/de-son-metre\/\" \/>\n<meta property=\"og:site_name\" content=\"Festival International Du Film Pan Africain | Cannes\" \/>\n<meta property=\"og:image\" content=\"https:\/\/fifp.fr\/wp-content\/uploads\/2023\/10\/Poster-De-son-metre-scaled.jpeg\" \/>\n\t<meta property=\"og:image:width\" content=\"1917\" \/>\n\t<meta property=\"og:image:height\" content=\"2560\" \/>\n\t<meta property=\"og:image:type\" content=\"image\/jpeg\" \/>\n<meta name=\"twitter:card\" content=\"summary_large_image\" \/>\n<meta name=\"twitter:label1\" content=\"Est. reading time\" \/>\n\t<meta name=\"twitter:data1\" content=\"1 minute\" \/>\n<script type=\"application\/ld+json\" class=\"yoast-schema-graph\">{\"@context\":\"https:\\\/\\\/schema.org\",\"@graph\":[{\"@type\":\"WebPage\",\"@id\":\"https:\\\/\\\/fifp.fr\\\/events\\\/de-son-metre\\\/\",\"url\":\"https:\\\/\\\/fifp.fr\\\/events\\\/de-son-metre\\\/\",\"name\":\"DE SON M\u00c8TRE (FROM HIS METER) - Festival International Du Film Pan Africain | Cannes\",\"isPartOf\":{\"@id\":\"https:\\\/\\\/fifp.fr\\\/#website\"},\"primaryImageOfPage\":{\"@id\":\"https:\\\/\\\/fifp.fr\\\/events\\\/de-son-metre\\\/#primaryimage\"},\"image\":{\"@id\":\"https:\\\/\\\/fifp.fr\\\/events\\\/de-son-metre\\\/#primaryimage\"},\"thumbnailUrl\":\"https:\\\/\\\/fifp.fr\\\/wp-content\\\/uploads\\\/2023\\\/10\\\/Poster-De-son-metre-scaled.jpeg\",\"datePublished\":\"2023-10-02T15:01:10+00:00\",\"breadcrumb\":{\"@id\":\"https:\\\/\\\/fifp.fr\\\/events\\\/de-son-metre\\\/#breadcrumb\"},\"inLanguage\":\"en-US\",\"potentialAction\":[{\"@type\":\"ReadAction\",\"target\":[\"https:\\\/\\\/fifp.fr\\\/events\\\/de-son-metre\\\/\"]}]},{\"@type\":\"ImageObject\",\"inLanguage\":\"en-US\",\"@id\":\"https:\\\/\\\/fifp.fr\\\/events\\\/de-son-metre\\\/#primaryimage\",\"url\":\"https:\\\/\\\/fifp.fr\\\/wp-content\\\/uploads\\\/2023\\\/10\\\/Poster-De-son-metre-scaled.jpeg\",\"contentUrl\":\"https:\\\/\\\/fifp.fr\\\/wp-content\\\/uploads\\\/2023\\\/10\\\/Poster-De-son-metre-scaled.jpeg\",\"width\":1917,\"height\":2560},{\"@type\":\"BreadcrumbList\",\"@id\":\"https:\\\/\\\/fifp.fr\\\/events\\\/de-son-metre\\\/#breadcrumb\",\"itemListElement\":[{\"@type\":\"ListItem\",\"position\":1,\"name\":\"Festival Film Pan Africain De Cannes\",\"item\":\"https:\\\/\\\/fifp.fr\\\/\"},{\"@type\":\"ListItem\",\"position\":2,\"name\":\"\u00c9v\u00e9nements\",\"item\":\"https:\\\/\\\/fifp.fr\\\/events\\\/\"},{\"@type\":\"ListItem\",\"position\":3,\"name\":\"DE SON M\u00c8TRE (FROM HIS METER)\"}]},{\"@type\":\"WebSite\",\"@id\":\"https:\\\/\\\/fifp.fr\\\/#website\",\"url\":\"https:\\\/\\\/fifp.fr\\\/\",\"name\":\"Festival International Du Film Pan Africain | Cannes\",\"description\":\"Au Coeur Du CInema &amp; Des Arts Pan Africain\",\"potentialAction\":[{\"@type\":\"SearchAction\",\"target\":{\"@type\":\"EntryPoint\",\"urlTemplate\":\"https:\\\/\\\/fifp.fr\\\/?s={search_term_string}\"},\"query-input\":{\"@type\":\"PropertyValueSpecification\",\"valueRequired\":true,\"valueName\":\"search_term_string\"}}],\"inLanguage\":\"en-US\"}]}<\/script>\n<!-- \/ Yoast SEO plugin. -->","yoast_head_json":{"title":"DE SON M\u00c8TRE (FROM HIS METER) - Festival International Du Film Pan Africain | Cannes","robots":{"index":"index","follow":"follow","max-snippet":"max-snippet:-1","max-image-preview":"max-image-preview:large","max-video-preview":"max-video-preview:-1"},"canonical":"https:\/\/fifp.fr\/en\/events\/de-son-metre\/","og_locale":"en_US","og_type":"article","og_title":"DE SON M\u00c8TRE (FROM HIS METER) - Festival International Du Film Pan Africain | Cannes","og_description":"DE SON M\u00c8TRE (FROM HIS METER) [S\u00e9lection officielle\/Official selection] R\u00e9alisateur(trice)\/Director: Black BenBres S\u00e9ance\/Screening: Le mercredi 18 octobre \u00e0 17h50\/Wednesday, October [&hellip;]","og_url":"https:\/\/fifp.fr\/en\/events\/de-son-metre\/","og_site_name":"Festival International Du Film Pan Africain | Cannes","og_image":[{"width":1917,"height":2560,"url":"https:\/\/fifp.fr\/wp-content\/uploads\/2023\/10\/Poster-De-son-metre-scaled.jpeg","type":"image\/jpeg"}],"twitter_card":"summary_large_image","twitter_misc":{"Est. reading time":"1 minute"},"schema":{"@context":"https:\/\/schema.org","@graph":[{"@type":"WebPage","@id":"https:\/\/fifp.fr\/events\/de-son-metre\/","url":"https:\/\/fifp.fr\/events\/de-son-metre\/","name":"DE SON M\u00c8TRE (FROM HIS METER) - Festival International Du Film Pan Africain | Cannes","isPartOf":{"@id":"https:\/\/fifp.fr\/#website"},"primaryImageOfPage":{"@id":"https:\/\/fifp.fr\/events\/de-son-metre\/#primaryimage"},"image":{"@id":"https:\/\/fifp.fr\/events\/de-son-metre\/#primaryimage"},"thumbnailUrl":"https:\/\/fifp.fr\/wp-content\/uploads\/2023\/10\/Poster-De-son-metre-scaled.jpeg","datePublished":"2023-10-02T15:01:10+00:00","breadcrumb":{"@id":"https:\/\/fifp.fr\/events\/de-son-metre\/#breadcrumb"},"inLanguage":"en-US","potentialAction":[{"@type":"ReadAction","target":["https:\/\/fifp.fr\/events\/de-son-metre\/"]}]},{"@type":"ImageObject","inLanguage":"en-US","@id":"https:\/\/fifp.fr\/events\/de-son-metre\/#primaryimage","url":"https:\/\/fifp.fr\/wp-content\/uploads\/2023\/10\/Poster-De-son-metre-scaled.jpeg","contentUrl":"https:\/\/fifp.fr\/wp-content\/uploads\/2023\/10\/Poster-De-son-metre-scaled.jpeg","width":1917,"height":2560},{"@type":"BreadcrumbList","@id":"https:\/\/fifp.fr\/events\/de-son-metre\/#breadcrumb","itemListElement":[{"@type":"ListItem","position":1,"name":"Festival Film Pan Africain De Cannes","item":"https:\/\/fifp.fr\/"},{"@type":"ListItem","position":2,"name":"\u00c9v\u00e9nements","item":"https:\/\/fifp.fr\/events\/"},{"@type":"ListItem","position":3,"name":"DE SON M\u00c8TRE (FROM HIS METER)"}]},{"@type":"WebSite","@id":"https:\/\/fifp.fr\/#website","url":"https:\/\/fifp.fr\/","name":"Festival International Du Film Pan Africain | Cannes","description":"Au Coeur Du CInema &amp; Des Arts Pan Africain","potentialAction":[{"@type":"SearchAction","target":{"@type":"EntryPoint","urlTemplate":"https:\/\/fifp.fr\/?s={search_term_string}"},"query-input":{"@type":"PropertyValueSpecification","valueRequired":true,"valueName":"search_term_string"}}],"inLanguage":"en-US"}]}},"_links":{"self":[{"href":"https:\/\/fifp.fr\/en\/wp-json\/wp\/v2\/mec-events\/111495","targetHints":{"allow":["GET"]}}],"collection":[{"href":"https:\/\/fifp.fr\/en\/wp-json\/wp\/v2\/mec-events"}],"about":[{"href":"https:\/\/fifp.fr\/en\/wp-json\/wp\/v2\/types\/mec-events"}],"author":[{"embeddable":true,"href":"https:\/\/fifp.fr\/en\/wp-json\/wp\/v2\/users\/13"}],"replies":[{"embeddable":true,"href":"https:\/\/fifp.fr\/en\/wp-json\/wp\/v2\/comments?post=111495"}],"wp:featuredmedia":[{"embeddable":true,"href":"https:\/\/fifp.fr\/en\/wp-json\/wp\/v2\/media\/111496"}],"wp:attachment":[{"href":"https:\/\/fifp.fr\/en\/wp-json\/wp\/v2\/media?parent=111495"}],"wp:term":[{"taxonomy":"post_tag","embeddable":true,"href":"https:\/\/fifp.fr\/en\/wp-json\/wp\/v2\/tags?post=111495"},{"taxonomy":"mec_category","embeddable":true,"href":"https:\/\/fifp.fr\/en\/wp-json\/wp\/v2\/mec_category?post=111495"},{"taxonomy":"mec_speaker","embeddable":true,"href":"https:\/\/fifp.fr\/en\/wp-json\/wp\/v2\/mec_speaker?post=111495"}],"curies":[{"name":"wp","href":"https:\/\/api.w.org\/{rel}","templated":true}]}}

DE SON MÈTRE (FROM HIS METER)

<p><b>DE SON MÈTRE (FROM HIS METER)</b><b> [Sélection officielle/Official selection]</b></p>
<p><b>Réalisateur(trice)/Director: </b><span style="font-weight: 400;">Black BenBres</span></p>
<p><b>Séance/Screening: </b><span style="font-weight: 400;">Le mercredi 18 octobre à 17h50/Wednesday, October 18</span><span style="font-weight: 400;">th</span><span style="font-weight: 400;"> at 5:50PM</span></p>
<p><b>Durée/length:</b><span style="font-weight: 400;"> 00:05:00</span></p>
<p><b>Genre:</b><span style="font-weight: 400;"> Court-métrage, fiction/Short, fiction</span></p>
<p><b>Origin:</b><span style="font-weight: 400;"> Guyane Française/French Guiana</span></p>
<p><b>Langue/Language:</b><span style="font-weight: 400;"> Français/French</span></p>
<p><b>Année/Year:</b><span style="font-weight: 400;"> 2022</span></p>
<p>&nbsp;</p>
<p><b>Synopsis (FR) :</b> <span style="font-weight: 400;">Steven COLLINS, est un athlète de haut niveau de la discipline du deux cents mètres. C&rsquo;est en pleine préparation physique que son coach personnel sera un appuie indispensable pour lui. Au sommet de son art, il n&rsquo;est pas au bout de ses surprises, quand la réalité finit par le rattraper.</span></p>
<p><b>Synopsis (EN):</b> <span style="font-weight: 400;">Steven COLLINS, is a high-level two-hundred meter dash athlete. During his physical preparation, his coach becomes an undesirable source of pressure. At the top of his art, the reality of his daily life soon catches up with him.</span></p>

<p>DE SON MÈTRE (FROM HIS METER) [Sélection officielle/Official selection] Réalisateur(trice)/Director: Black BenBres Séance/Screening: Le mercredi 18 octobre à 17h50/Wednesday, October [&hellip;]</p>

<!-- This site is optimized with the Yoast SEO plugin v27.3 - https://yoast.com/product/yoast-seo-wordpress/ -->
<title>DE SON MÈTRE (FROM HIS METER) - Festival International Du Film Pan Africain | Cannes</title>
<meta name="robots" content="index, follow, max-snippet:-1, max-image-preview:large, max-video-preview:-1" />
<link rel="canonical" href="https://fifp.fr/en/events/de-son-metre/" />
<meta property="og:locale" content="en_US" />
<meta property="og:type" content="article" />
<meta property="og:title" content="DE SON MÈTRE (FROM HIS METER) - Festival International Du Film Pan Africain | Cannes" />
<meta property="og:description" content="DE SON MÈTRE (FROM HIS METER) [Sélection officielle/Official selection] Réalisateur(trice)/Director: Black BenBres Séance/Screening: Le mercredi 18 octobre à 17h50/Wednesday, October [&hellip;]" />
<meta property="og:url" content="https://fifp.fr/en/events/de-son-metre/" />
<meta property="og:site_name" content="Festival International Du Film Pan Africain | Cannes" />
<meta property="og:image" content="https://fifp.fr/wp-content/uploads/2023/10/Poster-De-son-metre-scaled.jpeg" />
	<meta property="og:image:width" content="1917" />
	<meta property="og:image:height" content="2560" />
	<meta property="og:image:type" content="image/jpeg" />
<meta name="twitter:card" content="summary_large_image" />
<meta name="twitter:label1" content="Est. reading time" />
	<meta name="twitter:data1" content="1 minute" />
<script type="application/ld+json" class="yoast-schema-graph">{"@context":"https:\/\/schema.org","@graph":[{"@type":"WebPage","@id":"https:\/\/fifp.fr\/events\/de-son-metre\/","url":"https:\/\/fifp.fr\/events\/de-son-metre\/","name":"DE SON MÈTRE (FROM HIS METER) - Festival International Du Film Pan Africain | Cannes","isPartOf":{"@id":"https:\/\/fifp.fr\/#website"},"primaryImageOfPage":{"@id":"https:\/\/fifp.fr\/events\/de-son-metre\/#primaryimage"},"image":{"@id":"https:\/\/fifp.fr\/events\/de-son-metre\/#primaryimage"},"thumbnailUrl":"https:\/\/fifp.fr\/wp-content\/uploads\/2023\/10\/Poster-De-son-metre-scaled.jpeg","datePublished":"2023-10-02T15:01:10+00:00","breadcrumb":{"@id":"https:\/\/fifp.fr\/events\/de-son-metre\/#breadcrumb"},"inLanguage":"en-US","potentialAction":[{"@type":"ReadAction","target":["https:\/\/fifp.fr\/events\/de-son-metre\/"]}]},{"@type":"ImageObject","inLanguage":"en-US","@id":"https:\/\/fifp.fr\/events\/de-son-metre\/#primaryimage","url":"https:\/\/fifp.fr\/wp-content\/uploads\/2023\/10\/Poster-De-son-metre-scaled.jpeg","contentUrl":"https:\/\/fifp.fr\/wp-content\/uploads\/2023\/10\/Poster-De-son-metre-scaled.jpeg","width":1917,"height":2560},{"@type":"BreadcrumbList","@id":"https:\/\/fifp.fr\/events\/de-son-metre\/#breadcrumb","itemListElement":[{"@type":"ListItem","position":1,"name":"Festival Film Pan Africain De Cannes","item":"https:\/\/fifp.fr\/"},{"@type":"ListItem","position":2,"name":"Événements","item":"https:\/\/fifp.fr\/events\/"},{"@type":"ListItem","position":3,"name":"DE SON MÈTRE (FROM HIS METER)"}]},{"@type":"WebSite","@id":"https:\/\/fifp.fr\/#website","url":"https:\/\/fifp.fr\/","name":"Festival International Du Film Pan Africain | Cannes","description":"Au Coeur Du CInema &amp; Des Arts Pan Africain","potentialAction":[{"@type":"SearchAction","target":{"@type":"EntryPoint","urlTemplate":"https:\/\/fifp.fr\/?s={search_term_string}"},"query-input":{"@type":"PropertyValueSpecification","valueRequired":true,"valueName":"search_term_string"}}],"inLanguage":"en-US"}]}</script>
<!-- / Yoast SEO plugin. -->

DE SON MÈTRE (FROM HIS METER) - Festival International Du Film Pan Africain | Cannes

DE SON MÈTRE (FROM HIS METER) [Sélection officielle/Official selection] Réalisateur(trice)/Director: Black BenBres Séance/Screening: Le mercredi 18 octobre à 17h50/Wednesday, October [&hellip;]

Événements
