{"id":111550,"date":"2023-10-03T02:57:54","date_gmt":"2023-10-03T00:57:54","guid":{"rendered":"https:\/\/fifp.fr\/?post_type=mec-events&#038;p=111550"},"modified":"2023-10-16T01:14:09","modified_gmt":"2023-10-15T23:14:09","slug":"une-des-milles-collines","status":"publish","type":"mec-events","link":"https:\/\/fifp.fr\/en\/events\/une-des-milles-collines\/","title":{"rendered":"UNE DES MILLES COLLINES (ONE OF THE THOUSAND HILLS)"},"content":{"rendered":"<p><b>UNE DES MILLES COLLINES (ONE OF THE THOUSAND HILLS) <\/b><b>[S\u00e9lection officielle\/Official selection]<\/b><\/p>\n<p><b>R\u00e9alisateur(trice)\/Director: <\/b><span style=\"font-weight: 400;\">Bernard Bellefroid<\/span><\/p>\n<p><b>S\u00e9ance\/Screening: <\/b><span style=\"font-weight: 400;\">Le vendredi 20 octobre \u00e0 17h50\/Friday, October 20th<\/span><span style=\"font-weight: 400;\"> at 5:50PM<\/span><\/p>\n<p><b>Dur\u00e9e\/length:<\/b><span style=\"font-weight: 400;\"> 01:00:00<\/span><\/p>\n<p><b>Genre:<\/b><span style=\"font-weight: 400;\"> Long-m\u00e9trage, documentaire\/Feature, documentary<\/span><\/p>\n<p><b>Origin:<\/b><span style=\"font-weight: 400;\"> Belgique, Rwanda\/Belgium, Rwanda<\/span><\/p>\n<p><b>Langue\/Language:<\/b><span style=\"font-weight: 400;\"> Fran\u00e7ais\/French<\/span><\/p>\n<p><b>Ann\u00e9e\/Year:<\/b><span style=\"font-weight: 400;\"> 2023<\/span><\/p>\n<p>&nbsp;<\/p>\n<p><b>Synopsis (FR) :<\/b> <span style=\"font-weight: 400;\">Ils ignoraient qu\u2019au Rwanda \u00eatre n\u00e9 Tutsi \u00e9tait un crime. Les vies de Fiacre, Fid\u00e9line et Olivier se sont arr\u00eat\u00e9es en 1994. Aux derniers jours de ces enfants se m\u00ealent trois temps : la m\u00e9moire du g\u00e9nocide, les proc\u00e8s Gacaca de 2005 et la r\u00e9silience du village o\u00f9 ceux qui ont extermin\u00e9 et ceux qui ont aim\u00e9s reprennent une vie commune. Le film tente d\u2019approcher une v\u00e9rit\u00e9, de restaurer leur existence et l\u2019histoire d\u2019une colline pour toutes les collines.<\/span><\/p>\n<p><b>Synopsis (EN):<\/b> <span style=\"font-weight: 400;\">They did not know that in Rwanda, being born a Tutsi was a crime. The lives of Fiacre, Fid\u00e9line and Olivier ended in 1994. The last days of these children are intertwined with three times: the memory of the genocide, the Gacaca trials of 2005 and the resilience of the village where those who exterminated and those who loved are resuming a common life. The film attempts to approach the truth, to restore their existence and the history of a hill for all hills.<\/span><\/p>\n","protected":false},"excerpt":{"rendered":"<p>UNE DES MILLES COLLINES (ONE OF THE THOUSAND HILLS) [S\u00e9lection officielle\/Official selection] R\u00e9alisateur(trice)\/Director: Bernard Bellefroid S\u00e9ance\/Screening: Le vendredi 20 octobre [&hellip;]<\/p>\n","protected":false},"author":13,"featured_media":111551,"comment_status":"closed","ping_status":"closed","template":"","tags":[],"mec_category":[391,394,396,397],"mec_speaker":[],"class_list":["post-111550","mec-events","type-mec-events","status-publish","has-post-thumbnail","hentry","mec_category-films-2023","mec_category-doc-2023","mec_category-long-metrage-feature-2023","mec_category-selection-officielle-official-selection-2023"],"yoast_head":"<!-- This site is optimized with the Yoast SEO plugin v27.3 - https:\/\/yoast.com\/product\/yoast-seo-wordpress\/ -->\n<title>UNE DES MILLES COLLINES (ONE OF THE THOUSAND HILLS) - Festival International Du Film Pan Africain | Cannes<\/title>\n<meta name=\"robots\" content=\"index, follow, max-snippet:-1, max-image-preview:large, max-video-preview:-1\" \/>\n<link rel=\"canonical\" href=\"https:\/\/fifp.fr\/en\/events\/une-des-milles-collines\/\" \/>\n<meta property=\"og:locale\" content=\"en_US\" \/>\n<meta property=\"og:type\" content=\"article\" \/>\n<meta property=\"og:title\" content=\"UNE DES MILLES COLLINES (ONE OF THE THOUSAND HILLS) - Festival International Du Film Pan Africain | Cannes\" \/>\n<meta property=\"og:description\" content=\"UNE DES MILLES COLLINES (ONE OF THE THOUSAND HILLS) [S\u00e9lection officielle\/Official selection] R\u00e9alisateur(trice)\/Director: Bernard Bellefroid S\u00e9ance\/Screening: Le vendredi 20 octobre [&hellip;]\" \/>\n<meta property=\"og:url\" content=\"https:\/\/fifp.fr\/en\/events\/une-des-milles-collines\/\" \/>\n<meta property=\"og:site_name\" content=\"Festival International Du Film Pan Africain | Cannes\" \/>\n<meta property=\"article:modified_time\" content=\"2023-10-15T23:14:09+00:00\" \/>\n<meta property=\"og:image\" content=\"https:\/\/fifp.fr\/wp-content\/uploads\/2023\/10\/Poster-Une-des-mille-collines.jpeg\" \/>\n\t<meta property=\"og:image:width\" content=\"1131\" \/>\n\t<meta property=\"og:image:height\" content=\"1600\" \/>\n\t<meta property=\"og:image:type\" content=\"image\/jpeg\" \/>\n<meta name=\"twitter:card\" content=\"summary_large_image\" \/>\n<meta name=\"twitter:label1\" content=\"Est. reading time\" \/>\n\t<meta name=\"twitter:data1\" content=\"2 minutes\" \/>\n<script type=\"application\/ld+json\" class=\"yoast-schema-graph\">{\"@context\":\"https:\\\/\\\/schema.org\",\"@graph\":[{\"@type\":\"WebPage\",\"@id\":\"https:\\\/\\\/fifp.fr\\\/events\\\/une-des-milles-collines\\\/\",\"url\":\"https:\\\/\\\/fifp.fr\\\/events\\\/une-des-milles-collines\\\/\",\"name\":\"UNE DES MILLES COLLINES (ONE OF THE THOUSAND HILLS) - Festival International Du Film Pan Africain | Cannes\",\"isPartOf\":{\"@id\":\"https:\\\/\\\/fifp.fr\\\/#website\"},\"primaryImageOfPage\":{\"@id\":\"https:\\\/\\\/fifp.fr\\\/events\\\/une-des-milles-collines\\\/#primaryimage\"},\"image\":{\"@id\":\"https:\\\/\\\/fifp.fr\\\/events\\\/une-des-milles-collines\\\/#primaryimage\"},\"thumbnailUrl\":\"https:\\\/\\\/fifp.fr\\\/wp-content\\\/uploads\\\/2023\\\/10\\\/Poster-Une-des-mille-collines.jpeg\",\"datePublished\":\"2023-10-03T00:57:54+00:00\",\"dateModified\":\"2023-10-15T23:14:09+00:00\",\"breadcrumb\":{\"@id\":\"https:\\\/\\\/fifp.fr\\\/events\\\/une-des-milles-collines\\\/#breadcrumb\"},\"inLanguage\":\"en-US\",\"potentialAction\":[{\"@type\":\"ReadAction\",\"target\":[\"https:\\\/\\\/fifp.fr\\\/events\\\/une-des-milles-collines\\\/\"]}]},{\"@type\":\"ImageObject\",\"inLanguage\":\"en-US\",\"@id\":\"https:\\\/\\\/fifp.fr\\\/events\\\/une-des-milles-collines\\\/#primaryimage\",\"url\":\"https:\\\/\\\/fifp.fr\\\/wp-content\\\/uploads\\\/2023\\\/10\\\/Poster-Une-des-mille-collines.jpeg\",\"contentUrl\":\"https:\\\/\\\/fifp.fr\\\/wp-content\\\/uploads\\\/2023\\\/10\\\/Poster-Une-des-mille-collines.jpeg\",\"width\":1131,\"height\":1600},{\"@type\":\"BreadcrumbList\",\"@id\":\"https:\\\/\\\/fifp.fr\\\/events\\\/une-des-milles-collines\\\/#breadcrumb\",\"itemListElement\":[{\"@type\":\"ListItem\",\"position\":1,\"name\":\"Festival Film Pan Africain De Cannes\",\"item\":\"https:\\\/\\\/fifp.fr\\\/\"},{\"@type\":\"ListItem\",\"position\":2,\"name\":\"\u00c9v\u00e9nements\",\"item\":\"https:\\\/\\\/fifp.fr\\\/events\\\/\"},{\"@type\":\"ListItem\",\"position\":3,\"name\":\"UNE DES MILLES COLLINES (ONE OF THE THOUSAND HILLS)\"}]},{\"@type\":\"WebSite\",\"@id\":\"https:\\\/\\\/fifp.fr\\\/#website\",\"url\":\"https:\\\/\\\/fifp.fr\\\/\",\"name\":\"Festival International Du Film Pan Africain | Cannes\",\"description\":\"Au Coeur Du CInema &amp; Des Arts Pan Africain\",\"potentialAction\":[{\"@type\":\"SearchAction\",\"target\":{\"@type\":\"EntryPoint\",\"urlTemplate\":\"https:\\\/\\\/fifp.fr\\\/?s={search_term_string}\"},\"query-input\":{\"@type\":\"PropertyValueSpecification\",\"valueRequired\":true,\"valueName\":\"search_term_string\"}}],\"inLanguage\":\"en-US\"}]}<\/script>\n<!-- \/ Yoast SEO plugin. -->","yoast_head_json":{"title":"UNE DES MILLES COLLINES (ONE OF THE THOUSAND HILLS) - Festival International Du Film Pan Africain | Cannes","robots":{"index":"index","follow":"follow","max-snippet":"max-snippet:-1","max-image-preview":"max-image-preview:large","max-video-preview":"max-video-preview:-1"},"canonical":"https:\/\/fifp.fr\/en\/events\/une-des-milles-collines\/","og_locale":"en_US","og_type":"article","og_title":"UNE DES MILLES COLLINES (ONE OF THE THOUSAND HILLS) - Festival International Du Film Pan Africain | Cannes","og_description":"UNE DES MILLES COLLINES (ONE OF THE THOUSAND HILLS) [S\u00e9lection officielle\/Official selection] R\u00e9alisateur(trice)\/Director: Bernard Bellefroid S\u00e9ance\/Screening: Le vendredi 20 octobre [&hellip;]","og_url":"https:\/\/fifp.fr\/en\/events\/une-des-milles-collines\/","og_site_name":"Festival International Du Film Pan Africain | Cannes","article_modified_time":"2023-10-15T23:14:09+00:00","og_image":[{"width":1131,"height":1600,"url":"https:\/\/fifp.fr\/wp-content\/uploads\/2023\/10\/Poster-Une-des-mille-collines.jpeg","type":"image\/jpeg"}],"twitter_card":"summary_large_image","twitter_misc":{"Est. reading time":"2 minutes"},"schema":{"@context":"https:\/\/schema.org","@graph":[{"@type":"WebPage","@id":"https:\/\/fifp.fr\/events\/une-des-milles-collines\/","url":"https:\/\/fifp.fr\/events\/une-des-milles-collines\/","name":"UNE DES MILLES COLLINES (ONE OF THE THOUSAND HILLS) - Festival International Du Film Pan Africain | Cannes","isPartOf":{"@id":"https:\/\/fifp.fr\/#website"},"primaryImageOfPage":{"@id":"https:\/\/fifp.fr\/events\/une-des-milles-collines\/#primaryimage"},"image":{"@id":"https:\/\/fifp.fr\/events\/une-des-milles-collines\/#primaryimage"},"thumbnailUrl":"https:\/\/fifp.fr\/wp-content\/uploads\/2023\/10\/Poster-Une-des-mille-collines.jpeg","datePublished":"2023-10-03T00:57:54+00:00","dateModified":"2023-10-15T23:14:09+00:00","breadcrumb":{"@id":"https:\/\/fifp.fr\/events\/une-des-milles-collines\/#breadcrumb"},"inLanguage":"en-US","potentialAction":[{"@type":"ReadAction","target":["https:\/\/fifp.fr\/events\/une-des-milles-collines\/"]}]},{"@type":"ImageObject","inLanguage":"en-US","@id":"https:\/\/fifp.fr\/events\/une-des-milles-collines\/#primaryimage","url":"https:\/\/fifp.fr\/wp-content\/uploads\/2023\/10\/Poster-Une-des-mille-collines.jpeg","contentUrl":"https:\/\/fifp.fr\/wp-content\/uploads\/2023\/10\/Poster-Une-des-mille-collines.jpeg","width":1131,"height":1600},{"@type":"BreadcrumbList","@id":"https:\/\/fifp.fr\/events\/une-des-milles-collines\/#breadcrumb","itemListElement":[{"@type":"ListItem","position":1,"name":"Festival Film Pan Africain De Cannes","item":"https:\/\/fifp.fr\/"},{"@type":"ListItem","position":2,"name":"\u00c9v\u00e9nements","item":"https:\/\/fifp.fr\/events\/"},{"@type":"ListItem","position":3,"name":"UNE DES MILLES COLLINES (ONE OF THE THOUSAND HILLS)"}]},{"@type":"WebSite","@id":"https:\/\/fifp.fr\/#website","url":"https:\/\/fifp.fr\/","name":"Festival International Du Film Pan Africain | Cannes","description":"Au Coeur Du CInema &amp; Des Arts Pan Africain","potentialAction":[{"@type":"SearchAction","target":{"@type":"EntryPoint","urlTemplate":"https:\/\/fifp.fr\/?s={search_term_string}"},"query-input":{"@type":"PropertyValueSpecification","valueRequired":true,"valueName":"search_term_string"}}],"inLanguage":"en-US"}]}},"_links":{"self":[{"href":"https:\/\/fifp.fr\/en\/wp-json\/wp\/v2\/mec-events\/111550","targetHints":{"allow":["GET"]}}],"collection":[{"href":"https:\/\/fifp.fr\/en\/wp-json\/wp\/v2\/mec-events"}],"about":[{"href":"https:\/\/fifp.fr\/en\/wp-json\/wp\/v2\/types\/mec-events"}],"author":[{"embeddable":true,"href":"https:\/\/fifp.fr\/en\/wp-json\/wp\/v2\/users\/13"}],"replies":[{"embeddable":true,"href":"https:\/\/fifp.fr\/en\/wp-json\/wp\/v2\/comments?post=111550"}],"wp:featuredmedia":[{"embeddable":true,"href":"https:\/\/fifp.fr\/en\/wp-json\/wp\/v2\/media\/111551"}],"wp:attachment":[{"href":"https:\/\/fifp.fr\/en\/wp-json\/wp\/v2\/media?parent=111550"}],"wp:term":[{"taxonomy":"post_tag","embeddable":true,"href":"https:\/\/fifp.fr\/en\/wp-json\/wp\/v2\/tags?post=111550"},{"taxonomy":"mec_category","embeddable":true,"href":"https:\/\/fifp.fr\/en\/wp-json\/wp\/v2\/mec_category?post=111550"},{"taxonomy":"mec_speaker","embeddable":true,"href":"https:\/\/fifp.fr\/en\/wp-json\/wp\/v2\/mec_speaker?post=111550"}],"curies":[{"name":"wp","href":"https:\/\/api.w.org\/{rel}","templated":true}]}}

<p><b>UNE DES MILLES COLLINES (ONE OF THE THOUSAND HILLS) </b><b>[Sélection officielle/Official selection]</b></p>
<p><b>Réalisateur(trice)/Director: </b><span style="font-weight: 400;">Bernard Bellefroid</span></p>
<p><b>Séance/Screening: </b><span style="font-weight: 400;">Le vendredi 20 octobre à 17h50/Friday, October 20th</span><span style="font-weight: 400;"> at 5:50PM</span></p>
<p><b>Durée/length:</b><span style="font-weight: 400;"> 01:00:00</span></p>
<p><b>Genre:</b><span style="font-weight: 400;"> Long-métrage, documentaire/Feature, documentary</span></p>
<p><b>Origin:</b><span style="font-weight: 400;"> Belgique, Rwanda/Belgium, Rwanda</span></p>
<p><b>Langue/Language:</b><span style="font-weight: 400;"> Français/French</span></p>
<p><b>Année/Year:</b><span style="font-weight: 400;"> 2023</span></p>
<p>&nbsp;</p>
<p><b>Synopsis (FR) :</b> <span style="font-weight: 400;">Ils ignoraient qu’au Rwanda être né Tutsi était un crime. Les vies de Fiacre, Fidéline et Olivier se sont arrêtées en 1994. Aux derniers jours de ces enfants se mêlent trois temps : la mémoire du génocide, les procès Gacaca de 2005 et la résilience du village où ceux qui ont exterminé et ceux qui ont aimés reprennent une vie commune. Le film tente d’approcher une vérité, de restaurer leur existence et l’histoire d’une colline pour toutes les collines.</span></p>
<p><b>Synopsis (EN):</b> <span style="font-weight: 400;">They did not know that in Rwanda, being born a Tutsi was a crime. The lives of Fiacre, Fidéline and Olivier ended in 1994. The last days of these children are intertwined with three times: the memory of the genocide, the Gacaca trials of 2005 and the resilience of the village where those who exterminated and those who loved are resuming a common life. The film attempts to approach the truth, to restore their existence and the history of a hill for all hills.</span></p>

<p>UNE DES MILLES COLLINES (ONE OF THE THOUSAND HILLS) [Sélection officielle/Official selection] Réalisateur(trice)/Director: Bernard Bellefroid Séance/Screening: Le vendredi 20 octobre [&hellip;]</p>

<!-- This site is optimized with the Yoast SEO plugin v27.3 - https://yoast.com/product/yoast-seo-wordpress/ -->
<title>UNE DES MILLES COLLINES (ONE OF THE THOUSAND HILLS) - Festival International Du Film Pan Africain | Cannes</title>
<meta name="robots" content="index, follow, max-snippet:-1, max-image-preview:large, max-video-preview:-1" />
<link rel="canonical" href="https://fifp.fr/en/events/une-des-milles-collines/" />
<meta property="og:locale" content="en_US" />
<meta property="og:type" content="article" />
<meta property="og:title" content="UNE DES MILLES COLLINES (ONE OF THE THOUSAND HILLS) - Festival International Du Film Pan Africain | Cannes" />
<meta property="og:description" content="UNE DES MILLES COLLINES (ONE OF THE THOUSAND HILLS) [Sélection officielle/Official selection] Réalisateur(trice)/Director: Bernard Bellefroid Séance/Screening: Le vendredi 20 octobre [&hellip;]" />
<meta property="og:url" content="https://fifp.fr/en/events/une-des-milles-collines/" />
<meta property="og:site_name" content="Festival International Du Film Pan Africain | Cannes" />
<meta property="article:modified_time" content="2023-10-15T23:14:09+00:00" />
<meta property="og:image" content="https://fifp.fr/wp-content/uploads/2023/10/Poster-Une-des-mille-collines.jpeg" />
	<meta property="og:image:width" content="1131" />
	<meta property="og:image:height" content="1600" />
	<meta property="og:image:type" content="image/jpeg" />
<meta name="twitter:card" content="summary_large_image" />
<meta name="twitter:label1" content="Est. reading time" />
	<meta name="twitter:data1" content="2 minutes" />
<script type="application/ld+json" class="yoast-schema-graph">{"@context":"https:\/\/schema.org","@graph":[{"@type":"WebPage","@id":"https:\/\/fifp.fr\/events\/une-des-milles-collines\/","url":"https:\/\/fifp.fr\/events\/une-des-milles-collines\/","name":"UNE DES MILLES COLLINES (ONE OF THE THOUSAND HILLS) - Festival International Du Film Pan Africain | Cannes","isPartOf":{"@id":"https:\/\/fifp.fr\/#website"},"primaryImageOfPage":{"@id":"https:\/\/fifp.fr\/events\/une-des-milles-collines\/#primaryimage"},"image":{"@id":"https:\/\/fifp.fr\/events\/une-des-milles-collines\/#primaryimage"},"thumbnailUrl":"https:\/\/fifp.fr\/wp-content\/uploads\/2023\/10\/Poster-Une-des-mille-collines.jpeg","datePublished":"2023-10-03T00:57:54+00:00","dateModified":"2023-10-15T23:14:09+00:00","breadcrumb":{"@id":"https:\/\/fifp.fr\/events\/une-des-milles-collines\/#breadcrumb"},"inLanguage":"en-US","potentialAction":[{"@type":"ReadAction","target":["https:\/\/fifp.fr\/events\/une-des-milles-collines\/"]}]},{"@type":"ImageObject","inLanguage":"en-US","@id":"https:\/\/fifp.fr\/events\/une-des-milles-collines\/#primaryimage","url":"https:\/\/fifp.fr\/wp-content\/uploads\/2023\/10\/Poster-Une-des-mille-collines.jpeg","contentUrl":"https:\/\/fifp.fr\/wp-content\/uploads\/2023\/10\/Poster-Une-des-mille-collines.jpeg","width":1131,"height":1600},{"@type":"BreadcrumbList","@id":"https:\/\/fifp.fr\/events\/une-des-milles-collines\/#breadcrumb","itemListElement":[{"@type":"ListItem","position":1,"name":"Festival Film Pan Africain De Cannes","item":"https:\/\/fifp.fr\/"},{"@type":"ListItem","position":2,"name":"Événements","item":"https:\/\/fifp.fr\/events\/"},{"@type":"ListItem","position":3,"name":"UNE DES MILLES COLLINES (ONE OF THE THOUSAND HILLS)"}]},{"@type":"WebSite","@id":"https:\/\/fifp.fr\/#website","url":"https:\/\/fifp.fr\/","name":"Festival International Du Film Pan Africain | Cannes","description":"Au Coeur Du CInema &amp; Des Arts Pan Africain","potentialAction":[{"@type":"SearchAction","target":{"@type":"EntryPoint","urlTemplate":"https:\/\/fifp.fr\/?s={search_term_string}"},"query-input":{"@type":"PropertyValueSpecification","valueRequired":true,"valueName":"search_term_string"}}],"inLanguage":"en-US"}]}</script>
<!-- / Yoast SEO plugin. -->

UNE DES MILLES COLLINES (ONE OF THE THOUSAND HILLS) [Sélection officielle/Official selection] Réalisateur(trice)/Director: Bernard Bellefroid Séance/Screening: Le vendredi 20 octobre [&hellip;]

Événements
