{"id":112024,"date":"2024-10-17T21:37:12","date_gmt":"2024-10-17T19:37:12","guid":{"rendered":"https:\/\/fifp.fr\/?post_type=mec-events&#038;p=112024"},"modified":"2024-10-18T12:50:01","modified_gmt":"2024-10-18T10:50:01","slug":"iffy","status":"publish","type":"mec-events","link":"https:\/\/fifp.fr\/en\/events\/iffy\/","title":{"rendered":"IF(FY)"},"content":{"rendered":"<p class=\"p1\">if(fy) suit Ifeanyi, qui a planifi\u00e9 son premier coup ; il lui suffit d\u2019une opportunit\u00e9 ou d\u2019une vue d\u00e9gag\u00e9e. Ses intentions sont douteuses mais pures. Il le jure ! Apr\u00e8s avoir obtenu une invitation par piti\u00e9, il obtient enfin la chance qu\u2019il attendait. Mais sera-t-il trop tard ? if(fy) explore l\u2019id\u00e9e que les r\u00e8gles dictant notre moralit\u00e9 sont r\u00e9\u00e9crites en pr\u00e9sence de ce que nous d\u00e9sirons le plus, et comment notre apparence ext\u00e9rieure masque souvent une lutte int\u00e9rieure pour naviguer \u00e0 travers nos peurs.<\/p>\n<div style=\"width: 840px;\" class=\"wp-video\"><video playsinline data-keepplaying class=\"wp-video-shortcode\" id=\"video-112024-1\" width=\"840\" height=\"473\" preload=\"metadata\" controls=\"controls\"><source type=\"video\/mp4\" src=\"https:\/\/fifp.fr\/wp-content\/uploads\/2024\/10\/iffy_placeholder_trailer.mp4?_=1\" \/><a href=\"https:\/\/fifp.fr\/wp-content\/uploads\/2024\/10\/iffy_placeholder_trailer.mp4\">https:\/\/fifp.fr\/wp-content\/uploads\/2024\/10\/iffy_placeholder_trailer.mp4<\/a><\/video><\/div>\n<p class=\"p2\"><em>Ifeanyi has been planning his first move; he just needs an in. Or maybe an unobstructed view. His intentions are dubious but pure. He swears! After getting a pity-invite, he finally gets the chance he\u2019s been waiting for. But will it be too late? if(fy) explores the idea that the rules dictating our morality are re-written in the presence of things we want more; and how our outer face often masks an inner struggle to navigate our fears. <\/em><\/p>\n<p class=\"p2\"><em><img decoding=\"async\" class=\"alignnone size-medium wp-image-112028\" src=\"https:\/\/fifp.fr\/wp-content\/uploads\/2024\/10\/Photo-2-iffy_SS_02-320x180.jpg\" alt=\"\" width=\"320\" height=\"180\" srcset=\"https:\/\/fifp.fr\/wp-content\/uploads\/2024\/10\/Photo-2-iffy_SS_02-320x180.jpg 320w, https:\/\/fifp.fr\/wp-content\/uploads\/2024\/10\/Photo-2-iffy_SS_02-1200x675.jpg 1200w, https:\/\/fifp.fr\/wp-content\/uploads\/2024\/10\/Photo-2-iffy_SS_02-768x432.jpg 768w, https:\/\/fifp.fr\/wp-content\/uploads\/2024\/10\/Photo-2-iffy_SS_02-1536x864.jpg 1536w, https:\/\/fifp.fr\/wp-content\/uploads\/2024\/10\/Photo-2-iffy_SS_02-18x10.jpg 18w, https:\/\/fifp.fr\/wp-content\/uploads\/2024\/10\/Photo-2-iffy_SS_02-350x197.jpg 350w, https:\/\/fifp.fr\/wp-content\/uploads\/2024\/10\/Photo-2-iffy_SS_02.jpg 1920w\" sizes=\"(max-width: 320px) 100vw, 320px\" \/> <img decoding=\"async\" class=\"alignnone size-medium wp-image-112026\" src=\"https:\/\/fifp.fr\/wp-content\/uploads\/2024\/10\/Photo-1-iffy_official-screenshot-320x180.jpg\" alt=\"\" width=\"320\" height=\"180\" srcset=\"https:\/\/fifp.fr\/wp-content\/uploads\/2024\/10\/Photo-1-iffy_official-screenshot-320x180.jpg 320w, https:\/\/fifp.fr\/wp-content\/uploads\/2024\/10\/Photo-1-iffy_official-screenshot-1200x675.jpg 1200w, https:\/\/fifp.fr\/wp-content\/uploads\/2024\/10\/Photo-1-iffy_official-screenshot-768x432.jpg 768w, https:\/\/fifp.fr\/wp-content\/uploads\/2024\/10\/Photo-1-iffy_official-screenshot-1536x864.jpg 1536w, https:\/\/fifp.fr\/wp-content\/uploads\/2024\/10\/Photo-1-iffy_official-screenshot-18x10.jpg 18w, https:\/\/fifp.fr\/wp-content\/uploads\/2024\/10\/Photo-1-iffy_official-screenshot-350x197.jpg 350w, https:\/\/fifp.fr\/wp-content\/uploads\/2024\/10\/Photo-1-iffy_official-screenshot.jpg 1920w\" sizes=\"(max-width: 320px) 100vw, 320px\" \/><\/em><\/p>","protected":false},"excerpt":{"rendered":"<p>if(fy) suit Ifeanyi, qui a planifi\u00e9 son premier coup ; il lui suffit d\u2019une opportunit\u00e9 ou d\u2019une vue d\u00e9gag\u00e9e. Ses [&hellip;]<\/p>\n","protected":false},"author":2,"featured_media":112027,"comment_status":"closed","ping_status":"closed","template":"","tags":[],"mec_category":[404,405,407,409],"mec_speaker":[],"class_list":["post-112024","mec-events","type-mec-events","status-publish","has-post-thumbnail","hentry","mec_category-films-2024","mec_category-selection-officielle-2024","mec_category-fiction-2024","mec_category-court-metrage-2024"],"yoast_head":"<!-- This site is optimized with the Yoast SEO plugin v27.3 - https:\/\/yoast.com\/product\/yoast-seo-wordpress\/ -->\n<title>IF(FY) - Festival International Du Film Pan Africain | Cannes<\/title>\n<meta name=\"robots\" content=\"index, follow, max-snippet:-1, max-image-preview:large, max-video-preview:-1\" \/>\n<link rel=\"canonical\" href=\"https:\/\/fifp.fr\/en\/events\/iffy\/\" \/>\n<meta property=\"og:locale\" content=\"en_US\" \/>\n<meta property=\"og:type\" content=\"article\" \/>\n<meta property=\"og:title\" content=\"IF(FY) - Festival International Du Film Pan Africain | Cannes\" \/>\n<meta property=\"og:description\" content=\"if(fy) suit Ifeanyi, qui a planifi\u00e9 son premier coup ; il lui suffit d\u2019une opportunit\u00e9 ou d\u2019une vue d\u00e9gag\u00e9e. Ses [&hellip;]\" \/>\n<meta property=\"og:url\" content=\"https:\/\/fifp.fr\/en\/events\/iffy\/\" \/>\n<meta property=\"og:site_name\" content=\"Festival International Du Film Pan Africain | Cannes\" \/>\n<meta property=\"article:modified_time\" content=\"2024-10-18T10:50:01+00:00\" \/>\n<meta property=\"og:image\" content=\"https:\/\/fifp.fr\/wp-content\/uploads\/2024\/10\/Poster-30fae535b0-poster-1.jpg\" \/>\n\t<meta property=\"og:image:width\" content=\"565\" \/>\n\t<meta property=\"og:image:height\" content=\"800\" \/>\n\t<meta property=\"og:image:type\" content=\"image\/jpeg\" \/>\n<meta name=\"twitter:card\" content=\"summary_large_image\" \/>\n<meta name=\"twitter:label1\" content=\"Est. reading time\" \/>\n\t<meta name=\"twitter:data1\" content=\"2 minutes\" \/>\n<script type=\"application\/ld+json\" class=\"yoast-schema-graph\">{\"@context\":\"https:\\\/\\\/schema.org\",\"@graph\":[{\"@type\":\"WebPage\",\"@id\":\"https:\\\/\\\/fifp.fr\\\/events\\\/iffy\\\/\",\"url\":\"https:\\\/\\\/fifp.fr\\\/events\\\/iffy\\\/\",\"name\":\"IF(FY) - Festival International Du Film Pan Africain | Cannes\",\"isPartOf\":{\"@id\":\"https:\\\/\\\/fifp.fr\\\/#website\"},\"primaryImageOfPage\":{\"@id\":\"https:\\\/\\\/fifp.fr\\\/events\\\/iffy\\\/#primaryimage\"},\"image\":{\"@id\":\"https:\\\/\\\/fifp.fr\\\/events\\\/iffy\\\/#primaryimage\"},\"thumbnailUrl\":\"https:\\\/\\\/fifp.fr\\\/wp-content\\\/uploads\\\/2024\\\/10\\\/Poster-30fae535b0-poster-1.jpg\",\"datePublished\":\"2024-10-17T19:37:12+00:00\",\"dateModified\":\"2024-10-18T10:50:01+00:00\",\"breadcrumb\":{\"@id\":\"https:\\\/\\\/fifp.fr\\\/events\\\/iffy\\\/#breadcrumb\"},\"inLanguage\":\"en-US\",\"potentialAction\":[{\"@type\":\"ReadAction\",\"target\":[\"https:\\\/\\\/fifp.fr\\\/events\\\/iffy\\\/\"]}]},{\"@type\":\"ImageObject\",\"inLanguage\":\"en-US\",\"@id\":\"https:\\\/\\\/fifp.fr\\\/events\\\/iffy\\\/#primaryimage\",\"url\":\"https:\\\/\\\/fifp.fr\\\/wp-content\\\/uploads\\\/2024\\\/10\\\/Poster-30fae535b0-poster-1.jpg\",\"contentUrl\":\"https:\\\/\\\/fifp.fr\\\/wp-content\\\/uploads\\\/2024\\\/10\\\/Poster-30fae535b0-poster-1.jpg\",\"width\":565,\"height\":800},{\"@type\":\"BreadcrumbList\",\"@id\":\"https:\\\/\\\/fifp.fr\\\/events\\\/iffy\\\/#breadcrumb\",\"itemListElement\":[{\"@type\":\"ListItem\",\"position\":1,\"name\":\"Festival Film Pan Africain De Cannes\",\"item\":\"https:\\\/\\\/fifp.fr\\\/\"},{\"@type\":\"ListItem\",\"position\":2,\"name\":\"\u00c9v\u00e9nements\",\"item\":\"https:\\\/\\\/fifp.fr\\\/events\\\/\"},{\"@type\":\"ListItem\",\"position\":3,\"name\":\"IF(FY)\"}]},{\"@type\":\"WebSite\",\"@id\":\"https:\\\/\\\/fifp.fr\\\/#website\",\"url\":\"https:\\\/\\\/fifp.fr\\\/\",\"name\":\"Festival International Du Film Pan Africain | Cannes\",\"description\":\"Au Coeur Du CInema &amp; Des Arts Pan Africain\",\"potentialAction\":[{\"@type\":\"SearchAction\",\"target\":{\"@type\":\"EntryPoint\",\"urlTemplate\":\"https:\\\/\\\/fifp.fr\\\/?s={search_term_string}\"},\"query-input\":{\"@type\":\"PropertyValueSpecification\",\"valueRequired\":true,\"valueName\":\"search_term_string\"}}],\"inLanguage\":\"en-US\"}]}<\/script>\n<!-- \/ Yoast SEO plugin. -->","yoast_head_json":{"title":"IF(FY) - Festival International Du Film Pan Africain | Cannes","robots":{"index":"index","follow":"follow","max-snippet":"max-snippet:-1","max-image-preview":"max-image-preview:large","max-video-preview":"max-video-preview:-1"},"canonical":"https:\/\/fifp.fr\/en\/events\/iffy\/","og_locale":"en_US","og_type":"article","og_title":"IF(FY) - Festival International Du Film Pan Africain | Cannes","og_description":"if(fy) suit Ifeanyi, qui a planifi\u00e9 son premier coup ; il lui suffit d\u2019une opportunit\u00e9 ou d\u2019une vue d\u00e9gag\u00e9e. Ses [&hellip;]","og_url":"https:\/\/fifp.fr\/en\/events\/iffy\/","og_site_name":"Festival International Du Film Pan Africain | Cannes","article_modified_time":"2024-10-18T10:50:01+00:00","og_image":[{"width":565,"height":800,"url":"https:\/\/fifp.fr\/wp-content\/uploads\/2024\/10\/Poster-30fae535b0-poster-1.jpg","type":"image\/jpeg"}],"twitter_card":"summary_large_image","twitter_misc":{"Est. reading time":"2 minutes"},"schema":{"@context":"https:\/\/schema.org","@graph":[{"@type":"WebPage","@id":"https:\/\/fifp.fr\/events\/iffy\/","url":"https:\/\/fifp.fr\/events\/iffy\/","name":"IF(FY) - Festival International Du Film Pan Africain | Cannes","isPartOf":{"@id":"https:\/\/fifp.fr\/#website"},"primaryImageOfPage":{"@id":"https:\/\/fifp.fr\/events\/iffy\/#primaryimage"},"image":{"@id":"https:\/\/fifp.fr\/events\/iffy\/#primaryimage"},"thumbnailUrl":"https:\/\/fifp.fr\/wp-content\/uploads\/2024\/10\/Poster-30fae535b0-poster-1.jpg","datePublished":"2024-10-17T19:37:12+00:00","dateModified":"2024-10-18T10:50:01+00:00","breadcrumb":{"@id":"https:\/\/fifp.fr\/events\/iffy\/#breadcrumb"},"inLanguage":"en-US","potentialAction":[{"@type":"ReadAction","target":["https:\/\/fifp.fr\/events\/iffy\/"]}]},{"@type":"ImageObject","inLanguage":"en-US","@id":"https:\/\/fifp.fr\/events\/iffy\/#primaryimage","url":"https:\/\/fifp.fr\/wp-content\/uploads\/2024\/10\/Poster-30fae535b0-poster-1.jpg","contentUrl":"https:\/\/fifp.fr\/wp-content\/uploads\/2024\/10\/Poster-30fae535b0-poster-1.jpg","width":565,"height":800},{"@type":"BreadcrumbList","@id":"https:\/\/fifp.fr\/events\/iffy\/#breadcrumb","itemListElement":[{"@type":"ListItem","position":1,"name":"Festival Film Pan Africain De Cannes","item":"https:\/\/fifp.fr\/"},{"@type":"ListItem","position":2,"name":"\u00c9v\u00e9nements","item":"https:\/\/fifp.fr\/events\/"},{"@type":"ListItem","position":3,"name":"IF(FY)"}]},{"@type":"WebSite","@id":"https:\/\/fifp.fr\/#website","url":"https:\/\/fifp.fr\/","name":"Festival International Du Film Pan Africain | Cannes","description":"Au Coeur Du CInema &amp; Des Arts Pan Africain","potentialAction":[{"@type":"SearchAction","target":{"@type":"EntryPoint","urlTemplate":"https:\/\/fifp.fr\/?s={search_term_string}"},"query-input":{"@type":"PropertyValueSpecification","valueRequired":true,"valueName":"search_term_string"}}],"inLanguage":"en-US"}]}},"_links":{"self":[{"href":"https:\/\/fifp.fr\/en\/wp-json\/wp\/v2\/mec-events\/112024","targetHints":{"allow":["GET"]}}],"collection":[{"href":"https:\/\/fifp.fr\/en\/wp-json\/wp\/v2\/mec-events"}],"about":[{"href":"https:\/\/fifp.fr\/en\/wp-json\/wp\/v2\/types\/mec-events"}],"author":[{"embeddable":true,"href":"https:\/\/fifp.fr\/en\/wp-json\/wp\/v2\/users\/2"}],"replies":[{"embeddable":true,"href":"https:\/\/fifp.fr\/en\/wp-json\/wp\/v2\/comments?post=112024"}],"wp:featuredmedia":[{"embeddable":true,"href":"https:\/\/fifp.fr\/en\/wp-json\/wp\/v2\/media\/112027"}],"wp:attachment":[{"href":"https:\/\/fifp.fr\/en\/wp-json\/wp\/v2\/media?parent=112024"}],"wp:term":[{"taxonomy":"post_tag","embeddable":true,"href":"https:\/\/fifp.fr\/en\/wp-json\/wp\/v2\/tags?post=112024"},{"taxonomy":"mec_category","embeddable":true,"href":"https:\/\/fifp.fr\/en\/wp-json\/wp\/v2\/mec_category?post=112024"},{"taxonomy":"mec_speaker","embeddable":true,"href":"https:\/\/fifp.fr\/en\/wp-json\/wp\/v2\/mec_speaker?post=112024"}],"curies":[{"name":"wp","href":"https:\/\/api.w.org\/{rel}","templated":true}]}}

<p class="p1">if(fy) suit Ifeanyi, qui a planifié son premier coup ; il lui suffit d’une opportunité ou d’une vue dégagée. Ses intentions sont douteuses mais pures. Il le jure ! Après avoir obtenu une invitation par pitié, il obtient enfin la chance qu’il attendait. Mais sera-t-il trop tard ? if(fy) explore l’idée que les règles dictant notre moralité sont réécrites en présence de ce que nous désirons le plus, et comment notre apparence extérieure masque souvent une lutte intérieure pour naviguer à travers nos peurs.</p>
<div style="width: 840px;" class="wp-video"><video playsinline data-keepplaying class="wp-video-shortcode" id="video-112024-1" width="840" height="473" preload="metadata" controls="controls"><source type="video/mp4" src="https://fifp.fr/wp-content/uploads/2024/10/iffy_placeholder_trailer.mp4?_=1" /><a href="https://fifp.fr/wp-content/uploads/2024/10/iffy_placeholder_trailer.mp4">https://fifp.fr/wp-content/uploads/2024/10/iffy_placeholder_trailer.mp4</a></video></div>
<p class="p2"><em>Ifeanyi has been planning his first move; he just needs an in. Or maybe an unobstructed view. His intentions are dubious but pure. He swears! After getting a pity-invite, he finally gets the chance he’s been waiting for. But will it be too late? if(fy) explores the idea that the rules dictating our morality are re-written in the presence of things we want more; and how our outer face often masks an inner struggle to navigate our fears. </em></p>
<p class="p2"><em><img decoding="async" class="alignnone size-medium wp-image-112028" src="https://fifp.fr/wp-content/uploads/2024/10/Photo-2-iffy_SS_02-320x180.jpg" alt="" width="320" height="180" srcset="https://fifp.fr/wp-content/uploads/2024/10/Photo-2-iffy_SS_02-320x180.jpg 320w, https://fifp.fr/wp-content/uploads/2024/10/Photo-2-iffy_SS_02-1200x675.jpg 1200w, https://fifp.fr/wp-content/uploads/2024/10/Photo-2-iffy_SS_02-768x432.jpg 768w, https://fifp.fr/wp-content/uploads/2024/10/Photo-2-iffy_SS_02-1536x864.jpg 1536w, https://fifp.fr/wp-content/uploads/2024/10/Photo-2-iffy_SS_02-18x10.jpg 18w, https://fifp.fr/wp-content/uploads/2024/10/Photo-2-iffy_SS_02-350x197.jpg 350w, https://fifp.fr/wp-content/uploads/2024/10/Photo-2-iffy_SS_02.jpg 1920w" sizes="(max-width: 320px) 100vw, 320px" /> <img decoding="async" class="alignnone size-medium wp-image-112026" src="https://fifp.fr/wp-content/uploads/2024/10/Photo-1-iffy_official-screenshot-320x180.jpg" alt="" width="320" height="180" srcset="https://fifp.fr/wp-content/uploads/2024/10/Photo-1-iffy_official-screenshot-320x180.jpg 320w, https://fifp.fr/wp-content/uploads/2024/10/Photo-1-iffy_official-screenshot-1200x675.jpg 1200w, https://fifp.fr/wp-content/uploads/2024/10/Photo-1-iffy_official-screenshot-768x432.jpg 768w, https://fifp.fr/wp-content/uploads/2024/10/Photo-1-iffy_official-screenshot-1536x864.jpg 1536w, https://fifp.fr/wp-content/uploads/2024/10/Photo-1-iffy_official-screenshot-18x10.jpg 18w, https://fifp.fr/wp-content/uploads/2024/10/Photo-1-iffy_official-screenshot-350x197.jpg 350w, https://fifp.fr/wp-content/uploads/2024/10/Photo-1-iffy_official-screenshot.jpg 1920w" sizes="(max-width: 320px) 100vw, 320px" /></em></p>

<p>if(fy) suit Ifeanyi, qui a planifié son premier coup ; il lui suffit d’une opportunité ou d’une vue dégagée. Ses [&hellip;]</p>

<!-- This site is optimized with the Yoast SEO plugin v27.3 - https://yoast.com/product/yoast-seo-wordpress/ -->
<title>IF(FY) - Festival International Du Film Pan Africain | Cannes</title>
<meta name="robots" content="index, follow, max-snippet:-1, max-image-preview:large, max-video-preview:-1" />
<link rel="canonical" href="https://fifp.fr/en/events/iffy/" />
<meta property="og:locale" content="en_US" />
<meta property="og:type" content="article" />
<meta property="og:title" content="IF(FY) - Festival International Du Film Pan Africain | Cannes" />
<meta property="og:description" content="if(fy) suit Ifeanyi, qui a planifié son premier coup ; il lui suffit d’une opportunité ou d’une vue dégagée. Ses [&hellip;]" />
<meta property="og:url" content="https://fifp.fr/en/events/iffy/" />
<meta property="og:site_name" content="Festival International Du Film Pan Africain | Cannes" />
<meta property="article:modified_time" content="2024-10-18T10:50:01+00:00" />
<meta property="og:image" content="https://fifp.fr/wp-content/uploads/2024/10/Poster-30fae535b0-poster-1.jpg" />
	<meta property="og:image:width" content="565" />
	<meta property="og:image:height" content="800" />
	<meta property="og:image:type" content="image/jpeg" />
<meta name="twitter:card" content="summary_large_image" />
<meta name="twitter:label1" content="Est. reading time" />
	<meta name="twitter:data1" content="2 minutes" />
<script type="application/ld+json" class="yoast-schema-graph">{"@context":"https:\/\/schema.org","@graph":[{"@type":"WebPage","@id":"https:\/\/fifp.fr\/events\/iffy\/","url":"https:\/\/fifp.fr\/events\/iffy\/","name":"IF(FY) - Festival International Du Film Pan Africain | Cannes","isPartOf":{"@id":"https:\/\/fifp.fr\/#website"},"primaryImageOfPage":{"@id":"https:\/\/fifp.fr\/events\/iffy\/#primaryimage"},"image":{"@id":"https:\/\/fifp.fr\/events\/iffy\/#primaryimage"},"thumbnailUrl":"https:\/\/fifp.fr\/wp-content\/uploads\/2024\/10\/Poster-30fae535b0-poster-1.jpg","datePublished":"2024-10-17T19:37:12+00:00","dateModified":"2024-10-18T10:50:01+00:00","breadcrumb":{"@id":"https:\/\/fifp.fr\/events\/iffy\/#breadcrumb"},"inLanguage":"en-US","potentialAction":[{"@type":"ReadAction","target":["https:\/\/fifp.fr\/events\/iffy\/"]}]},{"@type":"ImageObject","inLanguage":"en-US","@id":"https:\/\/fifp.fr\/events\/iffy\/#primaryimage","url":"https:\/\/fifp.fr\/wp-content\/uploads\/2024\/10\/Poster-30fae535b0-poster-1.jpg","contentUrl":"https:\/\/fifp.fr\/wp-content\/uploads\/2024\/10\/Poster-30fae535b0-poster-1.jpg","width":565,"height":800},{"@type":"BreadcrumbList","@id":"https:\/\/fifp.fr\/events\/iffy\/#breadcrumb","itemListElement":[{"@type":"ListItem","position":1,"name":"Festival Film Pan Africain De Cannes","item":"https:\/\/fifp.fr\/"},{"@type":"ListItem","position":2,"name":"Événements","item":"https:\/\/fifp.fr\/events\/"},{"@type":"ListItem","position":3,"name":"IF(FY)"}]},{"@type":"WebSite","@id":"https:\/\/fifp.fr\/#website","url":"https:\/\/fifp.fr\/","name":"Festival International Du Film Pan Africain | Cannes","description":"Au Coeur Du CInema &amp; Des Arts Pan Africain","potentialAction":[{"@type":"SearchAction","target":{"@type":"EntryPoint","urlTemplate":"https:\/\/fifp.fr\/?s={search_term_string}"},"query-input":{"@type":"PropertyValueSpecification","valueRequired":true,"valueName":"search_term_string"}}],"inLanguage":"en-US"}]}</script>
<!-- / Yoast SEO plugin. -->

if(fy) suit Ifeanyi, qui a planifié son premier coup ; il lui suffit d’une opportunité ou d’une vue dégagée. Ses [&hellip;]

Événements
