{"id":112108,"date":"2024-10-18T14:32:37","date_gmt":"2024-10-18T12:32:37","guid":{"rendered":"https:\/\/fifp.fr\/?post_type=mec-events&#038;p=112108"},"modified":"2024-10-19T12:33:45","modified_gmt":"2024-10-19T10:33:45","slug":"reclaiming-history-colonial-roots-of-the-genocide-in-rwanda","status":"publish","type":"mec-events","link":"https:\/\/fifp.fr\/en\/events\/reclaiming-history-colonial-roots-of-the-genocide-in-rwanda\/","title":{"rendered":"RECLAIMING HISTORY &#8211; COLONIAL ROOTS OF THE GENOCIDE IN RWANDA"},"content":{"rendered":"<p class=\"p1\">Trente ans plus tard, Samuel part \u00e0 la recherche de ce qui a d\u00e9clench\u00e9 ces terribles \u00e9v\u00e9nements.<\/p>\n<p class=\"p1\">Il entreprend un voyage du Rwanda vers l\u2019Allemagne et la Belgique, deux anciennes puissances coloniales de ce petit pays d\u2019Afrique de l\u2019Est. Il esp\u00e8re que cela l\u2019aidera \u00e0 comprendre les raisons de l\u2019animosit\u00e9 de la majorit\u00e9 hutue envers la petite minorit\u00e9 tutsie du pays. Au Rwanda et en Europe, Samuel rencontre des historiens et des t\u00e9moins contemporains. Il veut comprendre ce qui s\u2019est pass\u00e9 pour que les gens de son pays natal se retournent les uns contre les autres de cette mani\u00e8re.<\/p>\n<p class=\"p2\"><em>Thirty years on, Samuel sets out to discover what set these terrible events in motion.<\/em><\/p>\n<p class=\"p2\"><em>He undertakes a journey from Rwanda to Germany and Belgium, both former colonial powers in the small East African nation. He hopes it will help him to understand the basis for the Hutu majority\u2019s animosity towards the country\u2019s small Tutsi minority. In Rwanda and Europe, Samuel meets with historians and contemporary witnesses. He wants to understand what happened to make people in his homeland turn on each other in such a way.<\/em><\/p>\n<div style=\"width: 840px;\" class=\"wp-video\"><video playsinline data-keepplaying class=\"wp-video-shortcode\" id=\"video-112108-1\" width=\"840\" height=\"473\" preload=\"metadata\" controls=\"controls\"><source type=\"video\/mp4\" src=\"https:\/\/fifp.fr\/wp-content\/uploads\/2024\/10\/Reclaiming-History-Colonial-Roots-of-the-Genocide-in-Rwanda.mp4?_=1\" \/><a href=\"https:\/\/fifp.fr\/wp-content\/uploads\/2024\/10\/Reclaiming-History-Colonial-Roots-of-the-Genocide-in-Rwanda.mp4\">https:\/\/fifp.fr\/wp-content\/uploads\/2024\/10\/Reclaiming-History-Colonial-Roots-of-the-Genocide-in-Rwanda.mp4<\/a><\/video><\/div>","protected":false},"excerpt":{"rendered":"<p>Trente ans plus tard, Samuel part \u00e0 la recherche de ce qui a d\u00e9clench\u00e9 ces terribles \u00e9v\u00e9nements. Il entreprend un [&hellip;]<\/p>\n","protected":false},"author":2,"featured_media":112135,"comment_status":"closed","ping_status":"closed","template":"","tags":[],"mec_category":[404,405,408,410],"mec_speaker":[],"class_list":["post-112108","mec-events","type-mec-events","status-publish","has-post-thumbnail","hentry","mec_category-films-2024","mec_category-selection-officielle-2024","mec_category-documentaire-2024","mec_category-long-metrage-2024"],"yoast_head":"<!-- This site is optimized with the Yoast SEO plugin v27.3 - https:\/\/yoast.com\/product\/yoast-seo-wordpress\/ -->\n<title>RECLAIMING HISTORY - COLONIAL ROOTS OF THE GENOCIDE IN RWANDA - Festival International Du Film Pan Africain | Cannes<\/title>\n<meta name=\"robots\" content=\"index, follow, max-snippet:-1, max-image-preview:large, max-video-preview:-1\" \/>\n<link rel=\"canonical\" href=\"https:\/\/fifp.fr\/en\/events\/reclaiming-history-colonial-roots-of-the-genocide-in-rwanda\/\" \/>\n<meta property=\"og:locale\" content=\"en_US\" \/>\n<meta property=\"og:type\" content=\"article\" \/>\n<meta property=\"og:title\" content=\"RECLAIMING HISTORY - COLONIAL ROOTS OF THE GENOCIDE IN RWANDA - Festival International Du Film Pan Africain | Cannes\" \/>\n<meta property=\"og:description\" content=\"Trente ans plus tard, Samuel part \u00e0 la recherche de ce qui a d\u00e9clench\u00e9 ces terribles \u00e9v\u00e9nements. Il entreprend un [&hellip;]\" \/>\n<meta property=\"og:url\" content=\"https:\/\/fifp.fr\/en\/events\/reclaiming-history-colonial-roots-of-the-genocide-in-rwanda\/\" \/>\n<meta property=\"og:site_name\" content=\"Festival International Du Film Pan Africain | Cannes\" \/>\n<meta property=\"article:modified_time\" content=\"2024-10-19T10:33:45+00:00\" \/>\n<meta property=\"og:image\" content=\"https:\/\/fifp.fr\/wp-content\/uploads\/2024\/10\/rec.jpeg\" \/>\n\t<meta property=\"og:image:width\" content=\"189\" \/>\n\t<meta property=\"og:image:height\" content=\"267\" \/>\n\t<meta property=\"og:image:type\" content=\"image\/jpeg\" \/>\n<meta name=\"twitter:card\" content=\"summary_large_image\" \/>\n<meta name=\"twitter:label1\" content=\"Est. reading time\" \/>\n\t<meta name=\"twitter:data1\" content=\"2 minutes\" \/>\n<script type=\"application\/ld+json\" class=\"yoast-schema-graph\">{\"@context\":\"https:\\\/\\\/schema.org\",\"@graph\":[{\"@type\":\"WebPage\",\"@id\":\"https:\\\/\\\/fifp.fr\\\/events\\\/reclaiming-history-colonial-roots-of-the-genocide-in-rwanda\\\/\",\"url\":\"https:\\\/\\\/fifp.fr\\\/events\\\/reclaiming-history-colonial-roots-of-the-genocide-in-rwanda\\\/\",\"name\":\"RECLAIMING HISTORY - COLONIAL ROOTS OF THE GENOCIDE IN RWANDA - Festival International Du Film Pan Africain | Cannes\",\"isPartOf\":{\"@id\":\"https:\\\/\\\/fifp.fr\\\/#website\"},\"primaryImageOfPage\":{\"@id\":\"https:\\\/\\\/fifp.fr\\\/events\\\/reclaiming-history-colonial-roots-of-the-genocide-in-rwanda\\\/#primaryimage\"},\"image\":{\"@id\":\"https:\\\/\\\/fifp.fr\\\/events\\\/reclaiming-history-colonial-roots-of-the-genocide-in-rwanda\\\/#primaryimage\"},\"thumbnailUrl\":\"https:\\\/\\\/fifp.fr\\\/wp-content\\\/uploads\\\/2024\\\/10\\\/rec.jpeg\",\"datePublished\":\"2024-10-18T12:32:37+00:00\",\"dateModified\":\"2024-10-19T10:33:45+00:00\",\"breadcrumb\":{\"@id\":\"https:\\\/\\\/fifp.fr\\\/events\\\/reclaiming-history-colonial-roots-of-the-genocide-in-rwanda\\\/#breadcrumb\"},\"inLanguage\":\"en-US\",\"potentialAction\":[{\"@type\":\"ReadAction\",\"target\":[\"https:\\\/\\\/fifp.fr\\\/events\\\/reclaiming-history-colonial-roots-of-the-genocide-in-rwanda\\\/\"]}]},{\"@type\":\"ImageObject\",\"inLanguage\":\"en-US\",\"@id\":\"https:\\\/\\\/fifp.fr\\\/events\\\/reclaiming-history-colonial-roots-of-the-genocide-in-rwanda\\\/#primaryimage\",\"url\":\"https:\\\/\\\/fifp.fr\\\/wp-content\\\/uploads\\\/2024\\\/10\\\/rec.jpeg\",\"contentUrl\":\"https:\\\/\\\/fifp.fr\\\/wp-content\\\/uploads\\\/2024\\\/10\\\/rec.jpeg\",\"width\":189,\"height\":267},{\"@type\":\"BreadcrumbList\",\"@id\":\"https:\\\/\\\/fifp.fr\\\/events\\\/reclaiming-history-colonial-roots-of-the-genocide-in-rwanda\\\/#breadcrumb\",\"itemListElement\":[{\"@type\":\"ListItem\",\"position\":1,\"name\":\"Festival Film Pan Africain De Cannes\",\"item\":\"https:\\\/\\\/fifp.fr\\\/\"},{\"@type\":\"ListItem\",\"position\":2,\"name\":\"\u00c9v\u00e9nements\",\"item\":\"https:\\\/\\\/fifp.fr\\\/events\\\/\"},{\"@type\":\"ListItem\",\"position\":3,\"name\":\"RECLAIMING HISTORY &#8211; COLONIAL ROOTS OF THE GENOCIDE IN RWANDA\"}]},{\"@type\":\"WebSite\",\"@id\":\"https:\\\/\\\/fifp.fr\\\/#website\",\"url\":\"https:\\\/\\\/fifp.fr\\\/\",\"name\":\"Festival International Du Film Pan Africain | Cannes\",\"description\":\"Au Coeur Du CInema &amp; Des Arts Pan Africain\",\"potentialAction\":[{\"@type\":\"SearchAction\",\"target\":{\"@type\":\"EntryPoint\",\"urlTemplate\":\"https:\\\/\\\/fifp.fr\\\/?s={search_term_string}\"},\"query-input\":{\"@type\":\"PropertyValueSpecification\",\"valueRequired\":true,\"valueName\":\"search_term_string\"}}],\"inLanguage\":\"en-US\"}]}<\/script>\n<!-- \/ Yoast SEO plugin. -->","yoast_head_json":{"title":"RECLAIMING HISTORY - COLONIAL ROOTS OF THE GENOCIDE IN RWANDA - Festival International Du Film Pan Africain | Cannes","robots":{"index":"index","follow":"follow","max-snippet":"max-snippet:-1","max-image-preview":"max-image-preview:large","max-video-preview":"max-video-preview:-1"},"canonical":"https:\/\/fifp.fr\/en\/events\/reclaiming-history-colonial-roots-of-the-genocide-in-rwanda\/","og_locale":"en_US","og_type":"article","og_title":"RECLAIMING HISTORY - COLONIAL ROOTS OF THE GENOCIDE IN RWANDA - Festival International Du Film Pan Africain | Cannes","og_description":"Trente ans plus tard, Samuel part \u00e0 la recherche de ce qui a d\u00e9clench\u00e9 ces terribles \u00e9v\u00e9nements. Il entreprend un [&hellip;]","og_url":"https:\/\/fifp.fr\/en\/events\/reclaiming-history-colonial-roots-of-the-genocide-in-rwanda\/","og_site_name":"Festival International Du Film Pan Africain | Cannes","article_modified_time":"2024-10-19T10:33:45+00:00","og_image":[{"width":189,"height":267,"url":"https:\/\/fifp.fr\/wp-content\/uploads\/2024\/10\/rec.jpeg","type":"image\/jpeg"}],"twitter_card":"summary_large_image","twitter_misc":{"Est. reading time":"2 minutes"},"schema":{"@context":"https:\/\/schema.org","@graph":[{"@type":"WebPage","@id":"https:\/\/fifp.fr\/events\/reclaiming-history-colonial-roots-of-the-genocide-in-rwanda\/","url":"https:\/\/fifp.fr\/events\/reclaiming-history-colonial-roots-of-the-genocide-in-rwanda\/","name":"RECLAIMING HISTORY - COLONIAL ROOTS OF THE GENOCIDE IN RWANDA - Festival International Du Film Pan Africain | Cannes","isPartOf":{"@id":"https:\/\/fifp.fr\/#website"},"primaryImageOfPage":{"@id":"https:\/\/fifp.fr\/events\/reclaiming-history-colonial-roots-of-the-genocide-in-rwanda\/#primaryimage"},"image":{"@id":"https:\/\/fifp.fr\/events\/reclaiming-history-colonial-roots-of-the-genocide-in-rwanda\/#primaryimage"},"thumbnailUrl":"https:\/\/fifp.fr\/wp-content\/uploads\/2024\/10\/rec.jpeg","datePublished":"2024-10-18T12:32:37+00:00","dateModified":"2024-10-19T10:33:45+00:00","breadcrumb":{"@id":"https:\/\/fifp.fr\/events\/reclaiming-history-colonial-roots-of-the-genocide-in-rwanda\/#breadcrumb"},"inLanguage":"en-US","potentialAction":[{"@type":"ReadAction","target":["https:\/\/fifp.fr\/events\/reclaiming-history-colonial-roots-of-the-genocide-in-rwanda\/"]}]},{"@type":"ImageObject","inLanguage":"en-US","@id":"https:\/\/fifp.fr\/events\/reclaiming-history-colonial-roots-of-the-genocide-in-rwanda\/#primaryimage","url":"https:\/\/fifp.fr\/wp-content\/uploads\/2024\/10\/rec.jpeg","contentUrl":"https:\/\/fifp.fr\/wp-content\/uploads\/2024\/10\/rec.jpeg","width":189,"height":267},{"@type":"BreadcrumbList","@id":"https:\/\/fifp.fr\/events\/reclaiming-history-colonial-roots-of-the-genocide-in-rwanda\/#breadcrumb","itemListElement":[{"@type":"ListItem","position":1,"name":"Festival Film Pan Africain De Cannes","item":"https:\/\/fifp.fr\/"},{"@type":"ListItem","position":2,"name":"\u00c9v\u00e9nements","item":"https:\/\/fifp.fr\/events\/"},{"@type":"ListItem","position":3,"name":"RECLAIMING HISTORY &#8211; COLONIAL ROOTS OF THE GENOCIDE IN RWANDA"}]},{"@type":"WebSite","@id":"https:\/\/fifp.fr\/#website","url":"https:\/\/fifp.fr\/","name":"Festival International Du Film Pan Africain | Cannes","description":"Au Coeur Du CInema &amp; Des Arts Pan Africain","potentialAction":[{"@type":"SearchAction","target":{"@type":"EntryPoint","urlTemplate":"https:\/\/fifp.fr\/?s={search_term_string}"},"query-input":{"@type":"PropertyValueSpecification","valueRequired":true,"valueName":"search_term_string"}}],"inLanguage":"en-US"}]}},"_links":{"self":[{"href":"https:\/\/fifp.fr\/en\/wp-json\/wp\/v2\/mec-events\/112108","targetHints":{"allow":["GET"]}}],"collection":[{"href":"https:\/\/fifp.fr\/en\/wp-json\/wp\/v2\/mec-events"}],"about":[{"href":"https:\/\/fifp.fr\/en\/wp-json\/wp\/v2\/types\/mec-events"}],"author":[{"embeddable":true,"href":"https:\/\/fifp.fr\/en\/wp-json\/wp\/v2\/users\/2"}],"replies":[{"embeddable":true,"href":"https:\/\/fifp.fr\/en\/wp-json\/wp\/v2\/comments?post=112108"}],"wp:featuredmedia":[{"embeddable":true,"href":"https:\/\/fifp.fr\/en\/wp-json\/wp\/v2\/media\/112135"}],"wp:attachment":[{"href":"https:\/\/fifp.fr\/en\/wp-json\/wp\/v2\/media?parent=112108"}],"wp:term":[{"taxonomy":"post_tag","embeddable":true,"href":"https:\/\/fifp.fr\/en\/wp-json\/wp\/v2\/tags?post=112108"},{"taxonomy":"mec_category","embeddable":true,"href":"https:\/\/fifp.fr\/en\/wp-json\/wp\/v2\/mec_category?post=112108"},{"taxonomy":"mec_speaker","embeddable":true,"href":"https:\/\/fifp.fr\/en\/wp-json\/wp\/v2\/mec_speaker?post=112108"}],"curies":[{"name":"wp","href":"https:\/\/api.w.org\/{rel}","templated":true}]}}

<p class="p1">Trente ans plus tard, Samuel part à la recherche de ce qui a déclenché ces terribles événements.</p>
<p class="p1">Il entreprend un voyage du Rwanda vers l’Allemagne et la Belgique, deux anciennes puissances coloniales de ce petit pays d’Afrique de l’Est. Il espère que cela l’aidera à comprendre les raisons de l’animosité de la majorité hutue envers la petite minorité tutsie du pays. Au Rwanda et en Europe, Samuel rencontre des historiens et des témoins contemporains. Il veut comprendre ce qui s’est passé pour que les gens de son pays natal se retournent les uns contre les autres de cette manière.</p>
<p class="p2"><em>Thirty years on, Samuel sets out to discover what set these terrible events in motion.</em></p>
<p class="p2"><em>He undertakes a journey from Rwanda to Germany and Belgium, both former colonial powers in the small East African nation. He hopes it will help him to understand the basis for the Hutu majority’s animosity towards the country’s small Tutsi minority. In Rwanda and Europe, Samuel meets with historians and contemporary witnesses. He wants to understand what happened to make people in his homeland turn on each other in such a way.</em></p>
<div style="width: 840px;" class="wp-video"><video playsinline data-keepplaying class="wp-video-shortcode" id="video-112108-1" width="840" height="473" preload="metadata" controls="controls"><source type="video/mp4" src="https://fifp.fr/wp-content/uploads/2024/10/Reclaiming-History-Colonial-Roots-of-the-Genocide-in-Rwanda.mp4?_=1" /><a href="https://fifp.fr/wp-content/uploads/2024/10/Reclaiming-History-Colonial-Roots-of-the-Genocide-in-Rwanda.mp4">https://fifp.fr/wp-content/uploads/2024/10/Reclaiming-History-Colonial-Roots-of-the-Genocide-in-Rwanda.mp4</a></video></div>

<p>Trente ans plus tard, Samuel part à la recherche de ce qui a déclenché ces terribles événements. Il entreprend un [&hellip;]</p>

<!-- This site is optimized with the Yoast SEO plugin v27.3 - https://yoast.com/product/yoast-seo-wordpress/ -->
<title>RECLAIMING HISTORY - COLONIAL ROOTS OF THE GENOCIDE IN RWANDA - Festival International Du Film Pan Africain | Cannes</title>
<meta name="robots" content="index, follow, max-snippet:-1, max-image-preview:large, max-video-preview:-1" />
<link rel="canonical" href="https://fifp.fr/en/events/reclaiming-history-colonial-roots-of-the-genocide-in-rwanda/" />
<meta property="og:locale" content="en_US" />
<meta property="og:type" content="article" />
<meta property="og:title" content="RECLAIMING HISTORY - COLONIAL ROOTS OF THE GENOCIDE IN RWANDA - Festival International Du Film Pan Africain | Cannes" />
<meta property="og:description" content="Trente ans plus tard, Samuel part à la recherche de ce qui a déclenché ces terribles événements. Il entreprend un [&hellip;]" />
<meta property="og:url" content="https://fifp.fr/en/events/reclaiming-history-colonial-roots-of-the-genocide-in-rwanda/" />
<meta property="og:site_name" content="Festival International Du Film Pan Africain | Cannes" />
<meta property="article:modified_time" content="2024-10-19T10:33:45+00:00" />
<meta property="og:image" content="https://fifp.fr/wp-content/uploads/2024/10/rec.jpeg" />
	<meta property="og:image:width" content="189" />
	<meta property="og:image:height" content="267" />
	<meta property="og:image:type" content="image/jpeg" />
<meta name="twitter:card" content="summary_large_image" />
<meta name="twitter:label1" content="Est. reading time" />
	<meta name="twitter:data1" content="2 minutes" />
<script type="application/ld+json" class="yoast-schema-graph">{"@context":"https:\/\/schema.org","@graph":[{"@type":"WebPage","@id":"https:\/\/fifp.fr\/events\/reclaiming-history-colonial-roots-of-the-genocide-in-rwanda\/","url":"https:\/\/fifp.fr\/events\/reclaiming-history-colonial-roots-of-the-genocide-in-rwanda\/","name":"RECLAIMING HISTORY - COLONIAL ROOTS OF THE GENOCIDE IN RWANDA - Festival International Du Film Pan Africain | Cannes","isPartOf":{"@id":"https:\/\/fifp.fr\/#website"},"primaryImageOfPage":{"@id":"https:\/\/fifp.fr\/events\/reclaiming-history-colonial-roots-of-the-genocide-in-rwanda\/#primaryimage"},"image":{"@id":"https:\/\/fifp.fr\/events\/reclaiming-history-colonial-roots-of-the-genocide-in-rwanda\/#primaryimage"},"thumbnailUrl":"https:\/\/fifp.fr\/wp-content\/uploads\/2024\/10\/rec.jpeg","datePublished":"2024-10-18T12:32:37+00:00","dateModified":"2024-10-19T10:33:45+00:00","breadcrumb":{"@id":"https:\/\/fifp.fr\/events\/reclaiming-history-colonial-roots-of-the-genocide-in-rwanda\/#breadcrumb"},"inLanguage":"en-US","potentialAction":[{"@type":"ReadAction","target":["https:\/\/fifp.fr\/events\/reclaiming-history-colonial-roots-of-the-genocide-in-rwanda\/"]}]},{"@type":"ImageObject","inLanguage":"en-US","@id":"https:\/\/fifp.fr\/events\/reclaiming-history-colonial-roots-of-the-genocide-in-rwanda\/#primaryimage","url":"https:\/\/fifp.fr\/wp-content\/uploads\/2024\/10\/rec.jpeg","contentUrl":"https:\/\/fifp.fr\/wp-content\/uploads\/2024\/10\/rec.jpeg","width":189,"height":267},{"@type":"BreadcrumbList","@id":"https:\/\/fifp.fr\/events\/reclaiming-history-colonial-roots-of-the-genocide-in-rwanda\/#breadcrumb","itemListElement":[{"@type":"ListItem","position":1,"name":"Festival Film Pan Africain De Cannes","item":"https:\/\/fifp.fr\/"},{"@type":"ListItem","position":2,"name":"Événements","item":"https:\/\/fifp.fr\/events\/"},{"@type":"ListItem","position":3,"name":"RECLAIMING HISTORY &#8211; COLONIAL ROOTS OF THE GENOCIDE IN RWANDA"}]},{"@type":"WebSite","@id":"https:\/\/fifp.fr\/#website","url":"https:\/\/fifp.fr\/","name":"Festival International Du Film Pan Africain | Cannes","description":"Au Coeur Du CInema &amp; Des Arts Pan Africain","potentialAction":[{"@type":"SearchAction","target":{"@type":"EntryPoint","urlTemplate":"https:\/\/fifp.fr\/?s={search_term_string}"},"query-input":{"@type":"PropertyValueSpecification","valueRequired":true,"valueName":"search_term_string"}}],"inLanguage":"en-US"}]}</script>
<!-- / Yoast SEO plugin. -->

Trente ans plus tard, Samuel part à la recherche de ce qui a déclenché ces terribles événements. Il entreprend un [&hellip;]

Événements
