{"id":112169,"date":"2024-10-18T15:08:03","date_gmt":"2024-10-18T13:08:03","guid":{"rendered":"https:\/\/fifp.fr\/?post_type=mec-events&#038;p=112169"},"modified":"2024-10-18T15:08:03","modified_gmt":"2024-10-18T13:08:03","slug":"the-traumatist","status":"publish","type":"mec-events","link":"https:\/\/fifp.fr\/en\/events\/the-traumatist\/","title":{"rendered":"THE TRAUMATIST"},"content":{"rendered":"<p class=\"p1\">Une femme d\u00e9sesp\u00e9r\u00e9e, hant\u00e9e par son pass\u00e9 traumatique, demande l\u2019aide d\u2019un th\u00e9rapeute controvers\u00e9 qui aide ses patients \u00e0 vivre leurs fantasmes les plus violents contre ceux qui leur ont fait du tort. Avec Amelia Workman (Anita Tucker, A Thousand and One) dans le r\u00f4le d\u2019Avery Vaughn et le talentueux Robert Picardo (The Doctor, Star Trek Voyager) dans le r\u00f4le du Dr Theodore Hubbell.<\/p>\n<p class=\"p2\"><em>A desperate woman haunted by her traumatic past seeks the help of a controversial therapist who helps patients live out their most violent fantasies against those who have wronged them. Starring Amelia Workman (Anita Tucker, A Thousand and One) as Avery Vaughn and the talented Robert Picardo (The Doctor, Star Trek Voyager) as Dr. Theodore Hubbell.<\/em><\/p>\n<div style=\"width: 840px;\" class=\"wp-video\"><video playsinline data-keepplaying class=\"wp-video-shortcode\" id=\"video-112169-1\" width=\"840\" height=\"473\" preload=\"metadata\" controls=\"controls\"><source type=\"video\/mp4\" src=\"https:\/\/fifp.fr\/wp-content\/uploads\/2024\/10\/The-Traumatist-teaser.mp4?_=1\" \/><a href=\"https:\/\/fifp.fr\/wp-content\/uploads\/2024\/10\/The-Traumatist-teaser.mp4\">https:\/\/fifp.fr\/wp-content\/uploads\/2024\/10\/The-Traumatist-teaser.mp4<\/a><\/video><\/div>","protected":false},"excerpt":{"rendered":"<p>Une femme d\u00e9sesp\u00e9r\u00e9e, hant\u00e9e par son pass\u00e9 traumatique, demande l\u2019aide d\u2019un th\u00e9rapeute controvers\u00e9 qui aide ses patients \u00e0 vivre leurs [&hellip;]<\/p>\n","protected":false},"author":2,"featured_media":112187,"comment_status":"closed","ping_status":"closed","template":"","tags":[],"mec_category":[404,405,407,409],"mec_speaker":[],"class_list":["post-112169","mec-events","type-mec-events","status-publish","has-post-thumbnail","hentry","mec_category-films-2024","mec_category-selection-officielle-2024","mec_category-fiction-2024","mec_category-court-metrage-2024"],"yoast_head":"<!-- This site is optimized with the Yoast SEO plugin v27.3 - https:\/\/yoast.com\/product\/yoast-seo-wordpress\/ -->\n<title>THE TRAUMATIST - Festival International Du Film Pan Africain | Cannes<\/title>\n<meta name=\"robots\" content=\"index, follow, max-snippet:-1, max-image-preview:large, max-video-preview:-1\" \/>\n<link rel=\"canonical\" href=\"https:\/\/fifp.fr\/en\/events\/the-traumatist\/\" \/>\n<meta property=\"og:locale\" content=\"en_US\" \/>\n<meta property=\"og:type\" content=\"article\" \/>\n<meta property=\"og:title\" content=\"THE TRAUMATIST - Festival International Du Film Pan Africain | Cannes\" \/>\n<meta property=\"og:description\" content=\"Une femme d\u00e9sesp\u00e9r\u00e9e, hant\u00e9e par son pass\u00e9 traumatique, demande l\u2019aide d\u2019un th\u00e9rapeute controvers\u00e9 qui aide ses patients \u00e0 vivre leurs [&hellip;]\" \/>\n<meta property=\"og:url\" content=\"https:\/\/fifp.fr\/en\/events\/the-traumatist\/\" \/>\n<meta property=\"og:site_name\" content=\"Festival International Du Film Pan Africain | Cannes\" \/>\n<meta property=\"og:image\" content=\"https:\/\/fifp.fr\/wp-content\/uploads\/2024\/10\/Poster-579fb696af-poster.jpg\" \/>\n\t<meta property=\"og:image:width\" content=\"800\" \/>\n\t<meta property=\"og:image:height\" content=\"648\" \/>\n\t<meta property=\"og:image:type\" content=\"image\/jpeg\" \/>\n<meta name=\"twitter:card\" content=\"summary_large_image\" \/>\n<meta name=\"twitter:label1\" content=\"Est. reading time\" \/>\n\t<meta name=\"twitter:data1\" content=\"1 minute\" \/>\n<script type=\"application\/ld+json\" class=\"yoast-schema-graph\">{\"@context\":\"https:\\\/\\\/schema.org\",\"@graph\":[{\"@type\":\"WebPage\",\"@id\":\"https:\\\/\\\/fifp.fr\\\/events\\\/the-traumatist\\\/\",\"url\":\"https:\\\/\\\/fifp.fr\\\/events\\\/the-traumatist\\\/\",\"name\":\"THE TRAUMATIST - Festival International Du Film Pan Africain | Cannes\",\"isPartOf\":{\"@id\":\"https:\\\/\\\/fifp.fr\\\/#website\"},\"primaryImageOfPage\":{\"@id\":\"https:\\\/\\\/fifp.fr\\\/events\\\/the-traumatist\\\/#primaryimage\"},\"image\":{\"@id\":\"https:\\\/\\\/fifp.fr\\\/events\\\/the-traumatist\\\/#primaryimage\"},\"thumbnailUrl\":\"https:\\\/\\\/fifp.fr\\\/wp-content\\\/uploads\\\/2024\\\/10\\\/Poster-579fb696af-poster.jpg\",\"datePublished\":\"2024-10-18T13:08:03+00:00\",\"breadcrumb\":{\"@id\":\"https:\\\/\\\/fifp.fr\\\/events\\\/the-traumatist\\\/#breadcrumb\"},\"inLanguage\":\"en-US\",\"potentialAction\":[{\"@type\":\"ReadAction\",\"target\":[\"https:\\\/\\\/fifp.fr\\\/events\\\/the-traumatist\\\/\"]}]},{\"@type\":\"ImageObject\",\"inLanguage\":\"en-US\",\"@id\":\"https:\\\/\\\/fifp.fr\\\/events\\\/the-traumatist\\\/#primaryimage\",\"url\":\"https:\\\/\\\/fifp.fr\\\/wp-content\\\/uploads\\\/2024\\\/10\\\/Poster-579fb696af-poster.jpg\",\"contentUrl\":\"https:\\\/\\\/fifp.fr\\\/wp-content\\\/uploads\\\/2024\\\/10\\\/Poster-579fb696af-poster.jpg\",\"width\":800,\"height\":648},{\"@type\":\"BreadcrumbList\",\"@id\":\"https:\\\/\\\/fifp.fr\\\/events\\\/the-traumatist\\\/#breadcrumb\",\"itemListElement\":[{\"@type\":\"ListItem\",\"position\":1,\"name\":\"Festival Film Pan Africain De Cannes\",\"item\":\"https:\\\/\\\/fifp.fr\\\/\"},{\"@type\":\"ListItem\",\"position\":2,\"name\":\"\u00c9v\u00e9nements\",\"item\":\"https:\\\/\\\/fifp.fr\\\/events\\\/\"},{\"@type\":\"ListItem\",\"position\":3,\"name\":\"THE TRAUMATIST\"}]},{\"@type\":\"WebSite\",\"@id\":\"https:\\\/\\\/fifp.fr\\\/#website\",\"url\":\"https:\\\/\\\/fifp.fr\\\/\",\"name\":\"Festival International Du Film Pan Africain | Cannes\",\"description\":\"Au Coeur Du CInema &amp; Des Arts Pan Africain\",\"potentialAction\":[{\"@type\":\"SearchAction\",\"target\":{\"@type\":\"EntryPoint\",\"urlTemplate\":\"https:\\\/\\\/fifp.fr\\\/?s={search_term_string}\"},\"query-input\":{\"@type\":\"PropertyValueSpecification\",\"valueRequired\":true,\"valueName\":\"search_term_string\"}}],\"inLanguage\":\"en-US\"}]}<\/script>\n<!-- \/ Yoast SEO plugin. -->","yoast_head_json":{"title":"THE TRAUMATIST - Festival International Du Film Pan Africain | Cannes","robots":{"index":"index","follow":"follow","max-snippet":"max-snippet:-1","max-image-preview":"max-image-preview:large","max-video-preview":"max-video-preview:-1"},"canonical":"https:\/\/fifp.fr\/en\/events\/the-traumatist\/","og_locale":"en_US","og_type":"article","og_title":"THE TRAUMATIST - Festival International Du Film Pan Africain | Cannes","og_description":"Une femme d\u00e9sesp\u00e9r\u00e9e, hant\u00e9e par son pass\u00e9 traumatique, demande l\u2019aide d\u2019un th\u00e9rapeute controvers\u00e9 qui aide ses patients \u00e0 vivre leurs [&hellip;]","og_url":"https:\/\/fifp.fr\/en\/events\/the-traumatist\/","og_site_name":"Festival International Du Film Pan Africain | Cannes","og_image":[{"width":800,"height":648,"url":"https:\/\/fifp.fr\/wp-content\/uploads\/2024\/10\/Poster-579fb696af-poster.jpg","type":"image\/jpeg"}],"twitter_card":"summary_large_image","twitter_misc":{"Est. reading time":"1 minute"},"schema":{"@context":"https:\/\/schema.org","@graph":[{"@type":"WebPage","@id":"https:\/\/fifp.fr\/events\/the-traumatist\/","url":"https:\/\/fifp.fr\/events\/the-traumatist\/","name":"THE TRAUMATIST - Festival International Du Film Pan Africain | Cannes","isPartOf":{"@id":"https:\/\/fifp.fr\/#website"},"primaryImageOfPage":{"@id":"https:\/\/fifp.fr\/events\/the-traumatist\/#primaryimage"},"image":{"@id":"https:\/\/fifp.fr\/events\/the-traumatist\/#primaryimage"},"thumbnailUrl":"https:\/\/fifp.fr\/wp-content\/uploads\/2024\/10\/Poster-579fb696af-poster.jpg","datePublished":"2024-10-18T13:08:03+00:00","breadcrumb":{"@id":"https:\/\/fifp.fr\/events\/the-traumatist\/#breadcrumb"},"inLanguage":"en-US","potentialAction":[{"@type":"ReadAction","target":["https:\/\/fifp.fr\/events\/the-traumatist\/"]}]},{"@type":"ImageObject","inLanguage":"en-US","@id":"https:\/\/fifp.fr\/events\/the-traumatist\/#primaryimage","url":"https:\/\/fifp.fr\/wp-content\/uploads\/2024\/10\/Poster-579fb696af-poster.jpg","contentUrl":"https:\/\/fifp.fr\/wp-content\/uploads\/2024\/10\/Poster-579fb696af-poster.jpg","width":800,"height":648},{"@type":"BreadcrumbList","@id":"https:\/\/fifp.fr\/events\/the-traumatist\/#breadcrumb","itemListElement":[{"@type":"ListItem","position":1,"name":"Festival Film Pan Africain De Cannes","item":"https:\/\/fifp.fr\/"},{"@type":"ListItem","position":2,"name":"\u00c9v\u00e9nements","item":"https:\/\/fifp.fr\/events\/"},{"@type":"ListItem","position":3,"name":"THE TRAUMATIST"}]},{"@type":"WebSite","@id":"https:\/\/fifp.fr\/#website","url":"https:\/\/fifp.fr\/","name":"Festival International Du Film Pan Africain | Cannes","description":"Au Coeur Du CInema &amp; Des Arts Pan Africain","potentialAction":[{"@type":"SearchAction","target":{"@type":"EntryPoint","urlTemplate":"https:\/\/fifp.fr\/?s={search_term_string}"},"query-input":{"@type":"PropertyValueSpecification","valueRequired":true,"valueName":"search_term_string"}}],"inLanguage":"en-US"}]}},"_links":{"self":[{"href":"https:\/\/fifp.fr\/en\/wp-json\/wp\/v2\/mec-events\/112169","targetHints":{"allow":["GET"]}}],"collection":[{"href":"https:\/\/fifp.fr\/en\/wp-json\/wp\/v2\/mec-events"}],"about":[{"href":"https:\/\/fifp.fr\/en\/wp-json\/wp\/v2\/types\/mec-events"}],"author":[{"embeddable":true,"href":"https:\/\/fifp.fr\/en\/wp-json\/wp\/v2\/users\/2"}],"replies":[{"embeddable":true,"href":"https:\/\/fifp.fr\/en\/wp-json\/wp\/v2\/comments?post=112169"}],"wp:featuredmedia":[{"embeddable":true,"href":"https:\/\/fifp.fr\/en\/wp-json\/wp\/v2\/media\/112187"}],"wp:attachment":[{"href":"https:\/\/fifp.fr\/en\/wp-json\/wp\/v2\/media?parent=112169"}],"wp:term":[{"taxonomy":"post_tag","embeddable":true,"href":"https:\/\/fifp.fr\/en\/wp-json\/wp\/v2\/tags?post=112169"},{"taxonomy":"mec_category","embeddable":true,"href":"https:\/\/fifp.fr\/en\/wp-json\/wp\/v2\/mec_category?post=112169"},{"taxonomy":"mec_speaker","embeddable":true,"href":"https:\/\/fifp.fr\/en\/wp-json\/wp\/v2\/mec_speaker?post=112169"}],"curies":[{"name":"wp","href":"https:\/\/api.w.org\/{rel}","templated":true}]}}

<p class="p1">Une femme désespérée, hantée par son passé traumatique, demande l’aide d’un thérapeute controversé qui aide ses patients à vivre leurs fantasmes les plus violents contre ceux qui leur ont fait du tort. Avec Amelia Workman (Anita Tucker, A Thousand and One) dans le rôle d’Avery Vaughn et le talentueux Robert Picardo (The Doctor, Star Trek Voyager) dans le rôle du Dr Theodore Hubbell.</p>
<p class="p2"><em>A desperate woman haunted by her traumatic past seeks the help of a controversial therapist who helps patients live out their most violent fantasies against those who have wronged them. Starring Amelia Workman (Anita Tucker, A Thousand and One) as Avery Vaughn and the talented Robert Picardo (The Doctor, Star Trek Voyager) as Dr. Theodore Hubbell.</em></p>
<div style="width: 840px;" class="wp-video"><video playsinline data-keepplaying class="wp-video-shortcode" id="video-112169-1" width="840" height="473" preload="metadata" controls="controls"><source type="video/mp4" src="https://fifp.fr/wp-content/uploads/2024/10/The-Traumatist-teaser.mp4?_=1" /><a href="https://fifp.fr/wp-content/uploads/2024/10/The-Traumatist-teaser.mp4">https://fifp.fr/wp-content/uploads/2024/10/The-Traumatist-teaser.mp4</a></video></div>

<p>Une femme désespérée, hantée par son passé traumatique, demande l’aide d’un thérapeute controversé qui aide ses patients à vivre leurs [&hellip;]</p>

<!-- This site is optimized with the Yoast SEO plugin v27.3 - https://yoast.com/product/yoast-seo-wordpress/ -->
<title>THE TRAUMATIST - Festival International Du Film Pan Africain | Cannes</title>
<meta name="robots" content="index, follow, max-snippet:-1, max-image-preview:large, max-video-preview:-1" />
<link rel="canonical" href="https://fifp.fr/en/events/the-traumatist/" />
<meta property="og:locale" content="en_US" />
<meta property="og:type" content="article" />
<meta property="og:title" content="THE TRAUMATIST - Festival International Du Film Pan Africain | Cannes" />
<meta property="og:description" content="Une femme désespérée, hantée par son passé traumatique, demande l’aide d’un thérapeute controversé qui aide ses patients à vivre leurs [&hellip;]" />
<meta property="og:url" content="https://fifp.fr/en/events/the-traumatist/" />
<meta property="og:site_name" content="Festival International Du Film Pan Africain | Cannes" />
<meta property="og:image" content="https://fifp.fr/wp-content/uploads/2024/10/Poster-579fb696af-poster.jpg" />
	<meta property="og:image:width" content="800" />
	<meta property="og:image:height" content="648" />
	<meta property="og:image:type" content="image/jpeg" />
<meta name="twitter:card" content="summary_large_image" />
<meta name="twitter:label1" content="Est. reading time" />
	<meta name="twitter:data1" content="1 minute" />
<script type="application/ld+json" class="yoast-schema-graph">{"@context":"https:\/\/schema.org","@graph":[{"@type":"WebPage","@id":"https:\/\/fifp.fr\/events\/the-traumatist\/","url":"https:\/\/fifp.fr\/events\/the-traumatist\/","name":"THE TRAUMATIST - Festival International Du Film Pan Africain | Cannes","isPartOf":{"@id":"https:\/\/fifp.fr\/#website"},"primaryImageOfPage":{"@id":"https:\/\/fifp.fr\/events\/the-traumatist\/#primaryimage"},"image":{"@id":"https:\/\/fifp.fr\/events\/the-traumatist\/#primaryimage"},"thumbnailUrl":"https:\/\/fifp.fr\/wp-content\/uploads\/2024\/10\/Poster-579fb696af-poster.jpg","datePublished":"2024-10-18T13:08:03+00:00","breadcrumb":{"@id":"https:\/\/fifp.fr\/events\/the-traumatist\/#breadcrumb"},"inLanguage":"en-US","potentialAction":[{"@type":"ReadAction","target":["https:\/\/fifp.fr\/events\/the-traumatist\/"]}]},{"@type":"ImageObject","inLanguage":"en-US","@id":"https:\/\/fifp.fr\/events\/the-traumatist\/#primaryimage","url":"https:\/\/fifp.fr\/wp-content\/uploads\/2024\/10\/Poster-579fb696af-poster.jpg","contentUrl":"https:\/\/fifp.fr\/wp-content\/uploads\/2024\/10\/Poster-579fb696af-poster.jpg","width":800,"height":648},{"@type":"BreadcrumbList","@id":"https:\/\/fifp.fr\/events\/the-traumatist\/#breadcrumb","itemListElement":[{"@type":"ListItem","position":1,"name":"Festival Film Pan Africain De Cannes","item":"https:\/\/fifp.fr\/"},{"@type":"ListItem","position":2,"name":"Événements","item":"https:\/\/fifp.fr\/events\/"},{"@type":"ListItem","position":3,"name":"THE TRAUMATIST"}]},{"@type":"WebSite","@id":"https:\/\/fifp.fr\/#website","url":"https:\/\/fifp.fr\/","name":"Festival International Du Film Pan Africain | Cannes","description":"Au Coeur Du CInema &amp; Des Arts Pan Africain","potentialAction":[{"@type":"SearchAction","target":{"@type":"EntryPoint","urlTemplate":"https:\/\/fifp.fr\/?s={search_term_string}"},"query-input":{"@type":"PropertyValueSpecification","valueRequired":true,"valueName":"search_term_string"}}],"inLanguage":"en-US"}]}</script>
<!-- / Yoast SEO plugin. -->

Une femme désespérée, hantée par son passé traumatique, demande l’aide d’un thérapeute controversé qui aide ses patients à vivre leurs [&hellip;]

Événements
