{"id":112174,"date":"2024-10-18T15:20:20","date_gmt":"2024-10-18T13:20:20","guid":{"rendered":"https:\/\/fifp.fr\/?post_type=mec-events&#038;p=112174"},"modified":"2024-10-18T15:20:20","modified_gmt":"2024-10-18T13:20:20","slug":"travels-inside-foreign-heads","status":"publish","type":"mec-events","link":"https:\/\/fifp.fr\/en\/events\/travels-inside-foreign-heads\/","title":{"rendered":"TRAVELS INSIDE FOREIGN HEADS"},"content":{"rendered":"<p class=\"p1\">Mon nom est YEDEL. Je suis sur Terre depuis un mois. Ma greffe s\u2019appelle GIL CARVALHO. Avec lui, je suis comme dans un bocal rempli d\u2019eau sale. Je n\u2019arrive \u00e0 rien. J\u2019ai retrouv\u00e9 GULH et KADATH. GULH a une bonne nouvelle pour nous : il dit que l\u2019heure est venue de repartir. Nous avons sept jours pour quitter la Terre, pas un de plus. Mais KADATH est greff\u00e9 \u00e0 un exil\u00e9, un certain ADAMOU. Il retarde sans cesse le moment du d\u00e9part. Que veut-il au juste ? Celui lui l\u00e0 va nous donner du fil \u00e0 retordre\u2026<\/p>\n<p class=\"p2\"><em>My name is YEDEL. I have been on Earth for one month. My graft is called GIL CARVALHO. With him, I\u2019m like a jar full of dirty water. I can\u2019t get anywhere. I have found GULH and KADATH. GULH has good news for us: he says that the time has come to leave. We have seven days to leave Earth, not one more. But KADATH is grafted to an exiled, a certain ADAMOU. He keeps delaying the moment of departure. What does he want exactly? This one will give us a hard time&#8230;<\/em><\/p>\n<div style=\"width: 840px;\" class=\"wp-video\"><video playsinline data-keepplaying class=\"wp-video-shortcode\" id=\"video-112174-1\" width=\"840\" height=\"473\" preload=\"metadata\" controls=\"controls\"><source type=\"video\/mp4\" src=\"https:\/\/fifp.fr\/wp-content\/uploads\/2024\/10\/Travels-Inside-Foreign-Heads-Trailer-FestivalSaints.mp4?_=1\" \/><a href=\"https:\/\/fifp.fr\/wp-content\/uploads\/2024\/10\/Travels-Inside-Foreign-Heads-Trailer-FestivalSaints.mp4\">https:\/\/fifp.fr\/wp-content\/uploads\/2024\/10\/Travels-Inside-Foreign-Heads-Trailer-FestivalSaints.mp4<\/a><\/video><\/div>","protected":false},"excerpt":{"rendered":"<p>Mon nom est YEDEL. Je suis sur Terre depuis un mois. Ma greffe s\u2019appelle GIL CARVALHO. Avec lui, je suis [&hellip;]<\/p>\n","protected":false},"author":2,"featured_media":112207,"comment_status":"closed","ping_status":"closed","template":"","tags":[],"mec_category":[404,405,407,410],"mec_speaker":[],"class_list":["post-112174","mec-events","type-mec-events","status-publish","has-post-thumbnail","hentry","mec_category-films-2024","mec_category-selection-officielle-2024","mec_category-fiction-2024","mec_category-long-metrage-2024"],"yoast_head":"<!-- This site is optimized with the Yoast SEO plugin v27.3 - https:\/\/yoast.com\/product\/yoast-seo-wordpress\/ -->\n<title>TRAVELS INSIDE FOREIGN HEADS - Festival International Du Film Pan Africain | Cannes<\/title>\n<meta name=\"robots\" content=\"index, follow, max-snippet:-1, max-image-preview:large, max-video-preview:-1\" \/>\n<link rel=\"canonical\" href=\"https:\/\/fifp.fr\/en\/events\/travels-inside-foreign-heads\/\" \/>\n<meta property=\"og:locale\" content=\"en_US\" \/>\n<meta property=\"og:type\" content=\"article\" \/>\n<meta property=\"og:title\" content=\"TRAVELS INSIDE FOREIGN HEADS - Festival International Du Film Pan Africain | Cannes\" \/>\n<meta property=\"og:description\" content=\"Mon nom est YEDEL. Je suis sur Terre depuis un mois. Ma greffe s\u2019appelle GIL CARVALHO. Avec lui, je suis [&hellip;]\" \/>\n<meta property=\"og:url\" content=\"https:\/\/fifp.fr\/en\/events\/travels-inside-foreign-heads\/\" \/>\n<meta property=\"og:site_name\" content=\"Festival International Du Film Pan Africain | Cannes\" \/>\n<meta property=\"og:image\" content=\"https:\/\/fifp.fr\/wp-content\/uploads\/2024\/10\/Poster-283a84d4e6-poster.jpg\" \/>\n\t<meta property=\"og:image:width\" content=\"571\" \/>\n\t<meta property=\"og:image:height\" content=\"800\" \/>\n\t<meta property=\"og:image:type\" content=\"image\/jpeg\" \/>\n<meta name=\"twitter:card\" content=\"summary_large_image\" \/>\n<meta name=\"twitter:label1\" content=\"Est. reading time\" \/>\n\t<meta name=\"twitter:data1\" content=\"2 minutes\" \/>\n<script type=\"application\/ld+json\" class=\"yoast-schema-graph\">{\"@context\":\"https:\\\/\\\/schema.org\",\"@graph\":[{\"@type\":\"WebPage\",\"@id\":\"https:\\\/\\\/fifp.fr\\\/events\\\/travels-inside-foreign-heads\\\/\",\"url\":\"https:\\\/\\\/fifp.fr\\\/events\\\/travels-inside-foreign-heads\\\/\",\"name\":\"TRAVELS INSIDE FOREIGN HEADS - Festival International Du Film Pan Africain | Cannes\",\"isPartOf\":{\"@id\":\"https:\\\/\\\/fifp.fr\\\/#website\"},\"primaryImageOfPage\":{\"@id\":\"https:\\\/\\\/fifp.fr\\\/events\\\/travels-inside-foreign-heads\\\/#primaryimage\"},\"image\":{\"@id\":\"https:\\\/\\\/fifp.fr\\\/events\\\/travels-inside-foreign-heads\\\/#primaryimage\"},\"thumbnailUrl\":\"https:\\\/\\\/fifp.fr\\\/wp-content\\\/uploads\\\/2024\\\/10\\\/Poster-283a84d4e6-poster.jpg\",\"datePublished\":\"2024-10-18T13:20:20+00:00\",\"breadcrumb\":{\"@id\":\"https:\\\/\\\/fifp.fr\\\/events\\\/travels-inside-foreign-heads\\\/#breadcrumb\"},\"inLanguage\":\"en-US\",\"potentialAction\":[{\"@type\":\"ReadAction\",\"target\":[\"https:\\\/\\\/fifp.fr\\\/events\\\/travels-inside-foreign-heads\\\/\"]}]},{\"@type\":\"ImageObject\",\"inLanguage\":\"en-US\",\"@id\":\"https:\\\/\\\/fifp.fr\\\/events\\\/travels-inside-foreign-heads\\\/#primaryimage\",\"url\":\"https:\\\/\\\/fifp.fr\\\/wp-content\\\/uploads\\\/2024\\\/10\\\/Poster-283a84d4e6-poster.jpg\",\"contentUrl\":\"https:\\\/\\\/fifp.fr\\\/wp-content\\\/uploads\\\/2024\\\/10\\\/Poster-283a84d4e6-poster.jpg\",\"width\":571,\"height\":800},{\"@type\":\"BreadcrumbList\",\"@id\":\"https:\\\/\\\/fifp.fr\\\/events\\\/travels-inside-foreign-heads\\\/#breadcrumb\",\"itemListElement\":[{\"@type\":\"ListItem\",\"position\":1,\"name\":\"Festival Film Pan Africain De Cannes\",\"item\":\"https:\\\/\\\/fifp.fr\\\/\"},{\"@type\":\"ListItem\",\"position\":2,\"name\":\"\u00c9v\u00e9nements\",\"item\":\"https:\\\/\\\/fifp.fr\\\/events\\\/\"},{\"@type\":\"ListItem\",\"position\":3,\"name\":\"TRAVELS INSIDE FOREIGN HEADS\"}]},{\"@type\":\"WebSite\",\"@id\":\"https:\\\/\\\/fifp.fr\\\/#website\",\"url\":\"https:\\\/\\\/fifp.fr\\\/\",\"name\":\"Festival International Du Film Pan Africain | Cannes\",\"description\":\"Au Coeur Du CInema &amp; Des Arts Pan Africain\",\"potentialAction\":[{\"@type\":\"SearchAction\",\"target\":{\"@type\":\"EntryPoint\",\"urlTemplate\":\"https:\\\/\\\/fifp.fr\\\/?s={search_term_string}\"},\"query-input\":{\"@type\":\"PropertyValueSpecification\",\"valueRequired\":true,\"valueName\":\"search_term_string\"}}],\"inLanguage\":\"en-US\"}]}<\/script>\n<!-- \/ Yoast SEO plugin. -->","yoast_head_json":{"title":"TRAVELS INSIDE FOREIGN HEADS - Festival International Du Film Pan Africain | Cannes","robots":{"index":"index","follow":"follow","max-snippet":"max-snippet:-1","max-image-preview":"max-image-preview:large","max-video-preview":"max-video-preview:-1"},"canonical":"https:\/\/fifp.fr\/en\/events\/travels-inside-foreign-heads\/","og_locale":"en_US","og_type":"article","og_title":"TRAVELS INSIDE FOREIGN HEADS - Festival International Du Film Pan Africain | Cannes","og_description":"Mon nom est YEDEL. Je suis sur Terre depuis un mois. Ma greffe s\u2019appelle GIL CARVALHO. Avec lui, je suis [&hellip;]","og_url":"https:\/\/fifp.fr\/en\/events\/travels-inside-foreign-heads\/","og_site_name":"Festival International Du Film Pan Africain | Cannes","og_image":[{"width":571,"height":800,"url":"https:\/\/fifp.fr\/wp-content\/uploads\/2024\/10\/Poster-283a84d4e6-poster.jpg","type":"image\/jpeg"}],"twitter_card":"summary_large_image","twitter_misc":{"Est. reading time":"2 minutes"},"schema":{"@context":"https:\/\/schema.org","@graph":[{"@type":"WebPage","@id":"https:\/\/fifp.fr\/events\/travels-inside-foreign-heads\/","url":"https:\/\/fifp.fr\/events\/travels-inside-foreign-heads\/","name":"TRAVELS INSIDE FOREIGN HEADS - Festival International Du Film Pan Africain | Cannes","isPartOf":{"@id":"https:\/\/fifp.fr\/#website"},"primaryImageOfPage":{"@id":"https:\/\/fifp.fr\/events\/travels-inside-foreign-heads\/#primaryimage"},"image":{"@id":"https:\/\/fifp.fr\/events\/travels-inside-foreign-heads\/#primaryimage"},"thumbnailUrl":"https:\/\/fifp.fr\/wp-content\/uploads\/2024\/10\/Poster-283a84d4e6-poster.jpg","datePublished":"2024-10-18T13:20:20+00:00","breadcrumb":{"@id":"https:\/\/fifp.fr\/events\/travels-inside-foreign-heads\/#breadcrumb"},"inLanguage":"en-US","potentialAction":[{"@type":"ReadAction","target":["https:\/\/fifp.fr\/events\/travels-inside-foreign-heads\/"]}]},{"@type":"ImageObject","inLanguage":"en-US","@id":"https:\/\/fifp.fr\/events\/travels-inside-foreign-heads\/#primaryimage","url":"https:\/\/fifp.fr\/wp-content\/uploads\/2024\/10\/Poster-283a84d4e6-poster.jpg","contentUrl":"https:\/\/fifp.fr\/wp-content\/uploads\/2024\/10\/Poster-283a84d4e6-poster.jpg","width":571,"height":800},{"@type":"BreadcrumbList","@id":"https:\/\/fifp.fr\/events\/travels-inside-foreign-heads\/#breadcrumb","itemListElement":[{"@type":"ListItem","position":1,"name":"Festival Film Pan Africain De Cannes","item":"https:\/\/fifp.fr\/"},{"@type":"ListItem","position":2,"name":"\u00c9v\u00e9nements","item":"https:\/\/fifp.fr\/events\/"},{"@type":"ListItem","position":3,"name":"TRAVELS INSIDE FOREIGN HEADS"}]},{"@type":"WebSite","@id":"https:\/\/fifp.fr\/#website","url":"https:\/\/fifp.fr\/","name":"Festival International Du Film Pan Africain | Cannes","description":"Au Coeur Du CInema &amp; Des Arts Pan Africain","potentialAction":[{"@type":"SearchAction","target":{"@type":"EntryPoint","urlTemplate":"https:\/\/fifp.fr\/?s={search_term_string}"},"query-input":{"@type":"PropertyValueSpecification","valueRequired":true,"valueName":"search_term_string"}}],"inLanguage":"en-US"}]}},"_links":{"self":[{"href":"https:\/\/fifp.fr\/en\/wp-json\/wp\/v2\/mec-events\/112174","targetHints":{"allow":["GET"]}}],"collection":[{"href":"https:\/\/fifp.fr\/en\/wp-json\/wp\/v2\/mec-events"}],"about":[{"href":"https:\/\/fifp.fr\/en\/wp-json\/wp\/v2\/types\/mec-events"}],"author":[{"embeddable":true,"href":"https:\/\/fifp.fr\/en\/wp-json\/wp\/v2\/users\/2"}],"replies":[{"embeddable":true,"href":"https:\/\/fifp.fr\/en\/wp-json\/wp\/v2\/comments?post=112174"}],"wp:featuredmedia":[{"embeddable":true,"href":"https:\/\/fifp.fr\/en\/wp-json\/wp\/v2\/media\/112207"}],"wp:attachment":[{"href":"https:\/\/fifp.fr\/en\/wp-json\/wp\/v2\/media?parent=112174"}],"wp:term":[{"taxonomy":"post_tag","embeddable":true,"href":"https:\/\/fifp.fr\/en\/wp-json\/wp\/v2\/tags?post=112174"},{"taxonomy":"mec_category","embeddable":true,"href":"https:\/\/fifp.fr\/en\/wp-json\/wp\/v2\/mec_category?post=112174"},{"taxonomy":"mec_speaker","embeddable":true,"href":"https:\/\/fifp.fr\/en\/wp-json\/wp\/v2\/mec_speaker?post=112174"}],"curies":[{"name":"wp","href":"https:\/\/api.w.org\/{rel}","templated":true}]}}

<p class="p1">Mon nom est YEDEL. Je suis sur Terre depuis un mois. Ma greffe s’appelle GIL CARVALHO. Avec lui, je suis comme dans un bocal rempli d’eau sale. Je n’arrive à rien. J’ai retrouvé GULH et KADATH. GULH a une bonne nouvelle pour nous : il dit que l’heure est venue de repartir. Nous avons sept jours pour quitter la Terre, pas un de plus. Mais KADATH est greffé à un exilé, un certain ADAMOU. Il retarde sans cesse le moment du départ. Que veut-il au juste ? Celui lui là va nous donner du fil à retordre…</p>
<p class="p2"><em>My name is YEDEL. I have been on Earth for one month. My graft is called GIL CARVALHO. With him, I’m like a jar full of dirty water. I can’t get anywhere. I have found GULH and KADATH. GULH has good news for us: he says that the time has come to leave. We have seven days to leave Earth, not one more. But KADATH is grafted to an exiled, a certain ADAMOU. He keeps delaying the moment of departure. What does he want exactly? This one will give us a hard time&#8230;</em></p>
<div style="width: 840px;" class="wp-video"><video playsinline data-keepplaying class="wp-video-shortcode" id="video-112174-1" width="840" height="473" preload="metadata" controls="controls"><source type="video/mp4" src="https://fifp.fr/wp-content/uploads/2024/10/Travels-Inside-Foreign-Heads-Trailer-FestivalSaints.mp4?_=1" /><a href="https://fifp.fr/wp-content/uploads/2024/10/Travels-Inside-Foreign-Heads-Trailer-FestivalSaints.mp4">https://fifp.fr/wp-content/uploads/2024/10/Travels-Inside-Foreign-Heads-Trailer-FestivalSaints.mp4</a></video></div>

<!-- This site is optimized with the Yoast SEO plugin v27.3 - https://yoast.com/product/yoast-seo-wordpress/ -->
<title>TRAVELS INSIDE FOREIGN HEADS - Festival International Du Film Pan Africain | Cannes</title>
<meta name="robots" content="index, follow, max-snippet:-1, max-image-preview:large, max-video-preview:-1" />
<link rel="canonical" href="https://fifp.fr/en/events/travels-inside-foreign-heads/" />
<meta property="og:locale" content="en_US" />
<meta property="og:type" content="article" />
<meta property="og:title" content="TRAVELS INSIDE FOREIGN HEADS - Festival International Du Film Pan Africain | Cannes" />
<meta property="og:description" content="Mon nom est YEDEL. Je suis sur Terre depuis un mois. Ma greffe s’appelle GIL CARVALHO. Avec lui, je suis [&hellip;]" />
<meta property="og:url" content="https://fifp.fr/en/events/travels-inside-foreign-heads/" />
<meta property="og:site_name" content="Festival International Du Film Pan Africain | Cannes" />
<meta property="og:image" content="https://fifp.fr/wp-content/uploads/2024/10/Poster-283a84d4e6-poster.jpg" />
	<meta property="og:image:width" content="571" />
	<meta property="og:image:height" content="800" />
	<meta property="og:image:type" content="image/jpeg" />
<meta name="twitter:card" content="summary_large_image" />
<meta name="twitter:label1" content="Est. reading time" />
	<meta name="twitter:data1" content="2 minutes" />
<script type="application/ld+json" class="yoast-schema-graph">{"@context":"https:\/\/schema.org","@graph":[{"@type":"WebPage","@id":"https:\/\/fifp.fr\/events\/travels-inside-foreign-heads\/","url":"https:\/\/fifp.fr\/events\/travels-inside-foreign-heads\/","name":"TRAVELS INSIDE FOREIGN HEADS - Festival International Du Film Pan Africain | Cannes","isPartOf":{"@id":"https:\/\/fifp.fr\/#website"},"primaryImageOfPage":{"@id":"https:\/\/fifp.fr\/events\/travels-inside-foreign-heads\/#primaryimage"},"image":{"@id":"https:\/\/fifp.fr\/events\/travels-inside-foreign-heads\/#primaryimage"},"thumbnailUrl":"https:\/\/fifp.fr\/wp-content\/uploads\/2024\/10\/Poster-283a84d4e6-poster.jpg","datePublished":"2024-10-18T13:20:20+00:00","breadcrumb":{"@id":"https:\/\/fifp.fr\/events\/travels-inside-foreign-heads\/#breadcrumb"},"inLanguage":"en-US","potentialAction":[{"@type":"ReadAction","target":["https:\/\/fifp.fr\/events\/travels-inside-foreign-heads\/"]}]},{"@type":"ImageObject","inLanguage":"en-US","@id":"https:\/\/fifp.fr\/events\/travels-inside-foreign-heads\/#primaryimage","url":"https:\/\/fifp.fr\/wp-content\/uploads\/2024\/10\/Poster-283a84d4e6-poster.jpg","contentUrl":"https:\/\/fifp.fr\/wp-content\/uploads\/2024\/10\/Poster-283a84d4e6-poster.jpg","width":571,"height":800},{"@type":"BreadcrumbList","@id":"https:\/\/fifp.fr\/events\/travels-inside-foreign-heads\/#breadcrumb","itemListElement":[{"@type":"ListItem","position":1,"name":"Festival Film Pan Africain De Cannes","item":"https:\/\/fifp.fr\/"},{"@type":"ListItem","position":2,"name":"Événements","item":"https:\/\/fifp.fr\/events\/"},{"@type":"ListItem","position":3,"name":"TRAVELS INSIDE FOREIGN HEADS"}]},{"@type":"WebSite","@id":"https:\/\/fifp.fr\/#website","url":"https:\/\/fifp.fr\/","name":"Festival International Du Film Pan Africain | Cannes","description":"Au Coeur Du CInema &amp; Des Arts Pan Africain","potentialAction":[{"@type":"SearchAction","target":{"@type":"EntryPoint","urlTemplate":"https:\/\/fifp.fr\/?s={search_term_string}"},"query-input":{"@type":"PropertyValueSpecification","valueRequired":true,"valueName":"search_term_string"}}],"inLanguage":"en-US"}]}</script>
<!-- / Yoast SEO plugin. -->

Événements
