{"id":113650,"date":"2026-09-02T17:33:08","date_gmt":"2026-09-02T15:33:08","guid":{"rendered":"https:\/\/fifp.fr\/?post_type=mec-events&#038;p=113650"},"modified":"2026-09-02T17:33:43","modified_gmt":"2026-09-02T15:33:43","slug":"ceremonie-douverture-face-a-face-enemy-to-go","status":"publish","type":"mec-events","link":"https:\/\/fifp.fr\/en\/events\/ceremonie-douverture-face-a-face-enemy-to-go\/","title":{"rendered":"C\u00c9R\u00c9MONIE D\u2019OUVERTURE | FACE \u00c0 FACE (ENEMY TO GO)"},"content":{"rendered":"<p><span style=\"font-weight: 400;\">R\u00e9alisateur(trice)\/Director: Jepht\u00e9 Bastien\u00a0<\/span><\/p>\n<p><span style=\"font-weight: 400;\">Dur\u00e9e\/Length: 01:41:06\u00a0<\/span><\/p>\n<p><span style=\"font-weight: 400;\">Genre: Long m\u00e9trage\u2014Fiction<\/span><\/p>\n<p><span style=\"font-weight: 400;\">Origine: Canada<\/span><\/p>\n<p>&nbsp;<\/p>\n<p><span style=\"font-weight: 400;\">Se d\u00e9roulant dans le Montr\u00e9al contemporain, Face \u00e0 Face suit Will, un jeune hockeyeur talentueux \u00e0 l\u2019aube de la gloire, dont l\u2019avenir est menac\u00e9 par le racisme syst\u00e9mique et les violences polici\u00e8res. Alors que son fr\u00e8re Jack lutte pour le prot\u00e9ger des forces qui se referment sur lui, des policiers corrompus, la violence institutionnelle et un syst\u00e8me judiciaire con\u00e7u pour les briser, Jack doit d\u00e9cider s\u2019il va garder le silence ou faire entendre sa voix. Alliant r\u00e9alisme social et urgence visc\u00e9rale, Face \u00e0 Face est un portrait puissant de la r\u00e9sistance, de l\u2019amour et de la survie dans un monde o\u00f9 le simple fait d\u2019exister dans un corps noir peut \u00eatre consid\u00e9r\u00e9 comme un crime.<\/span><\/p>\n<p><span style=\"color: #0000ff;\">Important : Film sous-titr\u00e9 en fran\u00e7ais<\/span><\/p>\n<p><span style=\"color: #0000ff;\"><i>Important : film in English<\/i><\/span><\/p>\n<p><i><span style=\"font-weight: 400;\">Set in contemporary Montr\u00e9al, Enemy to Go follows Will, a gifted young hockey player on the verge of greatness, whose future is jeopardized by systemic racism and police brutality. As his brother Jack struggles to protect him from the forces closing in\u2014corrupt officers, institutional violence, and a justice system designed to break them\u2014Jack must decide whether to remain silent or reclaim his voice. Blending social realism with visceral urgency, Enemy to Go is a powerful portrait of resistance, love, and survival in a world where simply existing in a Black body can be a crime.<\/span><\/i><\/p>\n<p><br style=\"font-weight: 400;\" \/><br style=\"font-weight: 400;\" \/><\/p>","protected":false},"excerpt":{"rendered":"<p>R\u00e9alisateur(trice)\/Director: Jepht\u00e9 Bastien\u00a0 Dur\u00e9e\/Length: 01:41:06\u00a0 Genre: Long m\u00e9trage\u2014Fiction Origine: Canada &nbsp; Se d\u00e9roulant dans le Montr\u00e9al contemporain, Face \u00e0 Face [&hellip;]<\/p>\n","protected":false},"author":2,"featured_media":113651,"comment_status":"closed","ping_status":"closed","template":"","tags":[],"mec_category":[381,385],"mec_speaker":[],"class_list":["post-113650","mec-events","type-mec-events","status-publish","has-post-thumbnail","hentry","mec_category-long-metrage-feature","mec_category-fiction"],"yoast_head":"<!-- This site is optimized with the Yoast SEO plugin v28.4 - https:\/\/yoast.com\/product\/yoast-seo-wordpress\/ -->\n<title>C\u00c9R\u00c9MONIE D\u2019OUVERTURE | FACE \u00c0 FACE (ENEMY TO GO) - Festival International Du Film Pan Africain | Cannes<\/title>\n<meta name=\"robots\" content=\"index, follow, max-snippet:-1, max-image-preview:large, max-video-preview:-1\" \/>\n<link rel=\"canonical\" href=\"https:\/\/fifp.fr\/en\/events\/ceremonie-douverture-face-a-face-enemy-to-go\/\" \/>\n<meta property=\"og:locale\" content=\"en_US\" \/>\n<meta property=\"og:type\" content=\"article\" \/>\n<meta property=\"og:title\" content=\"C\u00c9R\u00c9MONIE D\u2019OUVERTURE | FACE \u00c0 FACE (ENEMY TO GO) - Festival International Du Film Pan Africain | Cannes\" \/>\n<meta property=\"og:description\" content=\"R\u00e9alisateur(trice)\/Director: Jepht\u00e9 Bastien\u00a0 Dur\u00e9e\/Length: 01:41:06\u00a0 Genre: Long m\u00e9trage\u2014Fiction Origine: Canada &nbsp; Se d\u00e9roulant dans le Montr\u00e9al contemporain, Face \u00e0 Face [&hellip;]\" \/>\n<meta property=\"og:url\" content=\"https:\/\/fifp.fr\/en\/events\/ceremonie-douverture-face-a-face-enemy-to-go\/\" \/>\n<meta property=\"og:site_name\" content=\"Festival International Du Film Pan Africain | Cannes\" \/>\n<meta property=\"article:modified_time\" content=\"2026-09-02T15:33:43+00:00\" \/>\n<meta property=\"og:image\" content=\"https:\/\/fifp.fr\/wp-content\/uploads\/2026\/09\/a298163394-poster.jpg\" \/>\n\t<meta property=\"og:image:width\" content=\"540\" \/>\n\t<meta property=\"og:image:height\" content=\"800\" \/>\n\t<meta property=\"og:image:type\" content=\"image\/jpeg\" \/>\n<meta name=\"twitter:card\" content=\"summary_large_image\" \/>\n<meta name=\"twitter:label1\" content=\"Est. reading time\" \/>\n\t<meta name=\"twitter:data1\" content=\"2 minutes\" \/>\n<script type=\"application\/ld+json\" class=\"yoast-schema-graph\">{\"@context\":\"https:\\\/\\\/schema.org\",\"@graph\":[{\"@type\":\"WebPage\",\"@id\":\"https:\\\/\\\/fifp.fr\\\/events\\\/ceremonie-douverture-face-a-face-enemy-to-go\\\/\",\"url\":\"https:\\\/\\\/fifp.fr\\\/events\\\/ceremonie-douverture-face-a-face-enemy-to-go\\\/\",\"name\":\"C\u00c9R\u00c9MONIE D\u2019OUVERTURE | FACE \u00c0 FACE (ENEMY TO GO) - Festival International Du Film Pan Africain | Cannes\",\"isPartOf\":{\"@id\":\"https:\\\/\\\/fifp.fr\\\/#website\"},\"primaryImageOfPage\":{\"@id\":\"https:\\\/\\\/fifp.fr\\\/events\\\/ceremonie-douverture-face-a-face-enemy-to-go\\\/#primaryimage\"},\"image\":{\"@id\":\"https:\\\/\\\/fifp.fr\\\/events\\\/ceremonie-douverture-face-a-face-enemy-to-go\\\/#primaryimage\"},\"thumbnailUrl\":\"https:\\\/\\\/fifp.fr\\\/wp-content\\\/uploads\\\/2026\\\/09\\\/a298163394-poster.jpg\",\"datePublished\":\"2026-09-02T15:33:08+00:00\",\"dateModified\":\"2026-09-02T15:33:43+00:00\",\"breadcrumb\":{\"@id\":\"https:\\\/\\\/fifp.fr\\\/events\\\/ceremonie-douverture-face-a-face-enemy-to-go\\\/#breadcrumb\"},\"inLanguage\":\"en-US\",\"potentialAction\":[{\"@type\":\"ReadAction\",\"target\":[\"https:\\\/\\\/fifp.fr\\\/events\\\/ceremonie-douverture-face-a-face-enemy-to-go\\\/\"]}]},{\"@type\":\"ImageObject\",\"inLanguage\":\"en-US\",\"@id\":\"https:\\\/\\\/fifp.fr\\\/events\\\/ceremonie-douverture-face-a-face-enemy-to-go\\\/#primaryimage\",\"url\":\"https:\\\/\\\/fifp.fr\\\/wp-content\\\/uploads\\\/2026\\\/09\\\/a298163394-poster.jpg\",\"contentUrl\":\"https:\\\/\\\/fifp.fr\\\/wp-content\\\/uploads\\\/2026\\\/09\\\/a298163394-poster.jpg\",\"width\":540,\"height\":800},{\"@type\":\"BreadcrumbList\",\"@id\":\"https:\\\/\\\/fifp.fr\\\/events\\\/ceremonie-douverture-face-a-face-enemy-to-go\\\/#breadcrumb\",\"itemListElement\":[{\"@type\":\"ListItem\",\"position\":1,\"name\":\"Festival Film Pan Africain De Cannes\",\"item\":\"https:\\\/\\\/fifp.fr\\\/\"},{\"@type\":\"ListItem\",\"position\":2,\"name\":\"\u00c9v\u00e9nements\",\"item\":\"https:\\\/\\\/fifp.fr\\\/events\\\/\"},{\"@type\":\"ListItem\",\"position\":3,\"name\":\"C\u00c9R\u00c9MONIE D\u2019OUVERTURE | FACE \u00c0 FACE (ENEMY TO GO)\"}]},{\"@type\":\"WebSite\",\"@id\":\"https:\\\/\\\/fifp.fr\\\/#website\",\"url\":\"https:\\\/\\\/fifp.fr\\\/\",\"name\":\"Festival International Du Film Pan Africain | Cannes\",\"description\":\"Au Coeur Du CInema &amp; Des Arts Pan Africain\",\"potentialAction\":[{\"@type\":\"SearchAction\",\"target\":{\"@type\":\"EntryPoint\",\"urlTemplate\":\"https:\\\/\\\/fifp.fr\\\/?s={search_term_string}\"},\"query-input\":{\"@type\":\"PropertyValueSpecification\",\"valueRequired\":true,\"valueName\":\"search_term_string\"}}],\"inLanguage\":\"en-US\"}]}<\/script>\n<!-- \/ Yoast SEO plugin. -->","yoast_head_json":{"title":"C\u00c9R\u00c9MONIE D\u2019OUVERTURE | FACE \u00c0 FACE (ENEMY TO GO) - Festival International Du Film Pan Africain | Cannes","robots":{"index":"index","follow":"follow","max-snippet":"max-snippet:-1","max-image-preview":"max-image-preview:large","max-video-preview":"max-video-preview:-1"},"canonical":"https:\/\/fifp.fr\/en\/events\/ceremonie-douverture-face-a-face-enemy-to-go\/","og_locale":"en_US","og_type":"article","og_title":"C\u00c9R\u00c9MONIE D\u2019OUVERTURE | FACE \u00c0 FACE (ENEMY TO GO) - Festival International Du Film Pan Africain | Cannes","og_description":"R\u00e9alisateur(trice)\/Director: Jepht\u00e9 Bastien\u00a0 Dur\u00e9e\/Length: 01:41:06\u00a0 Genre: Long m\u00e9trage\u2014Fiction Origine: Canada &nbsp; Se d\u00e9roulant dans le Montr\u00e9al contemporain, Face \u00e0 Face [&hellip;]","og_url":"https:\/\/fifp.fr\/en\/events\/ceremonie-douverture-face-a-face-enemy-to-go\/","og_site_name":"Festival International Du Film Pan Africain | Cannes","article_modified_time":"2026-09-02T15:33:43+00:00","og_image":[{"width":540,"height":800,"url":"https:\/\/fifp.fr\/wp-content\/uploads\/2026\/09\/a298163394-poster.jpg","type":"image\/jpeg"}],"twitter_card":"summary_large_image","twitter_misc":{"Est. reading time":"2 minutes"},"schema":{"@context":"https:\/\/schema.org","@graph":[{"@type":"WebPage","@id":"https:\/\/fifp.fr\/events\/ceremonie-douverture-face-a-face-enemy-to-go\/","url":"https:\/\/fifp.fr\/events\/ceremonie-douverture-face-a-face-enemy-to-go\/","name":"C\u00c9R\u00c9MONIE D\u2019OUVERTURE | FACE \u00c0 FACE (ENEMY TO GO) - Festival International Du Film Pan Africain | Cannes","isPartOf":{"@id":"https:\/\/fifp.fr\/#website"},"primaryImageOfPage":{"@id":"https:\/\/fifp.fr\/events\/ceremonie-douverture-face-a-face-enemy-to-go\/#primaryimage"},"image":{"@id":"https:\/\/fifp.fr\/events\/ceremonie-douverture-face-a-face-enemy-to-go\/#primaryimage"},"thumbnailUrl":"https:\/\/fifp.fr\/wp-content\/uploads\/2026\/09\/a298163394-poster.jpg","datePublished":"2026-09-02T15:33:08+00:00","dateModified":"2026-09-02T15:33:43+00:00","breadcrumb":{"@id":"https:\/\/fifp.fr\/events\/ceremonie-douverture-face-a-face-enemy-to-go\/#breadcrumb"},"inLanguage":"en-US","potentialAction":[{"@type":"ReadAction","target":["https:\/\/fifp.fr\/events\/ceremonie-douverture-face-a-face-enemy-to-go\/"]}]},{"@type":"ImageObject","inLanguage":"en-US","@id":"https:\/\/fifp.fr\/events\/ceremonie-douverture-face-a-face-enemy-to-go\/#primaryimage","url":"https:\/\/fifp.fr\/wp-content\/uploads\/2026\/09\/a298163394-poster.jpg","contentUrl":"https:\/\/fifp.fr\/wp-content\/uploads\/2026\/09\/a298163394-poster.jpg","width":540,"height":800},{"@type":"BreadcrumbList","@id":"https:\/\/fifp.fr\/events\/ceremonie-douverture-face-a-face-enemy-to-go\/#breadcrumb","itemListElement":[{"@type":"ListItem","position":1,"name":"Festival Film Pan Africain De Cannes","item":"https:\/\/fifp.fr\/"},{"@type":"ListItem","position":2,"name":"\u00c9v\u00e9nements","item":"https:\/\/fifp.fr\/events\/"},{"@type":"ListItem","position":3,"name":"C\u00c9R\u00c9MONIE D\u2019OUVERTURE | FACE \u00c0 FACE (ENEMY TO GO)"}]},{"@type":"WebSite","@id":"https:\/\/fifp.fr\/#website","url":"https:\/\/fifp.fr\/","name":"Festival International Du Film Pan Africain | Cannes","description":"Au Coeur Du CInema &amp; Des Arts Pan Africain","potentialAction":[{"@type":"SearchAction","target":{"@type":"EntryPoint","urlTemplate":"https:\/\/fifp.fr\/?s={search_term_string}"},"query-input":{"@type":"PropertyValueSpecification","valueRequired":true,"valueName":"search_term_string"}}],"inLanguage":"en-US"}]}},"_links":{"self":[{"href":"https:\/\/fifp.fr\/en\/wp-json\/wp\/v2\/mec-events\/113650","targetHints":{"allow":["GET"]}}],"collection":[{"href":"https:\/\/fifp.fr\/en\/wp-json\/wp\/v2\/mec-events"}],"about":[{"href":"https:\/\/fifp.fr\/en\/wp-json\/wp\/v2\/types\/mec-events"}],"author":[{"embeddable":true,"href":"https:\/\/fifp.fr\/en\/wp-json\/wp\/v2\/users\/2"}],"replies":[{"embeddable":true,"href":"https:\/\/fifp.fr\/en\/wp-json\/wp\/v2\/comments?post=113650"}],"wp:featuredmedia":[{"embeddable":true,"href":"https:\/\/fifp.fr\/en\/wp-json\/wp\/v2\/media\/113651"}],"wp:attachment":[{"href":"https:\/\/fifp.fr\/en\/wp-json\/wp\/v2\/media?parent=113650"}],"wp:term":[{"taxonomy":"post_tag","embeddable":true,"href":"https:\/\/fifp.fr\/en\/wp-json\/wp\/v2\/tags?post=113650"},{"taxonomy":"mec_category","embeddable":true,"href":"https:\/\/fifp.fr\/en\/wp-json\/wp\/v2\/mec_category?post=113650"},{"taxonomy":"mec_speaker","embeddable":true,"href":"https:\/\/fifp.fr\/en\/wp-json\/wp\/v2\/mec_speaker?post=113650"}],"curies":[{"name":"wp","href":"https:\/\/api.w.org\/{rel}","templated":true}]}}

CÉRÉMONIE D’OUVERTURE | FACE À FACE (ENEMY TO GO)

<p><span style="font-weight: 400;">Réalisateur(trice)/Director: Jephté Bastien </span></p>
<p><span style="font-weight: 400;">Durée/Length: 01:41:06 </span></p>
<p><span style="font-weight: 400;">Genre: Long métrage—Fiction</span></p>
<p><span style="font-weight: 400;">Origine: Canada</span></p>
<p>&nbsp;</p>
<p><span style="font-weight: 400;">Se déroulant dans le Montréal contemporain, Face à Face suit Will, un jeune hockeyeur talentueux à l’aube de la gloire, dont l’avenir est menacé par le racisme systémique et les violences policières. Alors que son frère Jack lutte pour le protéger des forces qui se referment sur lui, des policiers corrompus, la violence institutionnelle et un système judiciaire conçu pour les briser, Jack doit décider s’il va garder le silence ou faire entendre sa voix. Alliant réalisme social et urgence viscérale, Face à Face est un portrait puissant de la résistance, de l’amour et de la survie dans un monde où le simple fait d’exister dans un corps noir peut être considéré comme un crime.</span></p>
<p><span style="color: #0000ff;">Important : Film sous-titré en français</span></p>
<p><span style="color: #0000ff;"><i>Important : film in English</i></span></p>
<p><i><span style="font-weight: 400;">Set in contemporary Montréal, Enemy to Go follows Will, a gifted young hockey player on the verge of greatness, whose future is jeopardized by systemic racism and police brutality. As his brother Jack struggles to protect him from the forces closing in—corrupt officers, institutional violence, and a justice system designed to break them—Jack must decide whether to remain silent or reclaim his voice. Blending social realism with visceral urgency, Enemy to Go is a powerful portrait of resistance, love, and survival in a world where simply existing in a Black body can be a crime.</span></i></p>
<p><br style="font-weight: 400;" /><br style="font-weight: 400;" /></p>

<p>Réalisateur(trice)/Director: Jephté Bastien  Durée/Length: 01:41:06  Genre: Long métrage—Fiction Origine: Canada &nbsp; Se déroulant dans le Montréal contemporain, Face à Face [&hellip;]</p>

<!-- This site is optimized with the Yoast SEO plugin v28.4 - https://yoast.com/product/yoast-seo-wordpress/ -->
<title>CÉRÉMONIE D’OUVERTURE | FACE À FACE (ENEMY TO GO) - Festival International Du Film Pan Africain | Cannes</title>
<meta name="robots" content="index, follow, max-snippet:-1, max-image-preview:large, max-video-preview:-1" />
<link rel="canonical" href="https://fifp.fr/en/events/ceremonie-douverture-face-a-face-enemy-to-go/" />
<meta property="og:locale" content="en_US" />
<meta property="og:type" content="article" />
<meta property="og:title" content="CÉRÉMONIE D’OUVERTURE | FACE À FACE (ENEMY TO GO) - Festival International Du Film Pan Africain | Cannes" />
<meta property="og:description" content="Réalisateur(trice)/Director: Jephté Bastien  Durée/Length: 01:41:06  Genre: Long métrage—Fiction Origine: Canada &nbsp; Se déroulant dans le Montréal contemporain, Face à Face [&hellip;]" />
<meta property="og:url" content="https://fifp.fr/en/events/ceremonie-douverture-face-a-face-enemy-to-go/" />
<meta property="og:site_name" content="Festival International Du Film Pan Africain | Cannes" />
<meta property="article:modified_time" content="2026-09-02T15:33:43+00:00" />
<meta property="og:image" content="https://fifp.fr/wp-content/uploads/2026/09/a298163394-poster.jpg" />
	<meta property="og:image:width" content="540" />
	<meta property="og:image:height" content="800" />
	<meta property="og:image:type" content="image/jpeg" />
<meta name="twitter:card" content="summary_large_image" />
<meta name="twitter:label1" content="Est. reading time" />
	<meta name="twitter:data1" content="2 minutes" />
<script type="application/ld+json" class="yoast-schema-graph">{"@context":"https:\/\/schema.org","@graph":[{"@type":"WebPage","@id":"https:\/\/fifp.fr\/events\/ceremonie-douverture-face-a-face-enemy-to-go\/","url":"https:\/\/fifp.fr\/events\/ceremonie-douverture-face-a-face-enemy-to-go\/","name":"CÉRÉMONIE D’OUVERTURE | FACE À FACE (ENEMY TO GO) - Festival International Du Film Pan Africain | Cannes","isPartOf":{"@id":"https:\/\/fifp.fr\/#website"},"primaryImageOfPage":{"@id":"https:\/\/fifp.fr\/events\/ceremonie-douverture-face-a-face-enemy-to-go\/#primaryimage"},"image":{"@id":"https:\/\/fifp.fr\/events\/ceremonie-douverture-face-a-face-enemy-to-go\/#primaryimage"},"thumbnailUrl":"https:\/\/fifp.fr\/wp-content\/uploads\/2026\/09\/a298163394-poster.jpg","datePublished":"2026-09-02T15:33:08+00:00","dateModified":"2026-09-02T15:33:43+00:00","breadcrumb":{"@id":"https:\/\/fifp.fr\/events\/ceremonie-douverture-face-a-face-enemy-to-go\/#breadcrumb"},"inLanguage":"en-US","potentialAction":[{"@type":"ReadAction","target":["https:\/\/fifp.fr\/events\/ceremonie-douverture-face-a-face-enemy-to-go\/"]}]},{"@type":"ImageObject","inLanguage":"en-US","@id":"https:\/\/fifp.fr\/events\/ceremonie-douverture-face-a-face-enemy-to-go\/#primaryimage","url":"https:\/\/fifp.fr\/wp-content\/uploads\/2026\/09\/a298163394-poster.jpg","contentUrl":"https:\/\/fifp.fr\/wp-content\/uploads\/2026\/09\/a298163394-poster.jpg","width":540,"height":800},{"@type":"BreadcrumbList","@id":"https:\/\/fifp.fr\/events\/ceremonie-douverture-face-a-face-enemy-to-go\/#breadcrumb","itemListElement":[{"@type":"ListItem","position":1,"name":"Festival Film Pan Africain De Cannes","item":"https:\/\/fifp.fr\/"},{"@type":"ListItem","position":2,"name":"Événements","item":"https:\/\/fifp.fr\/events\/"},{"@type":"ListItem","position":3,"name":"CÉRÉMONIE D’OUVERTURE | FACE À FACE (ENEMY TO GO)"}]},{"@type":"WebSite","@id":"https:\/\/fifp.fr\/#website","url":"https:\/\/fifp.fr\/","name":"Festival International Du Film Pan Africain | Cannes","description":"Au Coeur Du CInema &amp; Des Arts Pan Africain","potentialAction":[{"@type":"SearchAction","target":{"@type":"EntryPoint","urlTemplate":"https:\/\/fifp.fr\/?s={search_term_string}"},"query-input":{"@type":"PropertyValueSpecification","valueRequired":true,"valueName":"search_term_string"}}],"inLanguage":"en-US"}]}</script>
<!-- / Yoast SEO plugin. -->

CÉRÉMONIE D’OUVERTURE | FACE À FACE (ENEMY TO GO) - Festival International Du Film Pan Africain | Cannes

Réalisateur(trice)/Director: Jephté Bastien  Durée/Length: 01:41:06  Genre: Long métrage—Fiction Origine: Canada &nbsp; Se déroulant dans le Montréal contemporain, Face à Face [&hellip;]

Événements
