{"id":51720,"date":"2017-03-05T19:50:05","date_gmt":"2017-03-05T18:50:05","guid":{"rendered":"http:\/\/fifp.fr\/?post_type=portfolio&#038;p=51720"},"modified":"2017-03-30T15:43:32","modified_gmt":"2017-03-30T14:43:32","slug":"momar-gaye","status":"publish","type":"portfolio","link":"https:\/\/fifp.fr\/en\/portfolio\/momar-gaye\/","title":{"rendered":"MOMAR GAYE"},"content":{"rendered":"<p>&nbsp;<\/p>\n<h3><span class=\"font-377884\">EXPERIENCES<\/span><\/h3>\n<p>Depuis des ann\u00e9es, Momar Gaye s&rsquo;attache \u00e0 partager, avec les enfants, avec les plus grands aussi, la richesse de l&rsquo;Afrique. C&rsquo;est un homme de partage, il tend toujours ses bras, convaincu que d&rsquo;autres vont les saisir et former avec lui, une belle cha\u00eene humaine ! Mais la premi\u00e8re impression que donne Momar, c&rsquo;est d&rsquo;abord sa bonne humeur, qu&rsquo;il communique \u00e0 tout ceux qui l&rsquo;approchent.<\/p>\n<p>Momar, un conteur g\u00e9nial, un Africain qui veut voir briller son continent, par l&rsquo;action de ses fils et de ses filles.<\/p>\n<p>Les enfants des \u00e9tablissements scolaires que Momar visite sont parfois si reconnaissants d&rsquo;avoir v\u00e9cu un moment magique qu&rsquo;ils font parfois au conteur des cadeaux pr\u00e9cieux.<\/p>\n<p>&nbsp;<\/p>\n<h3><span class=\"font-377884\"><strong>INTERVIEW POUR MIEUX CONNAITRE MOMAR<\/strong><\/span><\/h3>\n<p>&#8211; <em>Momar,\u00a0as-tu le sentiment de repr\u00e9senter quelque chose ?<\/em><\/p>\n<p>&#8211; Oui, je me vois comme un ambassadeur des cultures africaines, je propose\u00a0\u00e0 mes auditeurs\u00a0un programme sur la connaissance des cultures\u00a0 et des modes de vie des peuples du continent noir :\u00a0croyances, c\u00e9r\u00e9monies, f\u00eates, m\u00e9decine traditionnelle, symboles etc.<\/p>\n<p>&#8211; <em>Quel est ton public ?<\/em><\/p>\n<p>&#8211; Mes programmes s&rsquo;adressent \u00e0 tous : de deux \u00e0 cent ans, mais c&rsquo;est vrai que j&rsquo;ai longtemps travaill\u00e9 avec l&rsquo;Education nationale et je continue d&rsquo;ailleurs \u00e0 le faire. Les enseignants me faisaient venir pour des contes \u00e0 th\u00e8me. Le conte permet ainsi d&rsquo;aller \u00e0 la d\u00e9couverte du monde, ce sont des le\u00e7ons de vie qu&rsquo;il nous d\u00e9livre, depuis la nuit des temps. Les textes sacr\u00e9s, par exemple,\u00a0fournissent de la mati\u00e8re pour les contes. Par exemple,\u00a0dans l&rsquo;histoire de Ca\u00efn et Abel, apr\u00e8s son forfait, Ca\u00efn a l&rsquo;impression d&rsquo;avoir un oeil braqu\u00e9 sur lui, cet oeil, c&rsquo;est la conscience, c&rsquo;est un conte sur la conscience. L&rsquo;histoire de David et Goliath, elle, est une le\u00e7on sur le combat de la force contre la malice. Les contes, dans toutes les civilisations, nous enseignent la vie.<\/p>\n<p>&#8211; <em>Quelle est la r\u00e9action des gens lorsqu&rsquo;ils t&rsquo;\u00e9coutent ?<\/em><\/p>\n<p>&#8211; Ils sont \u00e9merveill\u00e9s, et je suis \u00e9merveill\u00e9 par leur \u00e9merveillement. En fait je d\u00e9couvre l&rsquo;Afrique \u00e0 travers ce que je fais. Ce qui est merveilleux avec les enfants, c&rsquo;est que le message passe, ils r\u00e9agissent tout de suite, ils en parlent autour d&rsquo;eux, tandis qu&rsquo;avec les adultes, le partage n&rsquo;est pas automatique, c&rsquo;est par les enfants que la transmission se fait&#8230;<\/p>\n<p>&#8211; <em>Tu as de longues ann\u00e9es d&rsquo;exp\u00e9rience derri\u00e8re toi, as-tu un regret, ou plut\u00f4t un voeu \u00e0 formuler ?<\/em><\/p>\n<p>&#8211; Je trouve dommage qu&rsquo;il n&rsquo;y ait pas plus d&rsquo;Africains qui participent \u00e0 faire conna\u00eetre le continent, \u00e0 montrer cette\u00a0richesse de l&rsquo;Afrique, car il n&rsquo;y a pas que les diamants, l&rsquo;or, l&rsquo;argent etc, en Afrique, il y a aussi la connaissance, la culture, qui est une bien plus grande richesse, et \u00e0 laquelle on semble moins pr\u00eater attention. J&rsquo;esp\u00e8re que l&rsquo;\u00e9veil, qui semble se manifester de nos jours, va se poursuivre et s&rsquo;intensifier. Cette Afrique pleine de richesses culturelles ne peut exister que par l&rsquo;action de ses fils et de ses filles.<\/p>\n<p>&nbsp;<\/p>\n<p><span class=\"font-377884\">Source :\u00a0par <span class=\"articlecreator\">Kihindou \u00a0www.<\/span>valetsdeslivres.canalblog.com\/archives\/2013\/10\/08\/28176433.html\u00a0<\/span><\/p>","protected":false},"excerpt":{"rendered":"<p>Cela fait vingt ans que Momar s&rsquo;est install\u00e9 \u00e0 Mouans-Sartoux, et depuis plus longtemps encore qu&rsquo;il participe au salon du livre qui s&rsquo;y tient tous les ans et qui est devenu, dans la commune, l&rsquo;un des \u00e9v\u00e9nements incontournables de l&rsquo;ann\u00e9e. Pendant trois jours, des tentes sont dress\u00e9es dans le centre-ville : place aux livres, place \u00e0 la culture. Momar, lui, s\u00e9duit petits et grands par ses contes, mais ne vous y m\u00e9prenez pas, il ne propose pas que des contes d&rsquo;Afrique, il surprend \u00e9galement son auditoire en lui servant, \u00e0 la sauce africaine, des contes de France.<\/p>","protected":false},"author":2,"featured_media":0,"parent":0,"menu_order":0,"comment_status":"open","ping_status":"open","template":"","meta":{"footnotes":""},"portfolio_category":[],"class_list":["post-51720","portfolio","type-portfolio","status-publish","hentry"],"yoast_head":"<!-- This site is optimized with the Yoast SEO plugin v27.3 - https:\/\/yoast.com\/product\/yoast-seo-wordpress\/ -->\n<title>MOMAR GAYE - Festival International Du Film Pan Africain | Cannes<\/title>\n<meta name=\"robots\" content=\"index, follow, max-snippet:-1, max-image-preview:large, max-video-preview:-1\" \/>\n<link rel=\"canonical\" href=\"http:\/\/fifp.fr\/en\/portfolio\/momar-gaye\/\" \/>\n<meta property=\"og:locale\" content=\"en_US\" \/>\n<meta property=\"og:type\" content=\"article\" \/>\n<meta property=\"og:title\" content=\"MOMAR GAYE - Festival International Du Film Pan Africain | Cannes\" \/>\n<meta property=\"og:description\" content=\"Cela fait vingt ans que Momar s&#039;est install\u00e9 \u00e0 Mouans-Sartoux, et depuis plus longtemps encore qu&#039;il participe au salon du livre qui s&#039;y tient tous les ans et qui est devenu, dans la commune, l&#039;un des \u00e9v\u00e9nements incontournables de l&#039;ann\u00e9e. Pendant trois jours, des tentes sont dress\u00e9es dans le centre-ville : place aux livres, place \u00e0 la culture. Momar, lui, s\u00e9duit petits et grands par ses contes, mais ne vous y m\u00e9prenez pas, il ne propose pas que des contes d&#039;Afrique, il surprend \u00e9galement son auditoire en lui servant, \u00e0 la sauce africaine, des contes de France.\" \/>\n<meta property=\"og:url\" content=\"http:\/\/fifp.fr\/en\/portfolio\/momar-gaye\/\" \/>\n<meta property=\"og:site_name\" content=\"Festival International Du Film Pan Africain | Cannes\" \/>\n<meta property=\"article:modified_time\" content=\"2017-03-30T14:43:32+00:00\" \/>\n<meta name=\"twitter:card\" content=\"summary_large_image\" \/>\n<meta name=\"twitter:label1\" content=\"Est. reading time\" \/>\n\t<meta name=\"twitter:data1\" content=\"3 minutes\" \/>\n<script type=\"application\/ld+json\" class=\"yoast-schema-graph\">{\"@context\":\"https:\\\/\\\/schema.org\",\"@graph\":[{\"@type\":\"WebPage\",\"@id\":\"http:\\\/\\\/fifp.fr\\\/en\\\/portfolio\\\/momar-gaye\\\/\",\"url\":\"http:\\\/\\\/fifp.fr\\\/en\\\/portfolio\\\/momar-gaye\\\/\",\"name\":\"MOMAR GAYE - Festival International Du Film Pan Africain | Cannes\",\"isPartOf\":{\"@id\":\"https:\\\/\\\/fifp.fr\\\/#website\"},\"datePublished\":\"2017-03-05T18:50:05+00:00\",\"dateModified\":\"2017-03-30T14:43:32+00:00\",\"breadcrumb\":{\"@id\":\"http:\\\/\\\/fifp.fr\\\/en\\\/portfolio\\\/momar-gaye\\\/#breadcrumb\"},\"inLanguage\":\"en-US\",\"potentialAction\":[{\"@type\":\"ReadAction\",\"target\":[\"http:\\\/\\\/fifp.fr\\\/en\\\/portfolio\\\/momar-gaye\\\/\"]}]},{\"@type\":\"BreadcrumbList\",\"@id\":\"http:\\\/\\\/fifp.fr\\\/en\\\/portfolio\\\/momar-gaye\\\/#breadcrumb\",\"itemListElement\":[{\"@type\":\"ListItem\",\"position\":1,\"name\":\"Festival Film Pan Africain De Cannes\",\"item\":\"https:\\\/\\\/fifp.fr\\\/\"},{\"@type\":\"ListItem\",\"position\":2,\"name\":\"Portfolio\",\"item\":\"http:\\\/\\\/fifp.fr\\\/en\\\/portfolio\\\/\"},{\"@type\":\"ListItem\",\"position\":3,\"name\":\"MOMAR GAYE\"}]},{\"@type\":\"WebSite\",\"@id\":\"https:\\\/\\\/fifp.fr\\\/#website\",\"url\":\"https:\\\/\\\/fifp.fr\\\/\",\"name\":\"Festival International Du Film Pan Africain | Cannes\",\"description\":\"Au Coeur Du CInema &amp; Des Arts Pan Africain\",\"potentialAction\":[{\"@type\":\"SearchAction\",\"target\":{\"@type\":\"EntryPoint\",\"urlTemplate\":\"https:\\\/\\\/fifp.fr\\\/?s={search_term_string}\"},\"query-input\":{\"@type\":\"PropertyValueSpecification\",\"valueRequired\":true,\"valueName\":\"search_term_string\"}}],\"inLanguage\":\"en-US\"}]}<\/script>\n<!-- \/ Yoast SEO plugin. -->","yoast_head_json":{"title":"MOMAR GAYE - Festival International Du Film Pan Africain | Cannes","robots":{"index":"index","follow":"follow","max-snippet":"max-snippet:-1","max-image-preview":"max-image-preview:large","max-video-preview":"max-video-preview:-1"},"canonical":"http:\/\/fifp.fr\/en\/portfolio\/momar-gaye\/","og_locale":"en_US","og_type":"article","og_title":"MOMAR GAYE - Festival International Du Film Pan Africain | Cannes","og_description":"Cela fait vingt ans que Momar s'est install\u00e9 \u00e0 Mouans-Sartoux, et depuis plus longtemps encore qu'il participe au salon du livre qui s'y tient tous les ans et qui est devenu, dans la commune, l'un des \u00e9v\u00e9nements incontournables de l'ann\u00e9e. Pendant trois jours, des tentes sont dress\u00e9es dans le centre-ville : place aux livres, place \u00e0 la culture. Momar, lui, s\u00e9duit petits et grands par ses contes, mais ne vous y m\u00e9prenez pas, il ne propose pas que des contes d'Afrique, il surprend \u00e9galement son auditoire en lui servant, \u00e0 la sauce africaine, des contes de France.","og_url":"http:\/\/fifp.fr\/en\/portfolio\/momar-gaye\/","og_site_name":"Festival International Du Film Pan Africain | Cannes","article_modified_time":"2017-03-30T14:43:32+00:00","twitter_card":"summary_large_image","twitter_misc":{"Est. reading time":"3 minutes"},"schema":{"@context":"https:\/\/schema.org","@graph":[{"@type":"WebPage","@id":"http:\/\/fifp.fr\/en\/portfolio\/momar-gaye\/","url":"http:\/\/fifp.fr\/en\/portfolio\/momar-gaye\/","name":"MOMAR GAYE - Festival International Du Film Pan Africain | Cannes","isPartOf":{"@id":"https:\/\/fifp.fr\/#website"},"datePublished":"2017-03-05T18:50:05+00:00","dateModified":"2017-03-30T14:43:32+00:00","breadcrumb":{"@id":"http:\/\/fifp.fr\/en\/portfolio\/momar-gaye\/#breadcrumb"},"inLanguage":"en-US","potentialAction":[{"@type":"ReadAction","target":["http:\/\/fifp.fr\/en\/portfolio\/momar-gaye\/"]}]},{"@type":"BreadcrumbList","@id":"http:\/\/fifp.fr\/en\/portfolio\/momar-gaye\/#breadcrumb","itemListElement":[{"@type":"ListItem","position":1,"name":"Festival Film Pan Africain De Cannes","item":"https:\/\/fifp.fr\/"},{"@type":"ListItem","position":2,"name":"Portfolio","item":"http:\/\/fifp.fr\/en\/portfolio\/"},{"@type":"ListItem","position":3,"name":"MOMAR GAYE"}]},{"@type":"WebSite","@id":"https:\/\/fifp.fr\/#website","url":"https:\/\/fifp.fr\/","name":"Festival International Du Film Pan Africain | Cannes","description":"Au Coeur Du CInema &amp; Des Arts Pan Africain","potentialAction":[{"@type":"SearchAction","target":{"@type":"EntryPoint","urlTemplate":"https:\/\/fifp.fr\/?s={search_term_string}"},"query-input":{"@type":"PropertyValueSpecification","valueRequired":true,"valueName":"search_term_string"}}],"inLanguage":"en-US"}]}},"_links":{"self":[{"href":"https:\/\/fifp.fr\/en\/wp-json\/wp\/v2\/portfolio\/51720","targetHints":{"allow":["GET"]}}],"collection":[{"href":"https:\/\/fifp.fr\/en\/wp-json\/wp\/v2\/portfolio"}],"about":[{"href":"https:\/\/fifp.fr\/en\/wp-json\/wp\/v2\/types\/portfolio"}],"author":[{"embeddable":true,"href":"https:\/\/fifp.fr\/en\/wp-json\/wp\/v2\/users\/2"}],"replies":[{"embeddable":true,"href":"https:\/\/fifp.fr\/en\/wp-json\/wp\/v2\/comments?post=51720"}],"version-history":[{"count":0,"href":"https:\/\/fifp.fr\/en\/wp-json\/wp\/v2\/portfolio\/51720\/revisions"}],"wp:attachment":[{"href":"https:\/\/fifp.fr\/en\/wp-json\/wp\/v2\/media?parent=51720"}],"wp:term":[{"taxonomy":"portfolio_category","embeddable":true,"href":"https:\/\/fifp.fr\/en\/wp-json\/wp\/v2\/portfolio_category?post=51720"}],"curies":[{"name":"wp","href":"https:\/\/api.w.org\/{rel}","templated":true}]}}

<p>&nbsp;</p>
<h3><span class="font-377884">EXPERIENCES</span></h3>
<p>Depuis des années, Momar Gaye s&rsquo;attache à partager, avec les enfants, avec les plus grands aussi, la richesse de l&rsquo;Afrique. C&rsquo;est un homme de partage, il tend toujours ses bras, convaincu que d&rsquo;autres vont les saisir et former avec lui, une belle chaîne humaine ! Mais la première impression que donne Momar, c&rsquo;est d&rsquo;abord sa bonne humeur, qu&rsquo;il communique à tout ceux qui l&rsquo;approchent.</p>
<p>Momar, un conteur génial, un Africain qui veut voir briller son continent, par l&rsquo;action de ses fils et de ses filles.</p>
<p>Les enfants des établissements scolaires que Momar visite sont parfois si reconnaissants d&rsquo;avoir vécu un moment magique qu&rsquo;ils font parfois au conteur des cadeaux précieux.</p>
<p>&nbsp;</p>
<h3><span class="font-377884"><strong>INTERVIEW POUR MIEUX CONNAITRE MOMAR</strong></span></h3>
<p>&#8211; <em>Momar, as-tu le sentiment de représenter quelque chose ?</em></p>
<p>&#8211; Oui, je me vois comme un ambassadeur des cultures africaines, je propose à mes auditeurs un programme sur la connaissance des cultures  et des modes de vie des peuples du continent noir : croyances, cérémonies, fêtes, médecine traditionnelle, symboles etc.</p>
<p>&#8211; <em>Quel est ton public ?</em></p>
<p>&#8211; Mes programmes s&rsquo;adressent à tous : de deux à cent ans, mais c&rsquo;est vrai que j&rsquo;ai longtemps travaillé avec l&rsquo;Education nationale et je continue d&rsquo;ailleurs à le faire. Les enseignants me faisaient venir pour des contes à thème. Le conte permet ainsi d&rsquo;aller à la découverte du monde, ce sont des leçons de vie qu&rsquo;il nous délivre, depuis la nuit des temps. Les textes sacrés, par exemple, fournissent de la matière pour les contes. Par exemple, dans l&rsquo;histoire de Caïn et Abel, après son forfait, Caïn a l&rsquo;impression d&rsquo;avoir un oeil braqué sur lui, cet oeil, c&rsquo;est la conscience, c&rsquo;est un conte sur la conscience. L&rsquo;histoire de David et Goliath, elle, est une leçon sur le combat de la force contre la malice. Les contes, dans toutes les civilisations, nous enseignent la vie.</p>
<p>&#8211; <em>Quelle est la réaction des gens lorsqu&rsquo;ils t&rsquo;écoutent ?</em></p>
<p>&#8211; Ils sont émerveillés, et je suis émerveillé par leur émerveillement. En fait je découvre l&rsquo;Afrique à travers ce que je fais. Ce qui est merveilleux avec les enfants, c&rsquo;est que le message passe, ils réagissent tout de suite, ils en parlent autour d&rsquo;eux, tandis qu&rsquo;avec les adultes, le partage n&rsquo;est pas automatique, c&rsquo;est par les enfants que la transmission se fait&#8230;</p>
<p>&#8211; <em>Tu as de longues années d&rsquo;expérience derrière toi, as-tu un regret, ou plutôt un voeu à formuler ?</em></p>
<p>&#8211; Je trouve dommage qu&rsquo;il n&rsquo;y ait pas plus d&rsquo;Africains qui participent à faire connaître le continent, à montrer cette richesse de l&rsquo;Afrique, car il n&rsquo;y a pas que les diamants, l&rsquo;or, l&rsquo;argent etc, en Afrique, il y a aussi la connaissance, la culture, qui est une bien plus grande richesse, et à laquelle on semble moins prêter attention. J&rsquo;espère que l&rsquo;éveil, qui semble se manifester de nos jours, va se poursuivre et s&rsquo;intensifier. Cette Afrique pleine de richesses culturelles ne peut exister que par l&rsquo;action de ses fils et de ses filles.</p>
<p>&nbsp;</p>
<p><span class="font-377884">Source : par <span class="articlecreator">Kihindou  www.</span>valetsdeslivres.canalblog.com/archives/2013/10/08/28176433.html </span></p>

<p>Cela fait vingt ans que Momar s&rsquo;est installé à Mouans-Sartoux, et depuis plus longtemps encore qu&rsquo;il participe au salon du livre qui s&rsquo;y tient tous les ans et qui est devenu, dans la commune, l&rsquo;un des événements incontournables de l&rsquo;année. Pendant trois jours, des tentes sont dressées dans le centre-ville : place aux livres, place à la culture. Momar, lui, séduit petits et grands par ses contes, mais ne vous y méprenez pas, il ne propose pas que des contes d&rsquo;Afrique, il surprend également son auditoire en lui servant, à la sauce africaine, des contes de France.</p>

<!-- This site is optimized with the Yoast SEO plugin v27.3 - https://yoast.com/product/yoast-seo-wordpress/ -->
<title>MOMAR GAYE - Festival International Du Film Pan Africain | Cannes</title>
<meta name="robots" content="index, follow, max-snippet:-1, max-image-preview:large, max-video-preview:-1" />
<link rel="canonical" href="http://fifp.fr/en/portfolio/momar-gaye/" />
<meta property="og:locale" content="en_US" />
<meta property="og:type" content="article" />
<meta property="og:title" content="MOMAR GAYE - Festival International Du Film Pan Africain | Cannes" />
<meta property="og:description" content="Cela fait vingt ans que Momar s&#039;est installé à Mouans-Sartoux, et depuis plus longtemps encore qu&#039;il participe au salon du livre qui s&#039;y tient tous les ans et qui est devenu, dans la commune, l&#039;un des événements incontournables de l&#039;année. Pendant trois jours, des tentes sont dressées dans le centre-ville : place aux livres, place à la culture. Momar, lui, séduit petits et grands par ses contes, mais ne vous y méprenez pas, il ne propose pas que des contes d&#039;Afrique, il surprend également son auditoire en lui servant, à la sauce africaine, des contes de France." />
<meta property="og:url" content="http://fifp.fr/en/portfolio/momar-gaye/" />
<meta property="og:site_name" content="Festival International Du Film Pan Africain | Cannes" />
<meta property="article:modified_time" content="2017-03-30T14:43:32+00:00" />
<meta name="twitter:card" content="summary_large_image" />
<meta name="twitter:label1" content="Est. reading time" />
	<meta name="twitter:data1" content="3 minutes" />
<script type="application/ld+json" class="yoast-schema-graph">{"@context":"https:\/\/schema.org","@graph":[{"@type":"WebPage","@id":"http:\/\/fifp.fr\/en\/portfolio\/momar-gaye\/","url":"http:\/\/fifp.fr\/en\/portfolio\/momar-gaye\/","name":"MOMAR GAYE - Festival International Du Film Pan Africain | Cannes","isPartOf":{"@id":"https:\/\/fifp.fr\/#website"},"datePublished":"2017-03-05T18:50:05+00:00","dateModified":"2017-03-30T14:43:32+00:00","breadcrumb":{"@id":"http:\/\/fifp.fr\/en\/portfolio\/momar-gaye\/#breadcrumb"},"inLanguage":"en-US","potentialAction":[{"@type":"ReadAction","target":["http:\/\/fifp.fr\/en\/portfolio\/momar-gaye\/"]}]},{"@type":"BreadcrumbList","@id":"http:\/\/fifp.fr\/en\/portfolio\/momar-gaye\/#breadcrumb","itemListElement":[{"@type":"ListItem","position":1,"name":"Festival Film Pan Africain De Cannes","item":"https:\/\/fifp.fr\/"},{"@type":"ListItem","position":2,"name":"Portfolio","item":"http:\/\/fifp.fr\/en\/portfolio\/"},{"@type":"ListItem","position":3,"name":"MOMAR GAYE"}]},{"@type":"WebSite","@id":"https:\/\/fifp.fr\/#website","url":"https:\/\/fifp.fr\/","name":"Festival International Du Film Pan Africain | Cannes","description":"Au Coeur Du CInema &amp; Des Arts Pan Africain","potentialAction":[{"@type":"SearchAction","target":{"@type":"EntryPoint","urlTemplate":"https:\/\/fifp.fr\/?s={search_term_string}"},"query-input":{"@type":"PropertyValueSpecification","valueRequired":true,"valueName":"search_term_string"}}],"inLanguage":"en-US"}]}</script>
<!-- / Yoast SEO plugin. -->

Cela fait vingt ans que Momar s'est installé à Mouans-Sartoux, et depuis plus longtemps encore qu'il participe au salon du livre qui s'y tient tous les ans et qui est devenu, dans la commune, l'un des événements incontournables de l'année. Pendant trois jours, des tentes sont dressées dans le centre-ville : place aux livres, place à la culture. Momar, lui, séduit petits et grands par ses contes, mais ne vous y méprenez pas, il ne propose pas que des contes d'Afrique, il surprend également son auditoire en lui servant, à la sauce africaine, des contes de France.
