{"id":53612,"date":"2018-04-04T19:54:38","date_gmt":"2018-04-04T18:54:38","guid":{"rendered":"http:\/\/fifp.fr\/?post_type=portfolio&#038;p=53612"},"modified":"2018-04-04T19:54:38","modified_gmt":"2018-04-04T18:54:38","slug":"gerard-theobald","status":"publish","type":"portfolio","link":"https:\/\/fifp.fr\/en\/portfolio\/gerard-theobald\/","title":{"rendered":"G\u00e9rard Th\u00e9obald"},"content":{"rendered":"<p>Le r\u00e9alisateur et auteur G\u00e9rard Th\u00e9obald d\u00e9crit sa personne et son travail ainsi :<\/p>\n<p>\u00ab\u00a0Je suis un homme d\u2019origine, un intrus, une personne qui par sa m\u00e9moire, par son corps renvoie aux pr\u00e9ceptes amers du classement du genre humain, de la domination et de la violence. Mon travail est un refus permanent d\u2019inscrire et d\u2019installer l\u2019Autre dans une cat\u00e9gorie, voire dans une case et de l\u2019enfermer\u2026\u00a0\u00bb<\/p>\n<p>Il travaille sur les th\u00e8mes de la traite, l\u2019esclavage, la colonisation et la culture prol\u00e9taire et consacre son expression \u00e0 la promotion de la mixit\u00e9 entre personnes et du d\u00e9veloppement soci\u00e9tal par la culture et la diffusion des connaissances. La conjugaison de ces th\u00e8mes structure la m\u00e9moire des personnes h\u00e9riti\u00e8res des Codes noir et de l\u2019indig\u00e9nat. Cette m\u00e9moire a des synonymes : la n\u00e9gritude, la cr\u00e9olisation, la diversit\u00e9, l\u2019alt\u00e9rit\u00e9 aux fins de \u00ab vivre-ensemble \u00bb.<\/p>\n<p>Selon lui \u00ab\u00a0ces minorit\u00e9s\u00a0\u00bb pr\u00e9sentes en Europe ou en France sont \u00e0 l\u2019origine de la richesse du vieux continent ainsi que de sa modernit\u00e9 par l\u2019exploitation de leurs \u00eatres. Les h\u00e9ritiers existent au travers de cadres et sont r\u00e9duit \u00e0 des pr\u00e9jug\u00e9s, parfois \u00e0 une notion de \u00ab produits exotiques \u00bb voire \u00e0 une vision n\u00e9ocolonialiste de l\u2019individu. Souvent \u00e9labor\u00e9e \u00e0 partir des concepts de \u00ab mobilit\u00e9-\u00e9migration \u00bb et d\u2019\u00ab immigr\u00e9 \u00bb, cons\u00e9quent d&rsquo;un impens\u00e9 colonial et post-colonial qui exclut les repr\u00e9sentations mutuelles, l\u2019image a un contenu qui ni ne correspond ni ne convient aux personnes vis\u00e9es par ces concepts. Aussi, celles-ci sont d\u00e9poss\u00e9d\u00e9es de tout pouvoir et se sentent exclues d&rsquo;une notion, d\u2019une id\u00e9e, d&rsquo;une politique nationale ainsi que de ses propositions. Ce constat \u00e9loigne ce public h\u00e9ritier des pr\u00e9occupations sociales et collectives.<\/p>\n<p>En conclusion, il travaille sur les notions de l\u2019\u00ab Acquis \u00bb et \u00ab A acqu\u00e9rir \u00bb . l\u2019\u00ab Acquis \u00bb est ce qui est visible et connu de la soci\u00e9t\u00e9 qui se relate et se formule par le mot fameux du po\u00e8te Aim\u00e9 C\u00e9saire \u00ab Le n\u00e8gre vous emmerde \u00bb lequel fut utilis\u00e9 par le c\u00e9l\u00e8bre homme, pilier de la N\u00e9gritude, pour lutter contre le racisme et les discriminations. \u00ab A acqu\u00e9rir \u00bb est ce qui est de la philosophie et l\u2019avenir de la soci\u00e9t\u00e9 qui se relate et se formule par le vocable la \u00ab Diversit\u00e9 \u00bb qui symbolise la mixit\u00e9, l\u2019alt\u00e9rit\u00e9, le \u00ab vivre-ensemble \u00bb et le partage des cultures. L\u2019ensemble est une M\u00e9moire des h\u00e9ritiers des Codes noir et de l\u2019indig\u00e9nat\u2026<\/p>\n<p>Producteur-R\u00e9alisateur de nombreux documentaires sur le domaine social et politique et auteur d\u2019essais sur la n\u00e9gritude, G\u00e9rard Th\u00e9obald est fondateur du site Inversalis (www.inversalis.eu) qui traite de la diversit\u00e9 par la photo, le film et le texte.<br \/>\nAuteur-r\u00e9alisateur<\/p>\n<p>\u00ab Neg\u2019Bwa \u00bb, documentaire de 64 minutes sur la n\u00e9gritude et le comportement s\u00e9lectionn\u00e9 au FIPA<br \/>\nRetrouvez toutes ses productions sur : www.filmsdocumentaires.com<\/p>\n<p>PUBLICATIONS<\/p>\n<p>Retour au pays des rois n\u00e8gres, \u00e9d. la Perle noire, 2015<br \/>\nLa libert\u00e9 est ou n&rsquo;est pas&#8230; Selon Aim\u00e9 C\u00e9saire, \u00e9d. Publibook, 2014<br \/>\nDe l&rsquo;indig\u00e8ne \u00e0 l&rsquo;individu, au citoyen : m\u00e9moire d&rsquo;une diversit\u00e9, \u00e9d. Edilivres, 2013<br \/>\nLe fils du bourreau, \u00e9d. Edilivres, 2013<br \/>\nL\u2019abolition de l\u2019esclavage, utopie des soci\u00e9t\u00e9s modernes, \u00e9d. D\u00e9dicaces, 2012<br \/>\nLa crise de l&rsquo;outre-mer fran\u00e7ais: Guadeloupe, Martinique, R\u00e9union, auteurs. Suzanne Dracius, Jean-Fran\u00e7ois Samlong, G\u00e9rard Th\u00e9obald, \u00e9d. l&rsquo;Harmattan 2009<br \/>\nA venir :<\/p>\n<p>Publication : Tam-Tam, Troubadour et blanchitude, essai sur la M\u00e9moire partag\u00e9e\u2026<br \/>\nDocumentaire : M\u00e9moires de douleurs, Doudou ba mewen lanmou\u2026 ba mwen foss\u2026 \u00bb sur la violence en Outre-mer,<\/p>","protected":false},"excerpt":{"rendered":"<p>Le r\u00e9alisateur et auteur G\u00e9rard Th\u00e9obald d\u00e9crit sa personne et son travail ainsi : \u00ab\u00a0Je suis un homme d\u2019origine, un [&hellip;]<\/p>\n","protected":false},"author":2,"featured_media":0,"parent":0,"menu_order":0,"comment_status":"open","ping_status":"open","template":"","meta":{"footnotes":""},"portfolio_category":[230],"class_list":["post-53612","portfolio","type-portfolio","status-publish","hentry","portfolio_category-jury-2018"],"yoast_head":"<!-- This site is optimized with the Yoast SEO plugin v27.3 - https:\/\/yoast.com\/product\/yoast-seo-wordpress\/ -->\n<title>G\u00e9rard Th\u00e9obald - Festival International Du Film Pan Africain | Cannes<\/title>\n<meta name=\"robots\" content=\"index, follow, max-snippet:-1, max-image-preview:large, max-video-preview:-1\" \/>\n<link rel=\"canonical\" href=\"http:\/\/fifp.fr\/en\/portfolio\/gerard-theobald\/\" \/>\n<meta property=\"og:locale\" content=\"en_US\" \/>\n<meta property=\"og:type\" content=\"article\" \/>\n<meta property=\"og:title\" content=\"G\u00e9rard Th\u00e9obald - Festival International Du Film Pan Africain | Cannes\" \/>\n<meta property=\"og:description\" content=\"Le r\u00e9alisateur et auteur G\u00e9rard Th\u00e9obald d\u00e9crit sa personne et son travail ainsi : \u00ab\u00a0Je suis un homme d\u2019origine, un [&hellip;]\" \/>\n<meta property=\"og:url\" content=\"http:\/\/fifp.fr\/en\/portfolio\/gerard-theobald\/\" \/>\n<meta property=\"og:site_name\" content=\"Festival International Du Film Pan Africain | Cannes\" \/>\n<meta name=\"twitter:card\" content=\"summary_large_image\" \/>\n<meta name=\"twitter:label1\" content=\"Est. reading time\" \/>\n\t<meta name=\"twitter:data1\" content=\"3 minutes\" \/>\n<script type=\"application\/ld+json\" class=\"yoast-schema-graph\">{\"@context\":\"https:\\\/\\\/schema.org\",\"@graph\":[{\"@type\":\"WebPage\",\"@id\":\"http:\\\/\\\/fifp.fr\\\/en\\\/portfolio\\\/gerard-theobald\\\/\",\"url\":\"http:\\\/\\\/fifp.fr\\\/en\\\/portfolio\\\/gerard-theobald\\\/\",\"name\":\"G\u00e9rard Th\u00e9obald - Festival International Du Film Pan Africain | Cannes\",\"isPartOf\":{\"@id\":\"https:\\\/\\\/fifp.fr\\\/#website\"},\"datePublished\":\"2018-04-04T18:54:38+00:00\",\"breadcrumb\":{\"@id\":\"http:\\\/\\\/fifp.fr\\\/en\\\/portfolio\\\/gerard-theobald\\\/#breadcrumb\"},\"inLanguage\":\"en-US\",\"potentialAction\":[{\"@type\":\"ReadAction\",\"target\":[\"http:\\\/\\\/fifp.fr\\\/en\\\/portfolio\\\/gerard-theobald\\\/\"]}]},{\"@type\":\"BreadcrumbList\",\"@id\":\"http:\\\/\\\/fifp.fr\\\/en\\\/portfolio\\\/gerard-theobald\\\/#breadcrumb\",\"itemListElement\":[{\"@type\":\"ListItem\",\"position\":1,\"name\":\"Festival Film Pan Africain De Cannes\",\"item\":\"https:\\\/\\\/fifp.fr\\\/\"},{\"@type\":\"ListItem\",\"position\":2,\"name\":\"Portfolio\",\"item\":\"http:\\\/\\\/fifp.fr\\\/en\\\/portfolio\\\/\"},{\"@type\":\"ListItem\",\"position\":3,\"name\":\"G\u00e9rard Th\u00e9obald\"}]},{\"@type\":\"WebSite\",\"@id\":\"https:\\\/\\\/fifp.fr\\\/#website\",\"url\":\"https:\\\/\\\/fifp.fr\\\/\",\"name\":\"Festival International Du Film Pan Africain | Cannes\",\"description\":\"Au Coeur Du CInema &amp; Des Arts Pan Africain\",\"potentialAction\":[{\"@type\":\"SearchAction\",\"target\":{\"@type\":\"EntryPoint\",\"urlTemplate\":\"https:\\\/\\\/fifp.fr\\\/?s={search_term_string}\"},\"query-input\":{\"@type\":\"PropertyValueSpecification\",\"valueRequired\":true,\"valueName\":\"search_term_string\"}}],\"inLanguage\":\"en-US\"}]}<\/script>\n<!-- \/ Yoast SEO plugin. -->","yoast_head_json":{"title":"G\u00e9rard Th\u00e9obald - Festival International Du Film Pan Africain | Cannes","robots":{"index":"index","follow":"follow","max-snippet":"max-snippet:-1","max-image-preview":"max-image-preview:large","max-video-preview":"max-video-preview:-1"},"canonical":"http:\/\/fifp.fr\/en\/portfolio\/gerard-theobald\/","og_locale":"en_US","og_type":"article","og_title":"G\u00e9rard Th\u00e9obald - Festival International Du Film Pan Africain | Cannes","og_description":"Le r\u00e9alisateur et auteur G\u00e9rard Th\u00e9obald d\u00e9crit sa personne et son travail ainsi : \u00ab\u00a0Je suis un homme d\u2019origine, un [&hellip;]","og_url":"http:\/\/fifp.fr\/en\/portfolio\/gerard-theobald\/","og_site_name":"Festival International Du Film Pan Africain | Cannes","twitter_card":"summary_large_image","twitter_misc":{"Est. reading time":"3 minutes"},"schema":{"@context":"https:\/\/schema.org","@graph":[{"@type":"WebPage","@id":"http:\/\/fifp.fr\/en\/portfolio\/gerard-theobald\/","url":"http:\/\/fifp.fr\/en\/portfolio\/gerard-theobald\/","name":"G\u00e9rard Th\u00e9obald - Festival International Du Film Pan Africain | Cannes","isPartOf":{"@id":"https:\/\/fifp.fr\/#website"},"datePublished":"2018-04-04T18:54:38+00:00","breadcrumb":{"@id":"http:\/\/fifp.fr\/en\/portfolio\/gerard-theobald\/#breadcrumb"},"inLanguage":"en-US","potentialAction":[{"@type":"ReadAction","target":["http:\/\/fifp.fr\/en\/portfolio\/gerard-theobald\/"]}]},{"@type":"BreadcrumbList","@id":"http:\/\/fifp.fr\/en\/portfolio\/gerard-theobald\/#breadcrumb","itemListElement":[{"@type":"ListItem","position":1,"name":"Festival Film Pan Africain De Cannes","item":"https:\/\/fifp.fr\/"},{"@type":"ListItem","position":2,"name":"Portfolio","item":"http:\/\/fifp.fr\/en\/portfolio\/"},{"@type":"ListItem","position":3,"name":"G\u00e9rard Th\u00e9obald"}]},{"@type":"WebSite","@id":"https:\/\/fifp.fr\/#website","url":"https:\/\/fifp.fr\/","name":"Festival International Du Film Pan Africain | Cannes","description":"Au Coeur Du CInema &amp; Des Arts Pan Africain","potentialAction":[{"@type":"SearchAction","target":{"@type":"EntryPoint","urlTemplate":"https:\/\/fifp.fr\/?s={search_term_string}"},"query-input":{"@type":"PropertyValueSpecification","valueRequired":true,"valueName":"search_term_string"}}],"inLanguage":"en-US"}]}},"_links":{"self":[{"href":"https:\/\/fifp.fr\/en\/wp-json\/wp\/v2\/portfolio\/53612","targetHints":{"allow":["GET"]}}],"collection":[{"href":"https:\/\/fifp.fr\/en\/wp-json\/wp\/v2\/portfolio"}],"about":[{"href":"https:\/\/fifp.fr\/en\/wp-json\/wp\/v2\/types\/portfolio"}],"author":[{"embeddable":true,"href":"https:\/\/fifp.fr\/en\/wp-json\/wp\/v2\/users\/2"}],"replies":[{"embeddable":true,"href":"https:\/\/fifp.fr\/en\/wp-json\/wp\/v2\/comments?post=53612"}],"version-history":[{"count":0,"href":"https:\/\/fifp.fr\/en\/wp-json\/wp\/v2\/portfolio\/53612\/revisions"}],"wp:attachment":[{"href":"https:\/\/fifp.fr\/en\/wp-json\/wp\/v2\/media?parent=53612"}],"wp:term":[{"taxonomy":"portfolio_category","embeddable":true,"href":"https:\/\/fifp.fr\/en\/wp-json\/wp\/v2\/portfolio_category?post=53612"}],"curies":[{"name":"wp","href":"https:\/\/api.w.org\/{rel}","templated":true}]}}

Gérard Théobald

<p>Le réalisateur et auteur Gérard Théobald décrit sa personne et son travail ainsi :</p>
<p>« Je suis un homme d’origine, un intrus, une personne qui par sa mémoire, par son corps renvoie aux préceptes amers du classement du genre humain, de la domination et de la violence. Mon travail est un refus permanent d’inscrire et d’installer l’Autre dans une catégorie, voire dans une case et de l’enfermer… »</p>
<p>Il travaille sur les thèmes de la traite, l’esclavage, la colonisation et la culture prolétaire et consacre son expression à la promotion de la mixité entre personnes et du développement sociétal par la culture et la diffusion des connaissances. La conjugaison de ces thèmes structure la mémoire des personnes héritières des Codes noir et de l’indigénat. Cette mémoire a des synonymes : la négritude, la créolisation, la diversité, l’altérité aux fins de « vivre-ensemble ».</p>
<p>Selon lui « ces minorités » présentes en Europe ou en France sont à l’origine de la richesse du vieux continent ainsi que de sa modernité par l’exploitation de leurs êtres. Les héritiers existent au travers de cadres et sont réduit à des préjugés, parfois à une notion de « produits exotiques » voire à une vision néocolonialiste de l’individu. Souvent élaborée à partir des concepts de « mobilité-émigration » et d’« immigré », conséquent d&rsquo;un impensé colonial et post-colonial qui exclut les représentations mutuelles, l’image a un contenu qui ni ne correspond ni ne convient aux personnes visées par ces concepts. Aussi, celles-ci sont dépossédées de tout pouvoir et se sentent exclues d&rsquo;une notion, d’une idée, d&rsquo;une politique nationale ainsi que de ses propositions. Ce constat éloigne ce public héritier des préoccupations sociales et collectives.</p>
<p>En conclusion, il travaille sur les notions de l’« Acquis » et « A acquérir » . l’« Acquis » est ce qui est visible et connu de la société qui se relate et se formule par le mot fameux du poète Aimé Césaire « Le nègre vous emmerde » lequel fut utilisé par le célèbre homme, pilier de la Négritude, pour lutter contre le racisme et les discriminations. « A acquérir » est ce qui est de la philosophie et l’avenir de la société qui se relate et se formule par le vocable la « Diversité » qui symbolise la mixité, l’altérité, le « vivre-ensemble » et le partage des cultures. L’ensemble est une Mémoire des héritiers des Codes noir et de l’indigénat…</p>
<p>Producteur-Réalisateur de nombreux documentaires sur le domaine social et politique et auteur d’essais sur la négritude, Gérard Théobald est fondateur du site Inversalis (www.inversalis.eu) qui traite de la diversité par la photo, le film et le texte.<br />
Auteur-réalisateur</p>
<p>« Neg’Bwa », documentaire de 64 minutes sur la négritude et le comportement sélectionné au FIPA<br />
Retrouvez toutes ses productions sur : www.filmsdocumentaires.com</p>
<p>PUBLICATIONS</p>
<p>Retour au pays des rois nègres, éd. la Perle noire, 2015<br />
La liberté est ou n&rsquo;est pas&#8230; Selon Aimé Césaire, éd. Publibook, 2014<br />
De l&rsquo;indigène à l&rsquo;individu, au citoyen : mémoire d&rsquo;une diversité, éd. Edilivres, 2013<br />
Le fils du bourreau, éd. Edilivres, 2013<br />
L’abolition de l’esclavage, utopie des sociétés modernes, éd. Dédicaces, 2012<br />
La crise de l&rsquo;outre-mer français: Guadeloupe, Martinique, Réunion, auteurs. Suzanne Dracius, Jean-François Samlong, Gérard Théobald, éd. l&rsquo;Harmattan 2009<br />
A venir :</p>
<p>Publication : Tam-Tam, Troubadour et blanchitude, essai sur la Mémoire partagée…<br />
Documentaire : Mémoires de douleurs, Doudou ba mewen lanmou… ba mwen foss… » sur la violence en Outre-mer,</p>

<p>Le réalisateur et auteur Gérard Théobald décrit sa personne et son travail ainsi : « Je suis un homme d’origine, un [&hellip;]</p>

<!-- This site is optimized with the Yoast SEO plugin v27.3 - https://yoast.com/product/yoast-seo-wordpress/ -->
<title>Gérard Théobald - Festival International Du Film Pan Africain | Cannes</title>
<meta name="robots" content="index, follow, max-snippet:-1, max-image-preview:large, max-video-preview:-1" />
<link rel="canonical" href="http://fifp.fr/en/portfolio/gerard-theobald/" />
<meta property="og:locale" content="en_US" />
<meta property="og:type" content="article" />
<meta property="og:title" content="Gérard Théobald - Festival International Du Film Pan Africain | Cannes" />
<meta property="og:description" content="Le réalisateur et auteur Gérard Théobald décrit sa personne et son travail ainsi : « Je suis un homme d’origine, un [&hellip;]" />
<meta property="og:url" content="http://fifp.fr/en/portfolio/gerard-theobald/" />
<meta property="og:site_name" content="Festival International Du Film Pan Africain | Cannes" />
<meta name="twitter:card" content="summary_large_image" />
<meta name="twitter:label1" content="Est. reading time" />
	<meta name="twitter:data1" content="3 minutes" />
<script type="application/ld+json" class="yoast-schema-graph">{"@context":"https:\/\/schema.org","@graph":[{"@type":"WebPage","@id":"http:\/\/fifp.fr\/en\/portfolio\/gerard-theobald\/","url":"http:\/\/fifp.fr\/en\/portfolio\/gerard-theobald\/","name":"Gérard Théobald - Festival International Du Film Pan Africain | Cannes","isPartOf":{"@id":"https:\/\/fifp.fr\/#website"},"datePublished":"2018-04-04T18:54:38+00:00","breadcrumb":{"@id":"http:\/\/fifp.fr\/en\/portfolio\/gerard-theobald\/#breadcrumb"},"inLanguage":"en-US","potentialAction":[{"@type":"ReadAction","target":["http:\/\/fifp.fr\/en\/portfolio\/gerard-theobald\/"]}]},{"@type":"BreadcrumbList","@id":"http:\/\/fifp.fr\/en\/portfolio\/gerard-theobald\/#breadcrumb","itemListElement":[{"@type":"ListItem","position":1,"name":"Festival Film Pan Africain De Cannes","item":"https:\/\/fifp.fr\/"},{"@type":"ListItem","position":2,"name":"Portfolio","item":"http:\/\/fifp.fr\/en\/portfolio\/"},{"@type":"ListItem","position":3,"name":"Gérard Théobald"}]},{"@type":"WebSite","@id":"https:\/\/fifp.fr\/#website","url":"https:\/\/fifp.fr\/","name":"Festival International Du Film Pan Africain | Cannes","description":"Au Coeur Du CInema &amp; Des Arts Pan Africain","potentialAction":[{"@type":"SearchAction","target":{"@type":"EntryPoint","urlTemplate":"https:\/\/fifp.fr\/?s={search_term_string}"},"query-input":{"@type":"PropertyValueSpecification","valueRequired":true,"valueName":"search_term_string"}}],"inLanguage":"en-US"}]}</script>
<!-- / Yoast SEO plugin. -->

Gérard Théobald - Festival International Du Film Pan Africain | Cannes

Le réalisateur et auteur Gérard Théobald décrit sa personne et son travail ainsi : « Je suis un homme d’origine, un [&hellip;]
